-- https://www.phpmyadmin.net/
--

START TRANSACTION;



-- --------------------------------------------------------

--
-- Table structure for table `black_list`
--

CREATE TABLE `black_list` (
  `id` int NOT NULL AUTO_INCREMENT,
  `info` varchar(20) CHARACTER SET utf8mb4 COLLATE utf8mb4_bin DEFAULT NULL
) ENGINE=InnoDB DEFAULT CHARSET=utf8mb4 COLLATE=utf8mb4_general_ci;

-- --------------------------------------------------------

--
-- Table structure for table `chats`
--

CREATE TABLE `chats` (
  `id` int NOT NULL AUTO_INCREMENT,
  `user_id` bigint NOT NULL,
  `create_date` int NOT NULL,
  `title` varchar(1000) CHARACTER SET utf8mb4 COLLATE utf8mb4_bin NOT NULL,
  `category` varchar(1000) CHARACTER SET utf8mb4 COLLATE utf8mb4_bin NOT NULL,
  `state` int NOT NULL,
  `rate` int NOT NULL
) ENGINE=InnoDB DEFAULT CHARSET=utf8mb4 COLLATE=utf8mb4_general_ci;

--
-- Dumping data for table `chats`
--

INSERT INTO `chats` (`id`, `user_id`, `create_date`, `title`, `category`, `state`, `rate`) VALUES
(1, 314872829, 1751745693, 'کیر من راست شده', 'شکایت', 2, 4);

-- --------------------------------------------------------

--
-- Table structure for table `chats_info`
--

CREATE TABLE `chats_info` (
  `id` int NOT NULL AUTO_INCREMENT,
  `chat_id` int NOT NULL,
  `sent_date` int NOT NULL,
  `msg_type` varchar(50) DEFAULT NULL,
  `text` varchar(2000) CHARACTER SET utf8mb4 COLLATE utf8mb4_bin NOT NULL
) ENGINE=InnoDB DEFAULT CHARSET=utf8mb4 COLLATE=utf8mb4_general_ci;

--
-- Dumping data for table `chats_info`
--

INSERT INTO `chats_info` (`id`, `chat_id`, `sent_date`, `msg_type`, `text`) VALUES
(1, 1, 1751745693, 'USER', 'کیر من راست نشده نمیخوابه میخوام بزارم لا پات'),
(2, 1, 1751748555, 'ADMIN', '😂'),
(3, 1, 1751748580, 'USER', 'خنده میکنی؟'),
(4, 1, 1751748608, 'ADMIN', 'هیه دا به');

-- --------------------------------------------------------

--
-- Table structure for table `discounts`
--

CREATE TABLE `discounts` (
  `id` int NOT NULL AUTO_INCREMENT,
  `hash_id` varchar(100) NOT NULL,
  `type` varchar(10) NOT NULL,
  `amount` int NOT NULL,
  `expire_date` int NOT NULL,
  `expire_count` int NOT NULL,
  `used_by` text,
  `can_use` int NOT NULL DEFAULT '1'
) ENGINE=InnoDB DEFAULT CHARSET=utf8mb4 COLLATE=utf8mb4_general_ci;

-- --------------------------------------------------------

--
-- Table structure for table `gift_list`
--

CREATE TABLE `gift_list` (
  `id` int NOT NULL AUTO_INCREMENT,
  `server_id` int NOT NULL,
  `volume` int NOT NULL,
  `day` int NOT NULL,
  `offset` int DEFAULT '0',
  `server_offset` int NOT NULL DEFAULT '0'
) ENGINE=InnoDB DEFAULT CHARSET=utf8mb4 COLLATE=utf8mb4_general_ci;

-- --------------------------------------------------------

--
-- Table structure for table `increase_day`
--

CREATE TABLE `increase_day` (
  `id` int NOT NULL AUTO_INCREMENT,
  `volume` float NOT NULL,
  `price` int NOT NULL
) ENGINE=InnoDB DEFAULT CHARSET=utf8mb4 COLLATE=utf8mb4_general_ci;

-- --------------------------------------------------------

--
-- Table structure for table `increase_order`
--

CREATE TABLE `increase_order` (
  `id` int NOT NULL AUTO_INCREMENT,
  `userid` varchar(30) NOT NULL,
  `server_id` int NOT NULL,
  `inbound_id` int NOT NULL,
  `remark` varchar(100) NOT NULL,
  `amount` int NOT NULL,
  `date` varchar(30) NOT NULL
) ENGINE=InnoDB DEFAULT CHARSET=utf8mb4 COLLATE=utf8mb4_general_ci;

--
-- Dumping data for table `increase_order`
--

INSERT INTO `increase_order` (`id`, `userid`, `server_id`, `inbound_id`, `remark`, `amount`, `date`) VALUES
(1, '712013808', 1, 8, 'Vip-User—-14913', 60000, '1757520542'),
(2, '712013808', 1, 8, 'NIC-VIP-User48', 60000, '1757850685'),
(3, '712013808', 1, 8, 'Vip-User—-48647', 60000, '1757957147'),
(4, '712013808', 1, 8, 'Vip-User—-96170', 60000, '1758383847'),
(5, '712013808', 1, 8, 'Vip-User—-72145', 60000, '1758960555'),
(6, '712013808', 1, 8, 'Vip-User—-69104', 60000, '1759403152'),
(7, '712013808', 1, 8, 'Vip-User—-21665', 60000, '1759669802'),
(8, '712013808', 1, 8, 'Vip-User—-48647', 60000, '1760602143'),
(9, '712013808', 1, 8, 'Vip-User—-72145', 60000, '1761559977'),
(10, '7404062632', 1, 11, 'Vip-User—-65365', 60000, '1761569268'),
(11, '712013808', 1, 11, 'Vip-User—-18845', 60000, '1761833038'),
(12, '458262492', 4, 21, 'Multi—-24434(📊30.01 GB - 30 GB|📆9.3)', 65000, '1762243411'),
(13, '712013808', 1, 8, 'Vip-User—-48647', 60000, '1763218456'),
(14, '712013808', 1, 11, 'Vip-User—-95001', 60000, '1763841773'),
(15, '712013808', 1, 11, 'Vip-User—-18845', 54000, '1764328067');

-- --------------------------------------------------------

--
-- Table structure for table `increase_plan`
--

CREATE TABLE `increase_plan` (
  `id` int NOT NULL AUTO_INCREMENT,
  `volume` float NOT NULL,
  `price` int NOT NULL
) ENGINE=InnoDB DEFAULT CHARSET=utf8mb4 COLLATE=utf8mb4_general_ci;

-- --------------------------------------------------------

--
-- Table structure for table `needed_sofwares`
--

CREATE TABLE `needed_sofwares` (
  `id` int NOT NULL AUTO_INCREMENT,
  `title` varchar(100) CHARACTER SET utf8mb4 COLLATE utf8mb4_bin NOT NULL,
  `link` varchar(250) NOT NULL,
  `status` int NOT NULL DEFAULT '1'
) ENGINE=InnoDB DEFAULT CHARSET=utf8mb4 COLLATE=utf8mb4_general_ci;

--
-- Dumping data for table `needed_sofwares`
--

INSERT INTO `needed_sofwares` (`id`, `title`, `link`, `status`) VALUES
(1, 'ios fair-vpn', 'https://apps.apple.com/us/app/fair-vpn/id1533873488', 1),
(2, 'ios napsternetv', 'https://apps.apple.com/us/app/napsternetv/id1629465476', 1),
(3, 'ios oneclick', 'https://apps.apple.com/us/app/id1545555197', 1),
(4, 'android v2rayng', 'https://play.google.com/store/apps/details?id=com.v2ray.ang&hl=en&gl=US', 1),
(5, 'android sagernet', 'https://play.google.com/store/apps/details?id=io.nekohasekai.sagernet&hl=de&gl=US', 1),
(6, 'android onclick', 'https://play.google.com/store/apps/details?id=earth.oneclick', 1),
(7, 'windows v2rayng', 'https://google.com', 1),
(8, 'mac fair', 'https://apps.apple.com/us/app/fair-vpn/id1533873488', 1);

-- --------------------------------------------------------

--
-- Table structure for table `pays`
--

CREATE TABLE `pays` (
  `id` int NOT NULL AUTO_INCREMENT,
  `hash_id` varchar(1000) NOT NULL,
  `description` varchar(5000) CHARACTER SET utf8mb4 COLLATE utf8mb4_bin DEFAULT NULL,
  `payid` varchar(500) DEFAULT NULL,
  `user_id` bigint NOT NULL,
  `type` varchar(100) DEFAULT NULL,
  `plan_id` int DEFAULT NULL,
  `volume` int DEFAULT NULL,
  `day` int DEFAULT NULL,
  `price` int NOT NULL,
  `tron_price` double(255,2) NOT NULL DEFAULT '0.00',
  `request_date` int NOT NULL,
  `state` varchar(255) NOT NULL,
  `agent_bought` int NOT NULL DEFAULT '0',
  `agent_count` int NOT NULL DEFAULT '0',
  `message_id` int DEFAULT NULL,
  `chat_id` varchar(500) DEFAULT NULL
) ENGINE=InnoDB DEFAULT CHARSET=utf8mb4 COLLATE=utf8mb4_general_ci;

--
-- Dumping data for table `pays`
--

INSERT INTO `pays` (`id`, `hash_id`, `description`, `payid`, `user_id`, `type`, `plan_id`, `volume`, `day`, `price`, `tron_price`, `request_date`, `state`, `agent_bought`, `agent_count`, `message_id`, `chat_id`) VALUES
(1, 'ZeQG61Pep', NULL, NULL, 484925112, 'INCREASE_WALLET', 0, 0, 0, 10000, 0.00, 1750944400, 'pending', 0, 0, NULL, NULL),
(2, 'ipjFJ9rvP', NULL, NULL, 1010740612, 'BUY_SUB', 1, 0, 0, 2000000, 0.00, 1751044464, 'pending', 1, 20, NULL, NULL),
(3, 'PoCUgVH5e', 'omid', NULL, 7404062632, 'BUY_SUB', 1, 0, 0, 60000, 0.00, 1751116885, 'paid_with_wallet', 1, 0, NULL, NULL),
(4, 'SBF4SFE1M', 'adel', NULL, 7404062632, 'BUY_SUB', 1, 0, 0, 60000, 0.00, 1751117264, 'paid_with_wallet', 1, 0, NULL, NULL),
(5, '1J3AglAKw', 'mobileomid1', NULL, 7404062632, 'BUY_SUB', 1, 0, 0, 60000, 0.00, 1751117369, 'paid_with_wallet', 1, 0, NULL, NULL),
(6, 'KZbABY42a', 'mobileomid2', NULL, 7404062632, 'BUY_SUB', 1, 0, 0, 60000, 0.00, 1751124171, 'paid_with_wallet', 1, 0, NULL, NULL),
(7, 'S8zbO4nb7', 'mobileomid3', NULL, 7404062632, 'BUY_SUB', 1, 0, 0, 60000, 0.00, 1751125172, 'paid_with_wallet', 1, 0, NULL, NULL),
(8, 'vMf9Iu1WH', 'mobileomid3', NULL, 7404062632, 'BUY_SUB', 1, 0, 0, 60000, 0.00, 1751125515, 'paid_with_wallet', 1, 0, NULL, NULL),
(9, 'dnDw34DTY', 'mobileomid4', NULL, 7404062632, 'BUY_SUB', 1, 0, 0, 60000, 0.00, 1751185241, 'paid_with_wallet', 1, 0, NULL, NULL),
(10, 'FXGb2GzfV', 'mobileomid5', NULL, 7404062632, 'BUY_SUB', 1, 0, 0, 60000, 0.00, 1751185423, 'paid_with_wallet', 1, 0, NULL, NULL),
(11, 'cstguwyKL', 'mobileomid6', NULL, 7404062632, 'BUY_SUB', 1, 0, 0, 60000, 0.00, 1751185482, 'paid_with_wallet', 1, 0, NULL, NULL),
(12, '7Sgaptwct', 'mobileomid6', NULL, 7404062632, 'BUY_SUB', 1, 0, 0, 60000, 0.00, 1751192460, 'paid_with_wallet', 1, 0, NULL, NULL),
(13, 'nKN3DiSdy', 'mobileomid6', NULL, 7404062632, 'BUY_SUB', 1, 0, 0, 60000, 0.00, 1751201939, 'paid_with_wallet', 1, 0, NULL, NULL),
(14, 'hYVpNsafU', 'mobileomid7', NULL, 7404062632, 'BUY_SUB', 1, 0, 0, 60000, 0.00, 1751216917, 'paid_with_wallet', 1, 0, NULL, NULL),
(16, '6GwrdyGCF', 'NIC-VIP-User1', NULL, 712013808, 'BUY_SUB', 1, 0, 0, 60000, 0.00, 1751227145, 'paid_with_wallet', 1, 0, NULL, NULL),
(17, 'avKyJrMHK', 'mobileomid8', NULL, 7404062632, 'BUY_SUB', 1, 0, 0, 60000, 0.00, 1751262986, 'paid_with_wallet', 1, 0, NULL, NULL),
(18, 'cGvkhr5Tm', 'mobileomid9', NULL, 7404062632, 'BUY_SUB', 1, 0, 0, 60000, 0.00, 1751266391, 'paid_with_wallet', 1, 0, NULL, NULL),
(19, 'eCYlsGXyI', 'mobileomid10', NULL, 7404062632, 'BUY_SUB', 1, 0, 0, 60000, 0.00, 1751266877, 'paid_with_wallet', 1, 0, NULL, NULL),
(20, 'CMcjgGl5g', 'mobileomid11', NULL, 7404062632, 'BUY_SUB', 1, 0, 0, 60000, 0.00, 1751273523, 'paid_with_wallet', 1, 0, NULL, NULL),
(21, 'rn9D149yc', 'mobileomid12', NULL, 7404062632, 'BUY_SUB', 1, 0, 0, 60000, 0.00, 1751273625, 'paid_with_wallet', 1, 0, NULL, NULL),
(22, 'SQp4OYn5k', 'mobileomid12', NULL, 7404062632, 'BUY_SUB', 1, 0, 0, 60000, 0.00, 1751280812, 'paid_with_wallet', 1, 0, NULL, NULL),
(23, 'g3mWWUmeA', 'negar66655', NULL, 7307705279, 'BUY_SUB', 1, 0, 0, 100000, 0.00, 1751283127, 'paid', 0, 0, 2001, '380369625'),
(24, 'ZZ67r6O4D', 'negar7755', NULL, 7307705279, 'BUY_SUB', 1, 0, 0, 100000, 0.00, 1751285217, 'approved', 0, 0, 2044, '380369625'),
(25, 'sgfxGtZzV', 'omidmobile10', NULL, 7404062632, 'BUY_SUB', 1, 0, 0, 60000, 0.00, 1751287232, 'paid_with_wallet', 1, 0, NULL, NULL),
(26, 'Un2IlfywR', 'mobileomid14', NULL, 7404062632, 'BUY_SUB', 1, 0, 0, 60000, 0.00, 1751296564, 'paid_with_wallet', 1, 0, NULL, NULL),
(27, '1msgRjAtn', 'omidmobile15', NULL, 7404062632, 'BUY_SUB', 1, 0, 0, 60000, 0.00, 1751306160, 'paid_with_wallet', 1, 0, NULL, NULL),
(28, 'QK1dvvS1g', 'omidmobile16', NULL, 7404062632, 'BUY_SUB', 1, 0, 0, 60000, 0.00, 1751359770, 'paid_with_wallet', 1, 0, NULL, NULL),
(29, 'knneESUb7', 'Saeidbeyragi', NULL, 1322183166, 'BUY_SUB', 1, 0, 0, 100000, 0.00, 1751360229, 'paid_with_wallet', 0, 0, NULL, NULL),
(30, 'kQWTFYSDP', 'mobileomid15', NULL, 7404062632, 'BUY_SUB', 1, 0, 0, 60000, 0.00, 1751366001, 'paid_with_wallet', 1, 0, NULL, NULL),
(31, 'dvPWlPtWC', 'hosein1', NULL, 7067429517, 'BUY_SUB', 1, 0, 0, 60000, 0.00, 1751385935, 'paid_with_wallet', 1, 0, NULL, NULL),
(32, 'rFzQI19WE', 'NIC-VIP-User1', NULL, 712013808, 'BUY_SUB', 1, 0, 0, 60000, 0.00, 1751445760, 'paid_with_wallet', 1, 0, NULL, NULL),
(33, 'HtUCU16Ri', 'NIC-VIP-User2', NULL, 712013808, 'BUY_SUB', 1, 0, 0, 60000, 0.00, 1751447030, 'paid_with_wallet', 1, 0, NULL, NULL),
(34, '9yVUH72Nk', 'hosein2', NULL, 7067429517, 'BUY_SUB', 1, 0, 0, 60000, 0.00, 1751528538, 'paid_with_wallet', 1, 0, NULL, NULL),
(36, 'OX5I7TYN8', 'NIC-VIP-User3', NULL, 712013808, 'BUY_SUB', 1, 0, 0, 60000, 0.00, 1751532349, 'paid_with_wallet', 1, 0, NULL, NULL),
(37, 'XutkTIems', '2', NULL, 5409097702, 'BUY_SUB', 1, 0, 0, 100000, 0.00, 1751581238, 'pending', 0, 0, NULL, NULL),
(38, 'DXcdHKxGb', 'Mm11', NULL, 5887540099, 'BUY_SUB', 13, 0, 0, 50000, 0.00, 1751758286, 'approved', 0, 0, 3788, '380369625'),
(39, 'eAMYJi5S5', NULL, NULL, 5887540099, 'INCREASE_WALLET', 0, 0, 0, 50000, 0.00, 1751760076, 'approved', 0, 0, 3983, '380369625'),
(40, 'EdO6MSNbh', 'Mm11', NULL, 5887540099, 'BUY_SUB', 13, 0, 0, 100000, 0.00, 1751798247, 'approved', 0, 0, 4061, '380369625'),
(41, 'pva69pLrm', 'diyar', NULL, 7404062632, 'BUY_SUB', 7, 0, 0, 60000, 0.00, 1751801219, 'paid_with_wallet', 1, 0, NULL, NULL),
(42, 'ia7FhKSee', 'omid44', NULL, 7404062632, 'BUY_SUB', 16, 0, 0, 45000, 0.00, 1752155892, 'paid_with_wallet', 1, 0, NULL, NULL),
(43, 'NlPd26GUD', 'mobileomid', NULL, 7404062632, 'BUY_SUB', 16, 0, 0, 45000, 0.00, 1752159811, 'paid_with_wallet', 1, 0, NULL, NULL),
(44, 'qGs98m44D', 'behnaz', NULL, 7404062632, 'BUY_SUB', 15, 0, 0, 54000, 0.00, 1752174945, 'paid_with_wallet', 1, 0, NULL, NULL),
(45, 'x6xxVTm3L', 'hosein5', NULL, 7067429517, 'BUY_SUB', 15, 0, 0, 54000, 0.00, 1752233756, 'paid_with_wallet', 1, 0, NULL, NULL),
(46, 'HFhzu1VEW', 'NIC-VIP-User12', NULL, 712013808, 'BUY_SUB', 17, 0, 0, 60000, 0.00, 1752302653, 'paid_with_wallet', 1, 0, NULL, NULL),
(47, 'WJwlwiR9F', 'mobile5555', NULL, 7404062632, 'BUY_SUB', 15, 0, 0, 54000, 0.00, 1752313884, 'paid_with_wallet', 1, 0, NULL, NULL),
(48, '55bX6YJFr', 'NIC-VIP-User13', NULL, 712013808, 'BUY_SUB', 17, 0, 0, 60000, 0.00, 1752329403, 'paid_with_wallet', 1, 0, NULL, NULL),
(49, '6uL4gv1Ss', 'NIC-VIP-User14', NULL, 712013808, 'BUY_SUB', 17, 0, 0, 60000, 0.00, 1752329560, 'paid_with_wallet', 1, 0, NULL, NULL),
(50, 'GtW46YRAs', 'omiiid', NULL, 7404062632, 'BUY_SUB', 16, 0, 0, 45000, 0.00, 1752332282, 'paid_with_wallet', 1, 0, NULL, NULL),
(51, 'lk8oTOMEo', 'mobileomid', NULL, 7404062632, 'BUY_SUB', 15, 0, 0, 54000, 0.00, 1752337192, 'paid_with_wallet', 1, 0, NULL, NULL),
(52, 'mLR3Gwdic', 'omidd', NULL, 7404062632, 'BUY_SUB', 15, 0, 0, 54000, 0.00, 1752337308, 'paid_with_wallet', 1, 0, NULL, NULL),
(53, 'AoT8LqwIF', 'omidtt', NULL, 7404062632, 'BUY_SUB', 15, 0, 0, 54000, 0.00, 1752338303, 'paid_with_wallet', 1, 0, NULL, NULL),
(54, 'MCYiU1DmQ', 'poorya', NULL, 7404062632, 'BUY_SUB', 15, 0, 0, 54000, 0.00, 1752339256, 'paid_with_wallet', 1, 0, NULL, NULL),
(55, 'VfY2D4mpI', 'Sami12', NULL, 458262492, 'BUY_SUB', 17, 0, 0, 85000, 0.00, 1752339705, 'paid_with_wallet', 1, 0, NULL, NULL),
(56, 'OnzD74daV', 'mobilett', NULL, 7404062632, 'BUY_SUB', 15, 0, 0, 54000, 0.00, 1752340244, 'paid_with_wallet', 1, 0, NULL, NULL),
(57, 'toIpM8Krm', 'Nazi', NULL, 458262492, 'BUY_SUB', 17, 0, 0, 85000, 0.00, 1752347943, 'paid_with_wallet', 1, 0, NULL, NULL),
(58, 'tYSmhBYiJ', 'NIC-VIP-User15', NULL, 712013808, 'BUY_SUB', 17, 0, 0, 60000, 0.00, 1752391430, 'paid_with_wallet', 1, 0, NULL, NULL),
(59, 'oyByuKr9l', 'NIC-VIP-User16', NULL, 712013808, 'BUY_SUB', 17, 0, 0, 60000, 0.00, 1752416294, 'paid_with_wallet', 1, 0, NULL, NULL),
(60, '1uA6hA4ty', 'NIC-VIP-User17', NULL, 712013808, 'BUY_SUB', 17, 0, 0, 60000, 0.00, 1752420387, 'paid_with_wallet', 1, 0, NULL, NULL),
(61, 'MATewnXsn', 'NIC-VIP-User18', NULL, 712013808, 'BUY_SUB', 17, 0, 0, 60000, 0.00, 1752484041, 'paid_with_wallet', 1, 0, NULL, NULL),
(62, '228Haks9G', 'NIC-VIP-User19', NULL, 712013808, 'BUY_SUB', 17, 0, 0, 60000, 0.00, 1752490581, 'paid_with_wallet', 1, 0, NULL, NULL),
(63, '7zYtQQPkz', 'NIC-VIP-User20', NULL, 712013808, 'BUY_SUB', 17, 0, 0, 60000, 0.00, 1752501906, 'paid_with_wallet', 1, 0, NULL, NULL),
(64, 'APXFYTQzH', 'NIC-VIP-User21', NULL, 712013808, 'BUY_SUB', 17, 0, 0, 60000, 0.00, 1752504297, 'paid_with_wallet', 1, 0, NULL, NULL),
(65, 'hYd7IhNUy', 'NIC-VIP-User22', NULL, 712013808, 'BUY_SUB', 17, 0, 0, 60000, 0.00, 1752506083, 'paid_with_wallet', 1, 0, NULL, NULL),
(67, '41aOXrQ6z', 'Omiiddd45', NULL, 7404062632, 'BUY_SUB', 15, 0, 0, 54000, 0.00, 1752583962, 'paid_with_wallet', 1, 0, NULL, NULL),
(68, 'ivgV4ZJAW', 'NIC-VIP-User23', NULL, 712013808, 'BUY_SUB', 17, 0, 0, 60000, 0.00, 1752585199, 'paid_with_wallet', 1, 0, NULL, NULL),
(70, 'UV9vq6brD', 'Negar6677', NULL, 7307705279, 'BUY_SUB', 15, 0, 0, 90000, 0.00, 1752601768, 'approved', 0, 0, 5374, '380369625'),
(71, 'DQnXmhsgM', 'Arman', NULL, 7404062632, 'BUY_SUB', 17, 0, 0, 60000, 0.00, 1752658198, 'paid_with_wallet', 1, 0, NULL, NULL),
(72, 'HJhMn6stj', 'NIC-VIP-User24', NULL, 712013808, 'BUY_SUB', 17, 0, 0, 60000, 0.00, 1752658614, 'paid_with_wallet', 1, 0, NULL, NULL),
(73, 'rAjbLKXDE', 'NIC-VIP-User25', NULL, 712013808, 'BUY_SUB', 17, 0, 0, 60000, 0.00, 1752658704, 'paid_with_wallet', 1, 0, NULL, NULL),
(74, 'tJR4AE6yo', 'NIC-VIP-User26', NULL, 712013808, 'BUY_SUB', 17, 0, 0, 60000, 0.00, 1752660397, 'paid_with_wallet', 1, 0, NULL, NULL),
(75, 'boKPq8Bqm', 'NIC-VIP-User27', NULL, 712013808, 'BUY_SUB', 17, 0, 0, 60000, 0.00, 1752682262, 'paid_with_wallet', 1, 0, NULL, NULL),
(76, 'C3wQjVkdG', NULL, NULL, 458262492, 'INCREASE_WALLET', 0, 0, 0, 200000, 0.00, 1752690469, 'approved', 0, 0, 5443, '380369625'),
(77, 'IiajLiCAt', 'NIC-VIP-User28', NULL, 712013808, 'BUY_SUB', 17, 0, 0, 60000, 0.00, 1752693718, 'paid_with_wallet', 1, 0, NULL, NULL),
(78, 'ejxVtgQ4D', '2631', NULL, 458262492, 'BUY_SUB', 17, 0, 0, 85000, 0.00, 1752736245, 'paid_with_wallet', 1, 0, NULL, NULL),
(79, 'OdH8wYPCT', 'NIC-VIP-User29', NULL, 712013808, 'BUY_SUB', 17, 0, 0, 60000, 0.00, 1752738196, 'paid_with_wallet', 1, 0, NULL, NULL),
(80, 'lr8hr9XsI', 'NIC-VIP-User30', NULL, 712013808, 'BUY_SUB', 17, 0, 0, 60000, 0.00, 1752738626, 'paid_with_wallet', 1, 0, NULL, NULL),
(81, 'aF3m1qbwx', 'NIC-VIP-User31', NULL, 712013808, 'BUY_SUB', 17, 0, 0, 60000, 0.00, 1752739648, 'paid_with_wallet', 1, 0, NULL, NULL),
(82, 'QZjPoBZnn', 'Farhad', NULL, 458262492, 'BUY_SUB', 17, 0, 0, 75000, 0.00, 1752746637, 'paid_with_wallet', 1, 0, NULL, NULL),
(83, 'VSCoErdk4', 'NIC-VIP-User32', NULL, 712013808, 'BUY_SUB', 17, 0, 0, 60000, 0.00, 1752756439, 'paid_with_wallet', 1, 0, NULL, NULL),
(84, 'fWORKaCdN', 'Vahid', NULL, 7404062632, 'BUY_SUB', 17, 0, 0, 60000, 0.00, 1752764191, 'paid_with_wallet', 1, 0, NULL, NULL),
(85, 'XrKJet847', 'Meysam', NULL, 7404062632, 'BUY_SUB', 15, 0, 0, 54000, 0.00, 1752764409, 'paid_with_wallet', 1, 0, NULL, NULL),
(86, '1XrWgJLVp', 'NIC-VIP-User33', NULL, 712013808, 'BUY_SUB', 17, 0, 0, 60000, 0.00, 1752775619, 'paid_with_wallet', 1, 0, NULL, NULL),
(87, 'nAKpZEYRK', 'NIC-VIP-User34', NULL, 712013808, 'BUY_SUB', 17, 0, 0, 60000, 0.00, 1752776109, 'paid_with_wallet', 1, 0, NULL, NULL),
(88, 'BAkNpkon9', 'NIC-VIP-User35', NULL, 712013808, 'BUY_SUB', 17, 0, 0, 60000, 0.00, 1752776272, 'paid_with_wallet', 1, 0, NULL, NULL),
(89, 'JmFxDNCrN', 'NIC-VIP-User36', NULL, 712013808, 'BUY_SUB', 17, 0, 0, 60000, 0.00, 1752776411, 'paid_with_wallet', 1, 0, NULL, NULL),
(90, 'DaM8eG82s', 'Omidf', NULL, 7404062632, 'BUY_SUB', 15, 0, 0, 54000, 0.00, 1752831954, 'paid_with_wallet', 1, 0, NULL, NULL),
(91, 'cu4qnSW6A', 'Ooooo', NULL, 7404062632, 'BUY_SUB', 17, 0, 0, 60000, 0.00, 1752832007, 'paid_with_wallet', 1, 0, NULL, NULL),
(92, 'XGETJfFmE', 'Mom', NULL, 458262492, 'BUY_SUB', 16, 0, 0, 56250, 0.00, 1752834358, 'paid_with_wallet', 1, 0, NULL, NULL),
(93, 'HQsavtdNm', 'NIC-VIP-User37', NULL, 712013808, 'BUY_SUB', 17, 0, 0, 60000, 0.00, 1752916624, 'paid_with_wallet', 1, 0, NULL, NULL),
(94, 'TCNam87i2', 'Fourogh', NULL, 458262492, 'BUY_SUB', 17, 0, 0, 75000, 0.00, 1752924662, 'paid_with_wallet', 1, 0, NULL, NULL),
(95, '34RwOqWLW', 'hosein5', NULL, 7067429517, 'BUY_SUB', 15, 0, 0, 54000, 0.00, 1752938236, 'paid_with_wallet', 1, 0, NULL, NULL),
(96, 'Kae8oqusg', 'Pv', NULL, 7404062632, 'BUY_SUB', 17, 0, 0, 60000, 0.00, 1752939355, 'paid_with_wallet', 1, 0, NULL, NULL),
(97, '8MjB7LnlC', 'Hosein6', NULL, 7067429517, 'BUY_SUB', 15, 0, 0, 54000, 0.00, 1752952368, 'paid_with_wallet', 1, 0, NULL, NULL),
(98, 'eNOnz2jZF', 'NIC-VIP-User38', NULL, 712013808, 'BUY_SUB', 17, 0, 0, 60000, 0.00, 1752992943, 'paid_with_wallet', 1, 0, NULL, NULL),
(99, 'Er1fumjJt', 'NIC-VIP-User39', NULL, 712013808, 'BUY_SUB', 17, 0, 0, 60000, 0.00, 1752993161, 'paid_with_wallet', 1, 0, NULL, NULL),
(100, 'RiM5vrWDQ', 'NIC-VIP-User40', NULL, 712013808, 'BUY_SUB', 17, 0, 0, 60000, 0.00, 1753015200, 'paid_with_wallet', 1, 0, NULL, NULL),
(102, 'BygapilzM', NULL, NULL, 458262492, 'INCREASE_WALLET', 0, 0, 0, 300000, 0.00, 1753095116, 'approved', 0, 0, 5791, '380369625'),
(103, 'XOXN6ovmd', 'Ali1', NULL, 458262492, 'BUY_SUB', 15, 0, 0, 67500, 0.00, 1753095669, 'paid_with_wallet', 1, 0, NULL, NULL),
(104, 'KmLqpEnPC', 'Mohammad', NULL, 7404062632, 'BUY_SUB', 17, 0, 0, 60000, 0.00, 1753108693, 'paid_with_wallet', 1, 0, NULL, NULL),
(107, 'Tx9iUZrCe', 'NIC-VIP-User43', NULL, 712013808, 'BUY_SUB', 17, 0, 0, 60000, 0.00, 1753197094, 'paid_with_wallet', 1, 0, NULL, NULL),
(108, 'p9rryFDfC', 'NIC-VIP-User44', NULL, 712013808, 'BUY_SUB', 17, 0, 0, 60000, 0.00, 1753200722, 'paid_with_wallet', 1, 0, NULL, NULL),
(109, 'bS8KGZPPt', 'NIC-VIP-User45', NULL, 712013808, 'BUY_SUB', 17, 0, 0, 60000, 0.00, 1753202060, 'paid_with_wallet', 1, 0, NULL, NULL),
(110, 'HyG3WpP7H', 'hosein7', NULL, 7067429517, 'BUY_SUB', 16, 0, 0, 45000, 0.00, 1753259951, 'paid_with_wallet', 1, 0, NULL, NULL),
(111, 'XACFPZ32U', 'Omiift', NULL, 7404062632, 'BUY_SUB', 17, 0, 0, 60000, 0.00, 1753268426, 'paid_with_wallet', 1, 0, NULL, NULL),
(112, 'lp2SWqCUb', 'NIC-VIP-User46', NULL, 712013808, 'BUY_SUB', 17, 0, 0, 60000, 0.00, 1753269443, 'paid_with_wallet', 1, 0, NULL, NULL),
(113, 'fxw6FBkVj', 'NIC-VIP-User47', NULL, 712013808, 'BUY_SUB', 17, 0, 0, 60000, 0.00, 1753273987, 'paid_with_wallet', 1, 0, NULL, NULL),
(114, 'vaxEMdJAq', 'NIC-VIP-User48', NULL, 712013808, 'BUY_SUB', 17, 0, 0, 60000, 0.00, 1753274059, 'paid_with_wallet', 1, 0, NULL, NULL),
(115, 'RChxbwaOW', 'NIC-VIP-User49', NULL, 712013808, 'BUY_SUB', 17, 0, 0, 60000, 0.00, 1753274097, 'paid_with_wallet', 1, 0, NULL, NULL),
(116, 'RmIeTeqIE', 'NIC-VIP-User50', NULL, 712013808, 'BUY_SUB', 17, 0, 0, 60000, 0.00, 1753274137, 'paid_with_wallet', 1, 0, NULL, NULL),
(117, 'xZzbOE1Fp', 'Hossein', NULL, 458262492, 'BUY_SUB', 17, 0, 0, 65000, 0.00, 1753283318, 'paid_with_wallet', 1, 0, NULL, NULL),
(118, 'EWRpKMMuN', 'Nazi2', NULL, 458262492, 'BUY_SUB', 17, 0, 0, 65000, 0.00, 1753347056, 'paid_with_wallet', 1, 0, NULL, NULL),
(119, 'nLAw6MzoF', 'hosein8', NULL, 7067429517, 'BUY_SUB', 16, 0, 0, 48750, 0.00, 1753516644, 'paid_with_wallet', 1, 0, NULL, NULL),
(120, 'pD5UvzWJG', 'Forough2', NULL, 458262492, 'BUY_SUB', 17, 0, 0, 65000, 0.00, 1753527591, 'paid_with_wallet', 1, 0, NULL, NULL),
(121, 'ortVTeqHB', 'Kshomid', NULL, 7404062632, 'BUY_SUB', 17, 0, 0, 60000, 0.00, 1753538830, 'paid_with_wallet', 1, 0, NULL, NULL),
(123, 'csfXcDBZS', NULL, NULL, 458262492, 'INCREASE_WALLET', 0, 0, 0, 250000, 0.00, 1753614858, 'approved', 0, 0, 6330, '380369625'),
(124, 'RtSeiWNAv', 'Forough3', NULL, 458262492, 'BUY_SUB', 15, 0, 0, 58500, 0.00, 1753615114, 'paid_with_wallet', 1, 0, NULL, NULL),
(125, 'RsSFcCfEc', 'Farhad2', NULL, 458262492, 'BUY_SUB', 15, 0, 0, 58500, 0.00, 1753617562, 'paid_with_wallet', 1, 0, NULL, NULL),
(126, 'niwykeMGs', 'hosein9', NULL, 7067429517, 'BUY_SUB', 16, 0, 0, 48750, 0.00, 1753630069, 'paid_with_wallet', 1, 0, NULL, NULL),
(127, 'fqOEs7Lhh', NULL, NULL, 5962786428, 'INCREASE_WALLET', 0, 0, 0, 300000, 0.00, 1753637663, 'pending', 0, 0, NULL, NULL),
(128, 'oqcTbAGKG', 'Forough4', NULL, 458262492, 'BUY_SUB', 17, 0, 0, 65000, 0.00, 1753643349, 'paid_with_wallet', 1, 0, NULL, NULL),
(129, 'lO3YXjbPL', 'hosein9', NULL, 7067429517, 'BUY_SUB', 16, 0, 0, 48750, 0.00, 1753695355, 'paid_with_wallet', 1, 0, NULL, NULL),
(130, 'KzWtBv4qd', '123', NULL, 458262492, 'BUY_SUB', 15, 0, 0, 58500, 0.00, 1753697024, 'paid_with_wallet', 1, 0, NULL, NULL),
(131, '7UYehlEnV', 'NIC-VIP-User51', NULL, 712013808, 'BUY_SUB', 17, 0, 0, 60000, 0.00, 1753726593, 'paid_with_wallet', 1, 0, NULL, NULL),
(132, 'ZNwBem9Ho', 'NIC-VIP-User52', NULL, 712013808, 'BUY_SUB', 17, 0, 0, 60000, 0.00, 1753781674, 'paid_with_wallet', 1, 0, NULL, NULL),
(133, 'p1ACthk1z', 'NIC-VIP-User53', NULL, 712013808, 'BUY_SUB', 17, 0, 0, 60000, 0.00, 1753786717, 'paid_with_wallet', 1, 0, NULL, NULL),
(134, 'oOSaFKU7p', 'NIC-VIP-User54', NULL, 712013808, 'BUY_SUB', 17, 0, 0, 60000, 0.00, 1753789082, 'paid_with_wallet', 1, 0, NULL, NULL),
(136, 'LpyNfMJpF', NULL, NULL, 458262492, 'INCREASE_WALLET', 0, 0, 0, 300000, 0.00, 1753883325, 'approved', 0, 0, 6762, '380369625'),
(137, 'n8QEENzaq', NULL, NULL, 458262492, 'BUY_SUB', 17, 0, 0, 130000, 0.00, 1753883458, 'paid_with_wallet', 1, 2, NULL, NULL),
(138, 'LoOF6BMaB', 'izaddost2', NULL, 458262492, 'BUY_SUB', 17, 0, 0, 65000, 0.00, 1753884499, 'paid_with_wallet', 1, 0, NULL, NULL),
(139, 'kqIX88mj4', 'izaddost2', NULL, 458262492, 'BUY_SUB', 17, 0, 0, 65000, 0.00, 1753884713, 'paid_with_wallet', 1, 0, NULL, NULL),
(140, 'f8kBkb5LO', '', NULL, 458262492, 'BUY_SUB', 17, 0, 0, 65000, 0.00, 1753885209, 'paid_with_wallet', 1, 0, NULL, NULL),
(141, 'QOSg8S6QZ', NULL, NULL, 5059680470, 'BUY_SUB', 15, 0, 0, 630000, 0.00, 1753885263, 'paid_with_wallet', 1, 10, NULL, NULL),
(142, 'xvlTiR8AG', '', NULL, 458262492, 'BUY_SUB', 17, 0, 0, 65000, 0.00, 1753885264, 'paid_with_wallet', 1, 0, NULL, NULL),
(143, '28TRtrxwu', '', NULL, 712013808, 'BUY_SUB', 17, 0, 0, 60000, 0.00, 1753892821, 'paid_with_wallet', 1, 0, NULL, NULL),
(144, 'X2BIGtPXl', '', NULL, 712013808, 'BUY_SUB', 17, 0, 0, 60000, 0.00, 1753950154, 'paid_with_wallet', 1, 0, NULL, NULL),
(145, 'jTYGZZ61W', '', NULL, 712013808, 'BUY_SUB', 17, 0, 0, 60000, 0.00, 1753963894, 'paid_with_wallet', 1, 0, NULL, NULL),
(146, 'wuv2OQYdu', '', NULL, 7404062632, 'BUY_SUB', 15, 0, 0, 54000, 0.00, 1753978861, 'paid_with_wallet', 1, 0, NULL, NULL),
(147, 'vIlcdWUPy', '', NULL, 712013808, 'BUY_SUB', 17, 0, 0, 60000, 0.00, 1753983607, 'paid_with_wallet', 1, 0, NULL, NULL),
(148, 'FMWuOchsP', '', NULL, 712013808, 'BUY_SUB', 17, 0, 0, 60000, 0.00, 1754061187, 'paid_with_wallet', 1, 0, NULL, NULL),
(149, 'Y73EsCKMT', '', NULL, 712013808, 'BUY_SUB', 17, 0, 0, 60000, 0.00, 1754123758, 'paid_with_wallet', 1, 0, NULL, NULL),
(150, 'j79qQupOl', '', NULL, 712013808, 'BUY_SUB', 17, 0, 0, 60000, 0.00, 1754127467, 'paid_with_wallet', 1, 0, NULL, NULL),
(151, 'uPc6i8zjd', '', NULL, 712013808, 'BUY_SUB', 17, 0, 0, 60000, 0.00, 1754139889, 'paid_with_wallet', 1, 0, NULL, NULL),
(152, 'lMpU5VWnk', '', NULL, 712013808, 'BUY_SUB', 17, 0, 0, 60000, 0.00, 1754212192, 'paid_with_wallet', 1, 0, NULL, NULL),
(153, 'pNkZUU6oL', '', NULL, 712013808, 'BUY_SUB', 17, 0, 0, 60000, 0.00, 1754230001, 'paid_with_wallet', 1, 0, NULL, NULL),
(154, 'Lbag2v421', '', NULL, 458262492, 'BUY_SUB', 17, 0, 0, 65000, 0.00, 1754232550, 'paid_with_wallet', 1, 0, NULL, NULL),
(155, '4eqomT8Gz', '', NULL, 712013808, 'BUY_SUB', 17, 0, 0, 60000, 0.00, 1754244005, 'paid_with_wallet', 1, 0, NULL, NULL),
(156, 'HbGMldvoi', '', NULL, 7404062632, 'BUY_SUB', 17, 0, 0, 60000, 0.00, 1754245376, 'paid_with_wallet', 1, 0, NULL, NULL),
(157, 'GOcVEfhln', '', NULL, 712013808, 'BUY_SUB', 17, 0, 0, 60000, 0.00, 1754314061, 'paid_with_wallet', 1, 0, NULL, NULL),
(158, 'curvHt9au', '', NULL, 458262492, 'BUY_SUB', 17, 0, 0, 65000, 0.00, 1754326309, 'paid_with_wallet', 1, 0, NULL, NULL),
(159, 'nlMTvvZFO', '', NULL, 712013808, 'BUY_SUB', 17, 0, 0, 60000, 0.00, 1754407469, 'paid_with_wallet', 1, 0, NULL, NULL),
(160, 'YLvUELF1E', '', NULL, 7404062632, 'BUY_SUB', 17, 0, 0, 60000, 0.00, 1754554356, 'paid_with_wallet', 1, 0, NULL, NULL),
(161, 'bnYZrgfMa', '', NULL, 7067429517, 'BUY_SUB', 16, 0, 0, 48750, 0.00, 1754556434, 'paid_with_wallet', 1, 0, NULL, NULL),
(162, 'QrGdNbSt5', '', NULL, 7067429517, 'BUY_SUB', 16, 0, 0, 48750, 0.00, 1754560127, 'paid_with_wallet', 1, 0, NULL, NULL),
(163, 'NFCqgsp4C', '', NULL, 712013808, 'BUY_SUB', 17, 0, 0, 60000, 0.00, 1754560432, 'paid_with_wallet', 1, 0, NULL, NULL),
(164, 'UYepqRJM4', '', NULL, 712013808, 'BUY_SUB', 17, 0, 0, 60000, 0.00, 1754581177, 'paid_with_wallet', 1, 0, NULL, NULL),
(165, 'srmRrK7y8', '', NULL, 458262492, 'BUY_SUB', 17, 0, 0, 65000, 0.00, 1754807976, 'paid_with_wallet', 1, 0, NULL, NULL),
(166, '7PiahRhRj', '', NULL, 7067429517, 'BUY_SUB', 15, 0, 0, 58500, 0.00, 1754840126, 'paid_with_wallet', 1, 0, NULL, NULL),
(167, 'r7vzZBAhU', '', NULL, 458262492, 'BUY_SUB', 15, 0, 0, 58500, 0.00, 1754895989, 'paid_with_wallet', 1, 0, NULL, NULL),
(168, '46dddLk2z', '', NULL, 7067429517, 'BUY_SUB', 15, 0, 0, 58500, 0.00, 1754896075, 'paid_with_wallet', 1, 0, NULL, NULL),
(169, 'wzhPWuUqF', '', NULL, 458262492, 'BUY_SUB', 15, 0, 0, 58500, 0.00, 1754911408, 'paid_with_wallet', 1, 0, NULL, NULL),
(170, 'oIKZmOiyW', '', NULL, 7067429517, 'BUY_SUB', 15, 0, 0, 58500, 0.00, 1754913451, 'paid_with_wallet', 1, 0, NULL, NULL),
(171, '5B6NFvu6W', '', NULL, 7404062632, 'BUY_SUB', 17, 0, 0, 60000, 0.00, 1754921339, 'paid_with_wallet', 1, 0, NULL, NULL),
(172, 'HlzhzpE24', '', NULL, 712013808, 'BUY_SUB', 17, 0, 0, 60000, 0.00, 1754924987, 'paid_with_wallet', 1, 0, NULL, NULL),
(173, 'Zi1cdK2S4', '', NULL, 712013808, 'BUY_SUB', 17, 0, 0, 60000, 0.00, 1754926573, 'paid_with_wallet', 1, 0, NULL, NULL),
(174, 'pQvNYDf9d', '', NULL, 712013808, 'BUY_SUB', 17, 0, 0, 60000, 0.00, 1754929850, 'paid_with_wallet', 1, 0, NULL, NULL),
(176, 'vmjb62o1F', NULL, NULL, 458262492, 'INCREASE_WALLET', 0, 0, 0, 250000, 0.00, 1754943258, 'approved', 0, 0, 7236, '380369625'),
(177, 'eQN9lKaub', '', NULL, 458262492, 'BUY_SUB', 17, 0, 0, 65000, 0.00, 1754943412, 'paid_with_wallet', 1, 0, NULL, NULL),
(178, 'JuQ8xsxUQ', '', NULL, 712013808, 'BUY_SUB', 17, 0, 0, 60000, 0.00, 1754994569, 'paid_with_wallet', 1, 0, NULL, NULL),
(179, 'PIk5xOeky', '', NULL, 712013808, 'BUY_SUB', 17, 0, 0, 60000, 0.00, 1754994624, 'paid_with_wallet', 1, 0, NULL, NULL),
(180, 'MZQg2mChz', '', NULL, 712013808, 'BUY_SUB', 17, 0, 0, 60000, 0.00, 1754999403, 'paid_with_wallet', 1, 0, NULL, NULL),
(182, 'UYH2ytN6l', '', NULL, 7404062632, 'BUY_SUB', 17, 0, 0, 60000, 0.00, 1755070935, 'paid_with_wallet', 1, 0, NULL, NULL),
(183, 'yPMKg8ph6', '', NULL, 7404062632, 'BUY_SUB', 15, 0, 0, 54000, 0.00, 1755082470, 'paid_with_wallet', 1, 0, NULL, NULL),
(184, 'hoBsjhduU', '', NULL, 7404062632, 'BUY_SUB', 17, 0, 0, 60000, 0.00, 1755083228, 'paid_with_wallet', 1, 0, NULL, NULL),
(185, 'x8ylFFRYf', '', NULL, 7404062632, 'BUY_SUB', 17, 0, 0, 60000, 0.00, 1755092626, 'paid_with_wallet', 1, 0, NULL, NULL),
(186, 'XpvTMM5Ol', '', NULL, 7404062632, 'BUY_SUB', 17, 0, 0, 60000, 0.00, 1755096497, 'paid_with_wallet', 1, 0, NULL, NULL),
(187, 'zdIa8tnHh', '', NULL, 458262492, 'BUY_SUB', 17, 0, 0, 65000, 0.00, 1755103384, 'paid_with_wallet', 1, 0, NULL, NULL),
(188, 'UWsbaTTJW', '', NULL, 458262492, 'BUY_SUB', 15, 0, 0, 58500, 0.00, 1755262809, 'paid_with_wallet', 1, 0, NULL, NULL),
(189, '2Hkp5BsC2', '', NULL, 712013808, 'BUY_SUB', 17, 0, 0, 60000, 0.00, 1755354295, 'paid_with_wallet', 1, 0, NULL, NULL),
(190, 'c8ZbfhMOx', '', NULL, 712013808, 'BUY_SUB', 17, 0, 0, 60000, 0.00, 1755359334, 'paid_with_wallet', 1, 0, NULL, NULL),
(191, '9AT73zbXn', '', NULL, 458262492, 'BUY_SUB', 20, 0, 0, 58500, 0.00, 1755362112, 'paid_with_wallet', 1, 0, NULL, NULL),
(192, 'vzThLJJ1j', '', NULL, 712013808, 'BUY_SUB', 17, 0, 0, 60000, 0.00, 1755413699, 'paid_with_wallet', 1, 0, NULL, NULL),
(193, 'YqhiqbzbD', '', NULL, 712013808, 'BUY_SUB', 17, 0, 0, 60000, 0.00, 1755422515, 'paid_with_wallet', 1, 0, NULL, NULL),
(194, 'yZVZhkgRE', '', NULL, 7404062632, 'BUY_SUB', 17, 0, 0, 60000, 0.00, 1755439072, 'paid_with_wallet', 1, 0, NULL, NULL),
(195, 'TwYsasAf1', '', NULL, 7067429517, 'BUY_SUB', 16, 0, 0, 48750, 0.00, 1755520593, 'paid_with_wallet', 1, 0, NULL, NULL),
(196, 'O8Y1Qb8Cf', '', NULL, 712013808, 'BUY_SUB', 17, 0, 0, 60000, 0.00, 1755528365, 'paid_with_wallet', 1, 0, NULL, NULL),
(197, '2zgsAUBLV', '', NULL, 712013808, 'BUY_SUB', 17, 0, 0, 60000, 0.00, 1755529001, 'paid_with_wallet', 1, 0, NULL, NULL),
(198, 'd548MBQAd', '', NULL, 712013808, 'BUY_SUB', 17, 0, 0, 60000, 0.00, 1755529277, 'paid_with_wallet', 1, 0, NULL, NULL),
(199, 'Uhlc5T8G5', '', NULL, 458262492, 'BUY_SUB', 26, 0, 0, 65000, 0.00, 1755532725, 'paid_with_wallet', 1, 0, NULL, NULL),
(201, 'aFyx9GJ1L', NULL, NULL, 458262492, 'INCREASE_WALLET', 0, 0, 0, 250000, 0.00, 1755532816, 'approved', 0, 0, 7862, '380369625'),
(202, 'BezaYNvAC', '', NULL, 458262492, 'BUY_SUB', 20, 0, 0, 58500, 0.00, 1755532935, 'paid_with_wallet', 1, 0, NULL, NULL),
(203, 'nvQdZfw5s', '', NULL, 712013808, 'BUY_SUB', 17, 0, 0, 60000, 0.00, 1755535119, 'paid_with_wallet', 1, 0, NULL, NULL),
(204, 'AxoySjZv3', '', NULL, 458262492, 'BUY_SUB', 20, 0, 0, 58500, 0.00, 1755540897, 'paid_with_wallet', 1, 0, NULL, NULL),
(205, '5Y3NOopW8', '', NULL, 458262492, 'BUY_SUB', 20, 0, 0, 58500, 0.00, 1755542608, 'paid_with_wallet', 1, 0, NULL, NULL),
(206, 'iE63t6lbq', '', NULL, 712013808, 'BUY_SUB', 17, 0, 0, 60000, 0.00, 1755599077, 'paid_with_wallet', 1, 0, NULL, NULL),
(207, 'L2IYrTVvf', '', NULL, 712013808, 'BUY_SUB', 17, 0, 0, 60000, 0.00, 1755617095, 'paid_with_wallet', 1, 0, NULL, NULL),
(208, '7ppGbbg4g', '', NULL, 7404062632, 'BUY_SUB', 26, 0, 0, 60000, 0.00, 1755618218, 'paid_with_wallet', 1, 0, NULL, NULL),
(209, 'iWD7xNfYd', '', NULL, 458262492, 'BUY_SUB', 20, 0, 0, 58500, 0.00, 1755619870, 'paid_with_wallet', 1, 0, NULL, NULL),
(210, '4uH8gRbuG', '', NULL, 7404062632, 'BUY_SUB', 22, 0, 0, 42000, 0.00, 1755620044, 'paid_with_wallet', 1, 0, NULL, NULL),
(211, 'oIo4Fbj7m', '', NULL, 712013808, 'BUY_SUB', 17, 0, 0, 60000, 0.00, 1755620816, 'paid_with_wallet', 1, 0, NULL, NULL),
(212, 'JrFf9UMOY', '', NULL, 7404062632, 'BUY_SUB', 26, 0, 0, 60000, 0.00, 1755681984, 'paid_with_wallet', 1, 0, NULL, NULL),
(213, 'XXusO9Pvs', '', NULL, 712013808, 'BUY_SUB', 17, 0, 0, 60000, 0.00, 1755764464, 'paid_with_wallet', 1, 0, NULL, NULL),
(214, 'NDoVmSgqR', '', NULL, 7404062632, 'BUY_SUB', 17, 0, 0, 60000, 0.00, 1755766711, 'paid_with_wallet', 1, 0, NULL, NULL),
(215, 'ScLyhs6D5', NULL, NULL, 7067429517, 'BUY_SUB', 16, 0, 0, 48750, 0.00, 1755768064, 'paid_with_wallet', 1, 1, NULL, NULL),
(216, 'k7jtXihfi', '', NULL, 7067429517, 'BUY_SUB', 16, 0, 0, 48750, 0.00, 1755937452, 'paid_with_wallet', 1, 0, NULL, NULL),
(218, '87sYU1nP1', '', NULL, 458262492, 'BUY_SUB', 20, 0, 0, 58500, 0.00, 1755944182, 'paid_with_wallet', 1, 0, NULL, NULL),
(219, 'G2azYhuEI', NULL, NULL, 458262492, 'INCREASE_WALLET', 0, 0, 0, 250000, 0.00, 1755944599, 'approved', 0, 0, 8200, '380369625'),
(220, 'Q8KcPDIER', '', NULL, 458262492, 'BUY_SUB', 15, 0, 0, 58500, 0.00, 1755944749, 'paid_with_wallet', 1, 0, NULL, NULL),
(221, 'OoFZkJacU', '', NULL, 458262492, 'BUY_SUB', 26, 0, 0, 65000, 0.00, 1755944875, 'paid_with_wallet', 1, 0, NULL, NULL),
(222, 'A1V6Bsmqc', '', NULL, 712013808, 'BUY_SUB', 17, 0, 0, 60000, 0.00, 1755955138, 'paid_with_wallet', 1, 0, NULL, NULL),
(223, '3u1e3njlO', '', NULL, 7404062632, 'BUY_SUB', 26, 0, 0, 60000, 0.00, 1755963156, 'paid_with_wallet', 1, 0, NULL, NULL),
(224, 'xI2Zn3Qjh', '', NULL, 458262492, 'BUY_SUB', 17, 0, 0, 65000, 0.00, 1755964723, 'paid_with_wallet', 1, 0, NULL, NULL),
(225, 'EwXDeeouo', '', NULL, 458262492, 'BUY_SUB', 26, 0, 0, 65000, 0.00, 1756052556, 'paid_with_wallet', 1, 0, NULL, NULL),
(226, 'dXx4jJqeG', '', NULL, 7067429517, 'BUY_SUB', 16, 0, 0, 48750, 0.00, 1756118525, 'paid_with_wallet', 1, 0, NULL, NULL),
(228, 'dghWqsxaH', '', NULL, 458262492, 'BUY_SUB', 20, 0, 0, 58500, 0.00, 1756124007, 'paid_with_wallet', 1, 0, NULL, NULL),
(229, '9xkeHJv2m', NULL, NULL, 458262492, 'INCREASE_WALLET', 0, 0, 0, 250000, 0.00, 1756143274, 'approved', 0, 0, 8349, '380369625'),
(230, 'hSE2SPpuX', '', NULL, 458262492, 'BUY_SUB', 26, 0, 0, 65000, 0.00, 1756143802, 'paid_with_wallet', 1, 0, NULL, NULL),
(231, 'IgX5tj9lj', '', NULL, 458262492, 'BUY_SUB', 20, 0, 0, 58500, 0.00, 1756190930, 'paid_with_wallet', 1, 0, NULL, NULL),
(232, 'YNe39sQCB', '', NULL, 7067429517, 'BUY_SUB', 16, 0, 0, 48750, 0.00, 1756194865, 'paid_with_wallet', 1, 0, NULL, NULL),
(233, '5fMOUjPIF', '', NULL, 7404062632, 'BUY_SUB', 21, 0, 0, 30000, 0.00, 1756217173, 'paid_with_wallet', 1, 0, NULL, NULL),
(234, 'UESyrGygv', '', NULL, 458262492, 'BUY_SUB', 20, 0, 0, 58500, 0.00, 1756219197, 'paid_with_wallet', 1, 0, NULL, NULL),
(235, 'rrQ6fxaKf', '', NULL, 712013808, 'BUY_SUB', 17, 0, 0, 60000, 0.00, 1756223598, 'paid_with_wallet', 1, 0, NULL, NULL),
(236, 'GFUBDA1zo', '', NULL, 458262492, 'BUY_SUB', 26, 0, 0, 65000, 0.00, 1756229429, 'paid_with_wallet', 1, 0, NULL, NULL),
(237, 'uHjxM8kMm', '', NULL, 712013808, 'BUY_SUB', 17, 0, 0, 60000, 0.00, 1756285981, 'paid_with_wallet', 1, 0, NULL, NULL),
(238, 'Un5utOtn4', '', NULL, 712013808, 'BUY_SUB', 17, 0, 0, 60000, 0.00, 1756482449, 'paid_with_wallet', 1, 0, NULL, NULL),
(239, 'lMWfu8u1Y', '', NULL, 7404062632, 'BUY_SUB', 26, 0, 0, 60000, 0.00, 1756560963, 'paid_with_wallet', 1, 0, NULL, NULL),
(240, 'DGJwRDIdK', '', NULL, 712013808, 'BUY_SUB', 17, 0, 0, 60000, 0.00, 1756635629, 'paid_with_wallet', 1, 0, NULL, NULL),
(241, '5vo8NzUAH', '', NULL, 712013808, 'BUY_SUB', 17, 0, 0, 60000, 0.00, 1756655587, 'paid_with_wallet', 1, 0, NULL, NULL),
(243, 'UVyHLFGHO', NULL, NULL, 458262492, 'INCREASE_WALLET', 0, 0, 0, 250000, 0.00, 1756656232, 'approved', 0, 0, 8637, '380369625'),
(244, 'ECbSlGITG', '', NULL, 458262492, 'BUY_SUB', 26, 0, 0, 65000, 0.00, 1756656290, 'paid_with_wallet', 1, 0, NULL, NULL),
(245, 'vRfjgwxjz', '', NULL, 458262492, 'BUY_SUB', 17, 0, 0, 65000, 0.00, 1756658534, 'paid_with_wallet', 1, 0, NULL, NULL),
(246, '96Alsm9Iq', '', NULL, 712013808, 'BUY_SUB', 17, 0, 0, 60000, 0.00, 1756714217, 'paid_with_wallet', 1, 0, NULL, NULL),
(247, 'bnEjonjke', '', NULL, 712013808, 'BUY_SUB', 17, 0, 0, 60000, 0.00, 1756735310, 'paid_with_wallet', 1, 0, NULL, NULL),
(248, 'G8v5gMJP5', '', NULL, 712013808, 'BUY_SUB', 17, 0, 0, 60000, 0.00, 1756811539, 'paid_with_wallet', 1, 0, NULL, NULL),
(249, '3rWZMLYv2', '', NULL, 7404062632, 'BUY_SUB', 26, 0, 0, 60000, 0.00, 1756816371, 'paid_with_wallet', 1, 0, NULL, NULL),
(250, 'xKu9Zq9Bj', '', NULL, 7404062632, 'BUY_SUB', 26, 0, 0, 60000, 0.00, 1756816481, 'paid_with_wallet', 1, 0, NULL, NULL),
(251, 'eVV7bMqFk', '', NULL, 458262492, 'BUY_SUB', 17, 0, 0, 65000, 0.00, 1756826420, 'paid_with_wallet', 1, 0, NULL, NULL),
(252, '3BpSYMNwo', '', NULL, 712013808, 'BUY_SUB', 17, 0, 0, 60000, 0.00, 1756883422, 'paid_with_wallet', 1, 0, NULL, NULL),
(253, '16I5PKQHj', '', NULL, 712013808, 'BUY_SUB', 17, 0, 0, 60000, 0.00, 1756887072, 'paid_with_wallet', 1, 0, NULL, NULL),
(254, 'NawvCTv8f', '', NULL, 7404062632, 'BUY_SUB', 26, 0, 0, 60000, 0.00, 1756900963, 'paid_with_wallet', 1, 0, NULL, NULL),
(255, 'JYdRNF3sG', '', NULL, 712013808, 'BUY_SUB', 17, 0, 0, 60000, 0.00, 1756901823, 'paid_with_wallet', 1, 0, NULL, NULL),
(256, 'afdFiX4tZ', '', NULL, 7404062632, 'BUY_SUB', 26, 0, 0, 60000, 0.00, 1756903799, 'paid_with_wallet', 1, 0, NULL, NULL),
(257, 'cnFNqXiBG', '', NULL, 7404062632, 'BUY_SUB', 26, 0, 0, 60000, 0.00, 1756905467, 'paid_with_wallet', 1, 0, NULL, NULL),
(259, '3oj6rVrbB', NULL, NULL, 458262492, 'INCREASE_WALLET', 0, 0, 0, 250000, 0.00, 1756911680, 'approved', 0, 0, 8817, '380369625'),
(260, 'pH8xHenRi', '', NULL, 458262492, 'BUY_SUB', 17, 0, 0, 65000, 0.00, 1756911853, 'paid_with_wallet', 1, 0, NULL, NULL),
(261, 'zUEkTWOXJ', '', NULL, 458262492, 'BUY_SUB', 17, 0, 0, 65000, 0.00, 1756984773, 'paid_with_wallet', 1, 0, NULL, NULL),
(262, 'ZsJ6Z8mIN', '', NULL, 7404062632, 'BUY_SUB', 26, 0, 0, 60000, 0.00, 1756996991, 'paid_with_wallet', 1, 0, NULL, NULL),
(263, 'kRWDowYjU', '', NULL, 7404062632, 'BUY_SUB', 26, 0, 0, 60000, 0.00, 1757011740, 'paid_with_wallet', 1, 0, NULL, NULL),
(264, 'o27Uc3S4H', '', NULL, 7404062632, 'BUY_SUB', 26, 0, 0, 60000, 0.00, 1757011768, 'paid_with_wallet', 1, 0, NULL, NULL),
(265, 'G16RejuKN', '', NULL, 712013808, 'BUY_SUB', 17, 0, 0, 60000, 0.00, 1757153804, 'paid_with_wallet', 1, 0, NULL, NULL),
(266, 'w245pDFzO', '', NULL, 7404062632, 'BUY_SUB', 26, 0, 0, 60000, 0.00, 1757241152, 'paid_with_wallet', 1, 0, NULL, NULL),
(268, 'EjFYnLQTi', '', NULL, 7404062632, 'BUY_SUB', 26, 0, 0, 60000, 0.00, 1757314825, 'paid_with_wallet', 1, 0, NULL, NULL),
(269, 'jyBdsKqOJ', '', NULL, 712013808, 'BUY_SUB', 17, 0, 0, 60000, 0.00, 1757319124, 'paid_with_wallet', 1, 0, NULL, NULL),
(270, 'a8fYfsDoa', '', NULL, 7404062632, 'BUY_SUB', 26, 0, 0, 60000, 0.00, 1757325781, 'paid_with_wallet', 1, 0, NULL, NULL),
(271, '9hwAg63zd', '', NULL, 7404062632, 'BUY_SUB', 26, 0, 0, 60000, 0.00, 1757339870, 'paid_with_wallet', 1, 0, NULL, NULL),
(272, 'Q2i8FJVNk', '', NULL, 712013808, 'BUY_SUB', 17, 0, 0, 60000, 0.00, 1757343856, 'paid_with_wallet', 1, 0, NULL, NULL),
(273, 'IuWaZeymi', '', NULL, 7404062632, 'BUY_SUB', 26, 0, 0, 60000, 0.00, 1757344860, 'paid_with_wallet', 1, 0, NULL, NULL),
(274, 'YLB2ArHfx', '', NULL, 458262492, 'BUY_SUB', 17, 0, 0, 65000, 0.00, 1757359117, 'paid_with_wallet', 1, 0, NULL, NULL),
(275, 'sMcSbyNjv', '', NULL, 712013808, 'BUY_SUB', 17, 0, 0, 60000, 0.00, 1757359145, 'paid_with_wallet', 1, 0, NULL, NULL),
(276, 'k38aTQKNq', '', NULL, 7404062632, 'BUY_SUB', 26, 0, 0, 60000, 0.00, 1757405588, 'paid_with_wallet', 1, 0, NULL, NULL),
(277, 'twWym98Tb', '', NULL, 7404062632, 'BUY_SUB', 26, 0, 0, 60000, 0.00, 1757436380, 'paid_with_wallet', 1, 0, NULL, NULL),
(278, 'Ps3dwjl6G', '', NULL, 7404062632, 'BUY_SUB', 26, 0, 0, 60000, 0.00, 1757437864, 'paid_with_wallet', 1, 0, NULL, NULL),
(279, 'tojnWfAbW', '', NULL, 7404062632, 'BUY_SUB', 26, 0, 0, 60000, 0.00, 1757490628, 'paid_with_wallet', 1, 0, NULL, NULL),
(280, 'vmlhDZmmp', '', NULL, 7404062632, 'BUY_SUB', 26, 0, 0, 60000, 0.00, 1757496485, 'paid_with_wallet', 1, 0, NULL, NULL),
(281, 'WsfR6CjnY', '', NULL, 712013808, 'BUY_SUB', 17, 0, 0, 60000, 0.00, 1757496794, 'paid_with_wallet', 1, 0, NULL, NULL),
(282, 'vLgUm2iJx', NULL, NULL, 712013808, 'RENEW_ACCOUNT', 546, 0, 0, 60000, 0.00, 1757520538, 'paid_with_wallet', 0, 0, NULL, NULL),
(283, 'frmSJlpHj', '', NULL, 7404062632, 'BUY_SUB', 16, 0, 0, 45000, 0.00, 1757522150, 'paid_with_wallet', 1, 0, NULL, NULL),
(284, 'A9okvE4kv', '', NULL, 7404062632, 'BUY_SUB', 26, 0, 0, 60000, 0.00, 1757522774, 'paid_with_wallet', 1, 0, NULL, NULL),
(285, 'AswdTX9fP', '', NULL, 458262492, 'BUY_SUB', 21, 0, 0, 32500, 0.00, 1757528404, 'paid_with_wallet', 1, 0, NULL, NULL),
(286, 'M7POO9DIi', '', NULL, 458262492, 'BUY_SUB', 20, 0, 0, 58500, 0.00, 1757531774, 'paid_with_wallet', 1, 0, NULL, NULL),
(287, 'WM7TOcr57', '', NULL, 7404062632, 'BUY_SUB', 26, 0, 0, 60000, 0.00, 1757577934, 'paid_with_wallet', 1, 0, NULL, NULL),
(289, 'WBB8CqSUR', NULL, NULL, 458262492, 'INCREASE_WALLET', 0, 0, 0, 250000, 0.00, 1757590617, 'approved', 0, 0, 9338, '380369625'),
(290, 'd11ZVoRce', '', NULL, 7404062632, 'BUY_SUB', 26, 0, 0, 60000, 0.00, 1757594366, 'paid_with_wallet', 1, 0, NULL, NULL),
(291, 'eIZXsQtSM', '', NULL, 458262492, 'BUY_SUB', 26, 0, 0, 65000, 0.00, 1757596035, 'paid_with_wallet', 1, 0, NULL, NULL),
(292, 'TamxmDwvK', '', NULL, 7404062632, 'BUY_SUB', 26, 0, 0, 60000, 0.00, 1757600073, 'paid_with_wallet', 1, 0, NULL, NULL),
(293, 'uYjh9QpJF', '', NULL, 458262492, 'BUY_SUB', 20, 0, 0, 58500, 0.00, 1757601101, 'paid_with_wallet', 1, 0, NULL, NULL),
(294, 'Yr5l5a5dA', '', NULL, 7404062632, 'BUY_SUB', 26, 0, 0, 60000, 0.00, 1757605445, 'paid_with_wallet', 1, 0, NULL, NULL),
(295, 'QbMmUH4Et', '', NULL, 712013808, 'BUY_SUB', 17, 0, 0, 60000, 0.00, 1757610935, 'paid_with_wallet', 1, 0, NULL, NULL),
(296, 'ePoPCeKS1', '', NULL, 7404062632, 'BUY_SUB', 26, 0, 0, 60000, 0.00, 1757667498, 'paid_with_wallet', 1, 0, NULL, NULL),
(297, 'IpHSBds7c', '', NULL, 7404062632, 'BUY_SUB', 26, 0, 0, 60000, 0.00, 1757685713, 'paid_with_wallet', 1, 0, NULL, NULL),
(298, 'b41NKe8RS', '', NULL, 7404062632, 'BUY_SUB', 26, 0, 0, 60000, 0.00, 1757746180, 'paid_with_wallet', 1, 0, NULL, NULL),
(299, 'Sdjn7ZyfL', '', NULL, 7404062632, 'BUY_SUB', 26, 0, 0, 60000, 0.00, 1757753770, 'paid_with_wallet', 1, 0, NULL, NULL),
(300, '6wQwGnMVB', '', NULL, 7404062632, 'BUY_SUB', 26, 0, 0, 60000, 0.00, 1757756701, 'paid_with_wallet', 1, 0, NULL, NULL),
(301, '4oLrVDcJI', '', NULL, 7404062632, 'BUY_SUB', 26, 0, 0, 60000, 0.00, 1757760112, 'paid_with_wallet', 1, 0, NULL, NULL),
(302, 'jN6pP96VZ', '', NULL, 7404062632, 'BUY_SUB', 26, 0, 0, 60000, 0.00, 1757763126, 'paid_with_wallet', 1, 0, NULL, NULL),
(303, 'L7gbjaXj6', '', NULL, 7404062632, 'BUY_SUB', 16, 0, 0, 45000, 0.00, 1757763719, 'paid_with_wallet', 1, 0, NULL, NULL),
(304, 'cXlEF6uCY', '', NULL, 7404062632, 'BUY_SUB', 16, 0, 0, 45000, 0.00, 1757764611, 'paid_with_wallet', 1, 0, NULL, NULL),
(305, 'nckn5VtFh', '', NULL, 7404062632, 'BUY_SUB', 26, 0, 0, 60000, 0.00, 1757767984, 'paid_with_wallet', 1, 0, NULL, NULL),
(306, 'K8qFIfgYJ', '', NULL, 7404062632, 'BUY_SUB', 26, 0, 0, 60000, 0.00, 1757775572, 'paid_with_wallet', 1, 0, NULL, NULL),
(307, 'qwEOKkhmg', '', NULL, 7404062632, 'BUY_SUB', 26, 0, 0, 60000, 0.00, 1757837434, 'paid_with_wallet', 1, 0, NULL, NULL),
(308, 'RdZKhvFmV', '', NULL, 712013808, 'BUY_SUB', 17, 0, 0, 60000, 0.00, 1757839878, 'paid_with_wallet', 1, 0, NULL, NULL),
(309, 'cH7bqcrL3', NULL, NULL, 712013808, 'RENEW_ACCOUNT', 391, 0, 0, 60000, 0.00, 1757850682, 'paid_with_wallet', 0, 0, NULL, NULL),
(310, '7PO67mLhv', '', NULL, 7404062632, 'BUY_SUB', 26, 0, 0, 60000, 0.00, 1757852934, 'paid_with_wallet', 1, 0, NULL, NULL),
(311, 'YAPcrGR9p', '', NULL, 7404062632, 'BUY_SUB', 26, 0, 0, 60000, 0.00, 1757854866, 'paid_with_wallet', 1, 0, NULL, NULL),
(312, 'e3h6bahRL', '', NULL, 458262492, 'BUY_SUB', 26, 0, 0, 65000, 0.00, 1757859059, 'paid_with_wallet', 1, 0, NULL, NULL),
(313, 'k6dGXVSap', '', NULL, 7404062632, 'BUY_SUB', 26, 0, 0, 60000, 0.00, 1757868585, 'paid_with_wallet', 1, 0, NULL, NULL),
(314, '1Fmw9ULRi', '', NULL, 7404062632, 'BUY_SUB', 26, 0, 0, 60000, 0.00, 1757926494, 'paid_with_wallet', 1, 0, NULL, NULL),
(315, 'T6AYUcALw', '', NULL, 7404062632, 'BUY_SUB', 26, 0, 0, 60000, 0.00, 1757949113, 'paid_with_wallet', 1, 0, NULL, NULL),
(316, 'bgF7BzfJd', '', NULL, 7404062632, 'BUY_SUB', 26, 0, 0, 60000, 0.00, 1757949810, 'paid_with_wallet', 1, 0, NULL, NULL),
(317, 'pouknNi5e', NULL, NULL, 712013808, 'RENEW_ACCOUNT', 591, 0, 0, 60000, 0.00, 1757957144, 'paid_with_wallet', 0, 0, NULL, NULL),
(318, '7fckLTgLw', '', NULL, 712013808, 'BUY_SUB', 17, 0, 0, 60000, 0.00, 1758003523, 'paid_with_wallet', 1, 0, NULL, NULL),
(319, 'HEz8upHYJ', '', NULL, 7404062632, 'BUY_SUB', 26, 0, 0, 60000, 0.00, 1758009122, 'paid_with_wallet', 1, 0, NULL, NULL),
(320, 'Am81kY6L3', '', NULL, 7404062632, 'BUY_SUB', 26, 0, 0, 60000, 0.00, 1758011923, 'paid_with_wallet', 1, 0, NULL, NULL),
(321, 'EE9u2Fw2M', '', NULL, 712013808, 'BUY_SUB', 17, 0, 0, 60000, 0.00, 1758025032, 'paid_with_wallet', 1, 0, NULL, NULL),
(322, 'kWMF1gQl8', '', NULL, 712013808, 'BUY_SUB', 17, 0, 0, 60000, 0.00, 1758093188, 'paid_with_wallet', 1, 0, NULL, NULL),
(323, '1qfg6loKx', '', NULL, 7404062632, 'BUY_SUB', 26, 0, 0, 60000, 0.00, 1758100164, 'paid_with_wallet', 1, 0, NULL, NULL),
(324, 'c6CfaJ39P', '', NULL, 7404062632, 'BUY_SUB', 26, 0, 0, 60000, 0.00, 1758102149, 'paid_with_wallet', 1, 0, NULL, NULL),
(325, 'iU69myF2M', '', NULL, 458262492, 'BUY_SUB', 17, 0, 0, 65000, 0.00, 1758107212, 'paid_with_wallet', 1, 0, NULL, NULL),
(326, 'hbmuQEOvR', '', NULL, 7404062632, 'BUY_SUB', 26, 0, 0, 60000, 0.00, 1758108916, 'paid_with_wallet', 1, 0, NULL, NULL),
(327, '2EInFn8tw', '', NULL, 7404062632, 'BUY_SUB', 20, 0, 0, 54000, 0.00, 1758109744, 'paid_with_wallet', 1, 0, NULL, NULL),
(328, 'AmsssOK11', '', NULL, 712013808, 'BUY_SUB', 17, 0, 0, 60000, 0.00, 1758116007, 'paid_with_wallet', 1, 0, NULL, NULL),
(329, 'BtPLsjz48', '', NULL, 7404062632, 'BUY_SUB', 20, 0, 0, 54000, 0.00, 1758118151, 'paid_with_wallet', 1, 0, NULL, NULL),
(330, '1A9ZSHbPQ', '', NULL, 7404062632, 'BUY_SUB', 26, 0, 0, 60000, 0.00, 1758127838, 'paid_with_wallet', 1, 0, NULL, NULL),
(331, 'qBjG8VNqB', '', NULL, 7404062632, 'BUY_SUB', 20, 0, 0, 54000, 0.00, 1758131588, 'paid_with_wallet', 1, 0, NULL, NULL),
(332, 'CzEIdPFah', '', NULL, 712013808, 'BUY_SUB', 17, 0, 0, 60000, 0.00, 1758135690, 'paid_with_wallet', 1, 0, NULL, NULL),
(334, 'FEygBK97w', '', NULL, 712013808, 'BUY_SUB', 17, 0, 0, 60000, 0.00, 1758179516, 'paid_with_wallet', 1, 0, NULL, NULL),
(335, 'kkcIApDmC', '', NULL, 712013808, 'BUY_SUB', 17, 0, 0, 60000, 0.00, 1758182114, 'paid_with_wallet', 1, 0, NULL, NULL),
(336, '8go17Rd44', NULL, NULL, 458262492, 'INCREASE_WALLET', 0, 0, 0, 250000, 0.00, 1758183109, 'approved', 0, 0, 9788, '380369625'),
(337, 'ru2WgTQS9', '', NULL, 458262492, 'BUY_SUB', 17, 0, 0, 65000, 0.00, 1758183527, 'paid_with_wallet', 1, 0, NULL, NULL),
(338, 'juq4tGgtZ', '', NULL, 7404062632, 'BUY_SUB', 17, 0, 0, 60000, 0.00, 1758184043, 'paid_with_wallet', 1, 0, NULL, NULL),
(339, 'kzjqok4gu', '', NULL, 458262492, 'BUY_SUB', 17, 0, 0, 65000, 0.00, 1758186298, 'paid_with_wallet', 1, 0, NULL, NULL),
(340, 'VnXiF9rcl', '', NULL, 458262492, 'BUY_SUB', 26, 0, 0, 65000, 0.00, 1758197606, 'paid_with_wallet', 1, 0, NULL, NULL),
(341, 'rjTgfkxlN', '', NULL, 7404062632, 'BUY_SUB', 17, 0, 0, 60000, 0.00, 1758204534, 'paid_with_wallet', 1, 0, NULL, NULL),
(342, 'KlQOp86mZ', '', NULL, 7404062632, 'BUY_SUB', 17, 0, 0, 60000, 0.00, 1758206240, 'paid_with_wallet', 1, 0, NULL, NULL),
(343, 'xQ96iU2yU', '', NULL, 7404062632, 'BUY_SUB', 17, 0, 0, 60000, 0.00, 1758219768, 'paid_with_wallet', 1, 0, NULL, NULL),
(344, 'CXBjzWB7r', '', NULL, 712013808, 'BUY_SUB', 17, 0, 0, 60000, 0.00, 1758359033, 'paid_with_wallet', 1, 0, NULL, NULL),
(345, 'KlEFUgOPx', '', NULL, 7404062632, 'BUY_SUB', 17, 0, 0, 60000, 0.00, 1758359470, 'paid_with_wallet', 1, 0, NULL, NULL),
(346, 'ElOE5SsKL', '', NULL, 712013808, 'BUY_SUB', 17, 0, 0, 60000, 0.00, 1758377407, 'paid_with_wallet', 1, 0, NULL, NULL),
(347, '8v5XWPNMk', '', NULL, 7404062632, 'BUY_SUB', 16, 0, 0, 45000, 0.00, 1758377737, 'paid_with_wallet', 1, 0, NULL, NULL),
(348, 'a3A1jpURI', '', NULL, 458262492, 'BUY_SUB', 17, 0, 0, 65000, 0.00, 1758382012, 'paid_with_wallet', 1, 0, NULL, NULL),
(349, 'a4ietdSDi', NULL, NULL, 712013808, 'RENEW_ACCOUNT', 466, 0, 0, 60000, 0.00, 1758383845, 'paid_with_wallet', 0, 0, NULL, NULL),
(351, 'mYOcZRmlX', NULL, NULL, 458262492, 'INCREASE_WALLET', 0, 0, 0, 250000, 0.00, 1758386445, 'approved', 0, 0, 9948, '380369625'),
(352, 'F1j3jbSco', '', NULL, 7404062632, 'BUY_SUB', 17, 0, 0, 60000, 0.00, 1758388107, 'paid_with_wallet', 1, 0, NULL, NULL),
(353, 'JBzRkYZGi', '', NULL, 458262492, 'BUY_SUB', 22, 0, 0, 45500, 0.00, 1758397575, 'paid_with_wallet', 1, 0, NULL, NULL),
(354, 'hoUOYqMIY', '', NULL, 458262492, 'BUY_SUB', 16, 0, 0, 48750, 0.00, 1758397607, 'paid_with_wallet', 1, 0, NULL, NULL),
(355, 'Z3eIVvbJg', '', NULL, 7404062632, 'BUY_SUB', 20, 0, 0, 54000, 0.00, 1758440346, 'paid_with_wallet', 1, 0, NULL, NULL),
(356, '8ZcRCTvdS', '', NULL, 7404062632, 'BUY_SUB', 20, 0, 0, 54000, 0.00, 1758440723, 'paid_with_wallet', 1, 0, NULL, NULL),
(357, 'FUNtFY15r', '', NULL, 7404062632, 'BUY_SUB', 17, 0, 0, 60000, 0.00, 1758465830, 'paid_with_wallet', 1, 0, NULL, NULL),
(358, 'df9zXmDVZ', '', NULL, 712013808, 'BUY_SUB', 17, 0, 0, 60000, 0.00, 1758539219, 'paid_with_wallet', 1, 0, NULL, NULL),
(359, 'gOaIE1YlD', '', NULL, 458262492, 'BUY_SUB', 17, 0, 0, 65000, 0.00, 1758550534, 'paid_with_wallet', 1, 0, NULL, NULL),
(360, 'IAFeT9PIM', '', NULL, 7404062632, 'BUY_SUB', 26, 0, 0, 60000, 0.00, 1758566872, 'paid_with_wallet', 1, 0, NULL, NULL),
(361, '5KuGNfZTo', '', NULL, 7404062632, 'BUY_SUB', 17, 0, 0, 60000, 0.00, 1758610321, 'paid_with_wallet', 1, 0, NULL, NULL),
(362, 'PlUqaj8QK', '', NULL, 458262492, 'BUY_SUB', 17, 0, 0, 65000, 0.00, 1758610661, 'paid_with_wallet', 1, 0, NULL, NULL),
(363, 'CjEUz9Uoa', '', NULL, 7404062632, 'BUY_SUB', 17, 0, 0, 60000, 0.00, 1758613185, 'paid_with_wallet', 1, 0, NULL, NULL),
(364, 'i71tXSH3k', '', NULL, 7404062632, 'BUY_SUB', 17, 0, 0, 60000, 0.00, 1758628753, 'paid_with_wallet', 1, 0, NULL, NULL),
(366, 'wikZ2hLFa', '', NULL, 7404062632, 'BUY_SUB', 29, 0, 0, 66000, 0.00, 1758652851, 'paid_with_wallet', 1, 0, NULL, NULL),
(367, 'EVPA65TAa', '', NULL, 7404062632, 'BUY_SUB', 17, 0, 0, 60000, 0.00, 1758722777, 'paid_with_wallet', 1, 0, NULL, NULL),
(368, 'gouD7WP7j', '', NULL, 7404062632, 'BUY_SUB', 17, 0, 0, 60000, 0.00, 1758737127, 'paid_with_wallet', 1, 0, NULL, NULL),
(369, 'HeuT99pwx', '', NULL, 7404062632, 'BUY_SUB', 17, 0, 0, 60000, 0.00, 1758795284, 'paid_with_wallet', 1, 0, NULL, NULL),
(370, 'JxJpBZJ3X', '', NULL, 7404062632, 'BUY_SUB', 17, 0, 0, 60000, 0.00, 1758795338, 'paid_with_wallet', 1, 0, NULL, NULL),
(371, 'n6M8wmleL', '', NULL, 7404062632, 'BUY_SUB', 17, 0, 0, 60000, 0.00, 1758801445, 'paid_with_wallet', 1, 0, NULL, NULL),
(372, 'mmZVfhvTX', NULL, NULL, 458262492, 'INCREASE_WALLET', 0, 0, 0, 250000, 0.00, 1758806017, 'approved', 0, 0, 10199, '380369625'),
(373, 'vHPCaUJ7M', '', NULL, 458262492, 'BUY_SUB', 26, 0, 0, 65000, 0.00, 1758806351, 'paid_with_wallet', 1, 0, NULL, NULL),
(374, 'wDXqTTwXI', '', NULL, 458262492, 'BUY_SUB', 26, 0, 0, 65000, 0.00, 1758806396, 'paid_with_wallet', 1, 0, NULL, NULL),
(375, 'YpHc9xds1', '', NULL, 7404062632, 'BUY_SUB', 16, 0, 0, 45000, 0.00, 1758806907, 'paid_with_wallet', 1, 0, NULL, NULL),
(376, 'D9VRbFTCx', '', NULL, 7404062632, 'BUY_SUB', 17, 0, 0, 60000, 0.00, 1758813273, 'paid_with_wallet', 1, 0, NULL, NULL),
(377, 'tpghI3SA8', '', NULL, 458262492, 'BUY_SUB', 17, 0, 0, 65000, 0.00, 1758819702, 'paid_with_wallet', 1, 0, NULL, NULL),
(378, 'mYubiVGnq', '', NULL, 7404062632, 'BUY_SUB', 17, 0, 0, 60000, 0.00, 1758822049, 'paid_with_wallet', 1, 0, NULL, NULL),
(379, 'CgyJnWiFY', '', NULL, 1893354822, 'BUY_SUB', 29, 0, 0, 99000, 0.00, 1758827139, 'pending', 1, 0, NULL, NULL),
(380, 'Vr6TlImYb', '', NULL, 7404062632, 'BUY_SUB', 17, 0, 0, 60000, 0.00, 1758871499, 'paid_with_wallet', 1, 0, NULL, NULL),
(381, 'OArndGniY', '', NULL, 458262492, 'BUY_SUB', 28, 0, 0, 84500, 0.00, 1758913513, 'paid_with_wallet', 1, 0, NULL, NULL),
(382, 'neLBd6zmD', NULL, NULL, 712013808, 'RENEW_ACCOUNT', 641, 0, 0, 60000, 0.00, 1758960552, 'paid_with_wallet', 0, 0, NULL, NULL),
(384, 'VrddwmnW6', '', NULL, 712013808, 'BUY_SUB', 17, 0, 0, 60000, 0.00, 1758977763, 'paid_with_wallet', 1, 0, NULL, NULL),
(385, 'R7XgCdb51', '', NULL, 7404062632, 'BUY_SUB', 17, 0, 0, 60000, 0.00, 1758986143, 'paid_with_wallet', 1, 0, NULL, NULL),
(386, 'fQ12kOUzv', '', NULL, 7404062632, 'BUY_SUB', 17, 0, 0, 60000, 0.00, 1758990337, 'paid_with_wallet', 1, 0, NULL, NULL),
(387, 'pWoQO2259', NULL, NULL, 458262492, 'INCREASE_WALLET', 0, 0, 0, 250000, 0.00, 1758994769, 'approved', 0, 0, 10371, '380369625'),
(388, 'KDXSja8rH', '', NULL, 458262492, 'BUY_SUB', 28, 0, 0, 84500, 0.00, 1758997155, 'paid_with_wallet', 1, 0, NULL, NULL),
(389, 'AaHhVpBsq', '', NULL, 7404062632, 'BUY_SUB', 17, 0, 0, 60000, 0.00, 1759050208, 'paid_with_wallet', 1, 0, NULL, NULL),
(390, 'AROf7TOGi', '', NULL, 7404062632, 'BUY_SUB', 17, 0, 0, 60000, 0.00, 1759136545, 'paid_with_wallet', 1, 0, NULL, NULL),
(391, 'ngrkRN2f6', '', NULL, 7404062632, 'BUY_SUB', 17, 0, 0, 60000, 0.00, 1759149247, 'paid_with_wallet', 1, 0, NULL, NULL),
(392, 'VGqmBwlrs', '', NULL, 712013808, 'BUY_SUB', 17, 0, 0, 60000, 0.00, 1759150915, 'paid_with_wallet', 1, 0, NULL, NULL),
(393, 'hZgSltQ7H', '', NULL, 458262492, 'BUY_SUB', 17, 0, 0, 65000, 0.00, 1759155041, 'paid_with_wallet', 1, 0, NULL, NULL),
(394, 'Bny2OfSzX', '', NULL, 712013808, 'BUY_SUB', 17, 0, 0, 60000, 0.00, 1759156844, 'paid_with_wallet', 1, 0, NULL, NULL),
(395, 'fLyDdD6PA', '', NULL, 7404062632, 'BUY_SUB', 17, 0, 0, 60000, 0.00, 1759169425, 'paid_with_wallet', 1, 0, NULL, NULL),
(396, '3fGse95uz', '', NULL, 7404062632, 'BUY_SUB', 17, 0, 0, 60000, 0.00, 1759169534, 'paid_with_wallet', 1, 0, NULL, NULL),
(397, 'PGGVvNzKN', '', NULL, 712013808, 'BUY_SUB', 17, 0, 0, 60000, 0.00, 1759239218, 'paid_with_wallet', 1, 0, NULL, NULL),
(398, 'QycHYyJel', '', NULL, 712013808, 'BUY_SUB', 17, 0, 0, 60000, 0.00, 1759306997, 'paid_with_wallet', 1, 0, NULL, NULL),
(399, 'dHn71Ab93', '', NULL, 458262492, 'BUY_SUB', 17, 0, 0, 65000, 0.00, 1759315958, 'paid_with_wallet', 1, 0, NULL, NULL),
(400, '2eC37Hzpe', '', NULL, 7404062632, 'BUY_SUB', 17, 0, 0, 60000, 0.00, 1759391881, 'paid_with_wallet', 1, 0, NULL, NULL),
(401, 'QfV1j3NiR', '', NULL, 712013808, 'BUY_SUB', 17, 0, 0, 60000, 0.00, 1759393150, 'paid_with_wallet', 1, 0, NULL, NULL),
(402, 'X11ZV2Gbs', NULL, NULL, 712013808, 'RENEW_ACCOUNT', 698, 0, 0, 60000, 0.00, 1759403150, 'paid_with_wallet', 0, 0, NULL, NULL),
(403, 'k761qVL6A', '', NULL, 7404062632, 'BUY_SUB', 17, 0, 0, 60000, 0.00, 1759406421, 'paid_with_wallet', 1, 0, NULL, NULL),
(404, '9b8hdCtl9', '', NULL, 458262492, 'BUY_SUB', 20, 0, 0, 58500, 0.00, 1759412614, 'paid_with_wallet', 1, 0, NULL, NULL),
(405, '9VWuX6Kx1', '', NULL, 7404062632, 'BUY_SUB', 17, 0, 0, 60000, 0.00, 1759415054, 'paid_with_wallet', 1, 0, NULL, NULL),
(406, '5rnswGGdv', '', NULL, 712013808, 'BUY_SUB', 17, 0, 0, 60000, 0.00, 1759422045, 'paid_with_wallet', 1, 0, NULL, NULL),
(407, 'xzjM29Bqk', '', NULL, 7404062632, 'BUY_SUB', 17, 0, 0, 60000, 0.00, 1759500834, 'paid_with_wallet', 1, 0, NULL, NULL),
(408, 'CU5KsXsK1', '', NULL, 7404062632, 'BUY_SUB', 17, 0, 0, 60000, 0.00, 1759500875, 'paid_with_wallet', 1, 0, NULL, NULL),
(409, 'z7HxLjkCI', '', NULL, 712013808, 'BUY_SUB', 17, 0, 0, 60000, 0.00, 1759501059, 'paid_with_wallet', 1, 0, NULL, NULL),
(410, '3OSYUMY7q', '', NULL, 712013808, 'BUY_SUB', 17, 0, 0, 60000, 0.00, 1759502533, 'paid_with_wallet', 1, 0, NULL, NULL),
(411, 'NJOHPI3i2', '', NULL, 7404062632, 'BUY_SUB', 17, 0, 0, 60000, 0.00, 1759568812, 'paid_with_wallet', 1, 0, NULL, NULL),
(413, 'nYS7bX16J', NULL, NULL, 458262492, 'INCREASE_WALLET', 0, 0, 0, 250000, 0.00, 1759582045, 'approved', 0, 0, 10753, '380369625'),
(414, '6xMKP7bcy', '', NULL, 458262492, 'BUY_SUB', 26, 0, 0, 65000, 0.00, 1759582161, 'paid_with_wallet', 1, 0, NULL, NULL),
(415, 'vzBa33Azj', '', NULL, 7404062632, 'BUY_SUB', 17, 0, 0, 60000, 0.00, 1759590681, 'paid_with_wallet', 1, 0, NULL, NULL);
INSERT INTO `pays` (`id`, `hash_id`, `description`, `payid`, `user_id`, `type`, `plan_id`, `volume`, `day`, `price`, `tron_price`, `request_date`, `state`, `agent_bought`, `agent_count`, `message_id`, `chat_id`) VALUES
(416, 'h2L6ZhfvJ', '', NULL, 7404062632, 'BUY_SUB', 17, 0, 0, 60000, 0.00, 1759653140, 'paid_with_wallet', 1, 0, NULL, NULL),
(417, 'p4gERvnbF', '', NULL, 7404062632, 'BUY_SUB', 17, 0, 0, 60000, 0.00, 1759661546, 'paid_with_wallet', 1, 0, NULL, NULL),
(418, 'lnR63BYb7', '', NULL, 7404062632, 'BUY_SUB', 17, 0, 0, 60000, 0.00, 1759661626, 'paid_with_wallet', 1, 0, NULL, NULL),
(419, 'RkbORdCZI', NULL, NULL, 712013808, 'RENEW_ACCOUNT', 711, 0, 0, 60000, 0.00, 1759669798, 'paid_with_wallet', 0, 0, NULL, NULL),
(420, '6U2ZCD9TG', '', NULL, 712013808, 'BUY_SUB', 17, 0, 0, 60000, 0.00, 1759727991, 'paid_with_wallet', 1, 0, NULL, NULL),
(421, 'UWKmEYuOR', '', NULL, 712013808, 'BUY_SUB', 17, 0, 0, 60000, 0.00, 1759731136, 'paid_with_wallet', 1, 0, NULL, NULL),
(422, 'PEKJo7tJ6', '', NULL, 7404062632, 'BUY_SUB', 17, 0, 0, 60000, 0.00, 1759733150, 'paid_with_wallet', 1, 0, NULL, NULL),
(423, 'W8thbisxS', '', NULL, 458262492, 'BUY_SUB', 17, 0, 0, 65000, 0.00, 1759735389, 'paid_with_wallet', 1, 0, NULL, NULL),
(424, 'PSNMWAAM1', '', NULL, 7404062632, 'BUY_SUB', 26, 0, 0, 60000, 0.00, 1759749883, 'paid_with_wallet', 1, 0, NULL, NULL),
(425, 'y5HC3mYnX', '', NULL, 7404062632, 'BUY_SUB', 26, 0, 0, 60000, 0.00, 1759749970, 'paid_with_wallet', 1, 0, NULL, NULL),
(426, 'MExuy4mNI', '', NULL, 712013808, 'BUY_SUB', 17, 0, 0, 60000, 0.00, 1759764781, 'paid_with_wallet', 1, 0, NULL, NULL),
(427, '21Hw1BwJk', '', NULL, 712013808, 'BUY_SUB', 17, 0, 0, 60000, 0.00, 1759764814, 'paid_with_wallet', 1, 0, NULL, NULL),
(428, 'kOMqN9ltg', '', NULL, 712013808, 'BUY_SUB', 17, 0, 0, 60000, 0.00, 1759764840, 'paid_with_wallet', 1, 0, NULL, NULL),
(429, 'TJFeqMQ9N', '', NULL, 712013808, 'BUY_SUB', 17, 0, 0, 60000, 0.00, 1759764858, 'paid_with_wallet', 1, 0, NULL, NULL),
(430, 'tBTj4F5Km', '', NULL, 7404062632, 'BUY_SUB', 26, 0, 0, 60000, 0.00, 1759765922, 'paid_with_wallet', 1, 0, NULL, NULL),
(431, 'NB2Jses1S', '', NULL, 7404062632, 'BUY_SUB', 26, 0, 0, 60000, 0.00, 1759766003, 'paid_with_wallet', 1, 0, NULL, NULL),
(432, 'IipcTIiFC', '', NULL, 458262492, 'BUY_SUB', 26, 0, 0, 65000, 0.00, 1759773951, 'paid_with_wallet', 1, 0, NULL, NULL),
(433, '3S53d5Xyy', '', NULL, 7404062632, 'BUY_SUB', 17, 0, 0, 60000, 0.00, 1759841902, 'paid_with_wallet', 1, 0, NULL, NULL),
(434, 'nMPIB19LB', '', NULL, 7404062632, 'BUY_SUB', 17, 0, 0, 60000, 0.00, 1759860666, 'paid_with_wallet', 1, 0, NULL, NULL),
(435, 'zbwBodUN2', '', NULL, 7404062632, 'BUY_SUB', 26, 0, 0, 60000, 0.00, 1759907663, 'paid_with_wallet', 1, 0, NULL, NULL),
(436, 'UjeLmzO6O', '', NULL, 7404062632, 'BUY_SUB', 26, 0, 0, 60000, 0.00, 1759909702, 'paid_with_wallet', 1, 0, NULL, NULL),
(437, 'lly3GhFLU', '', NULL, 7404062632, 'BUY_SUB', 26, 0, 0, 60000, 0.00, 1759910806, 'paid_with_wallet', 1, 0, NULL, NULL),
(438, 'Pv6jKmdLB', '', NULL, 712013808, 'BUY_SUB', 17, 0, 0, 60000, 0.00, 1759918780, 'paid_with_wallet', 1, 0, NULL, NULL),
(439, '2dSBCmEMo', '', NULL, 7404062632, 'BUY_SUB', 26, 0, 0, 60000, 0.00, 1759928096, 'paid_with_wallet', 1, 0, NULL, NULL),
(440, 'o5asHxMQP', '', NULL, 712013808, 'BUY_SUB', 17, 0, 0, 60000, 0.00, 1759934293, 'paid_with_wallet', 1, 0, NULL, NULL),
(441, 'ot2fWQuiV', '', NULL, 712013808, 'BUY_SUB', 17, 0, 0, 60000, 0.00, 1759937690, 'paid_with_wallet', 1, 0, NULL, NULL),
(442, 'QgNzQqfsS', '', NULL, 712013808, 'BUY_SUB', 17, 0, 0, 60000, 0.00, 1759938149, 'paid_with_wallet', 1, 0, NULL, NULL),
(443, 'xuZVXD17Z', '', NULL, 712013808, 'BUY_SUB', 17, 0, 0, 60000, 0.00, 1759938425, 'paid_with_wallet', 1, 0, NULL, NULL),
(444, 'fdP7aFpm7', '', NULL, 7404062632, 'BUY_SUB', 26, 0, 0, 60000, 0.00, 1759997785, 'paid_with_wallet', 1, 0, NULL, NULL),
(445, 'MQR4yhCMX', '', NULL, 458262492, 'BUY_SUB', 17, 0, 0, 65000, 0.00, 1760002139, 'paid_with_wallet', 1, 0, NULL, NULL),
(446, 'unWdaVsPq', '', NULL, 7404062632, 'BUY_SUB', 26, 0, 0, 60000, 0.00, 1760017434, 'paid_with_wallet', 1, 0, NULL, NULL),
(447, 'EPY1gYsJv', '', NULL, 7404062632, 'BUY_SUB', 26, 0, 0, 60000, 0.00, 1760028939, 'paid_with_wallet', 1, 0, NULL, NULL),
(448, 'RSsPKbH8d', '', NULL, 7404062632, 'BUY_SUB', 29, 0, 0, 66000, 0.00, 1760103147, 'paid_with_wallet', 1, 0, NULL, NULL),
(449, 'Gxq355lR2', '', NULL, 7404062632, 'BUY_SUB', 17, 0, 0, 60000, 0.00, 1760112855, 'paid_with_wallet', 1, 0, NULL, NULL),
(450, 'oV7X8HX5o', '', NULL, 712013808, 'BUY_SUB', 17, 0, 0, 60000, 0.00, 1760164076, 'paid_with_wallet', 1, 0, NULL, NULL),
(451, 'p3UZGNRDd', '', NULL, 7404062632, 'BUY_SUB', 17, 0, 0, 60000, 0.00, 1760167361, 'paid_with_wallet', 1, 0, NULL, NULL),
(452, 'DSMrTwe15', '', NULL, 712013808, 'BUY_SUB', 17, 0, 0, 60000, 0.00, 1760171332, 'paid_with_wallet', 1, 0, NULL, NULL),
(453, 'zvtjfuj6x', '', NULL, 7404062632, 'BUY_SUB', 26, 0, 0, 60000, 0.00, 1760173264, 'paid_with_wallet', 1, 0, NULL, NULL),
(454, 'b4iwz7QZh', '', NULL, 7404062632, 'BUY_SUB', 26, 0, 0, 60000, 0.00, 1760174337, 'paid_with_wallet', 1, 0, NULL, NULL),
(455, '1ZB3kVwhO', '', NULL, 7404062632, 'BUY_SUB', 26, 0, 0, 60000, 0.00, 1760174477, 'paid_with_wallet', 1, 0, NULL, NULL),
(456, 'RpqgXJkU9', '', NULL, 7404062632, 'BUY_SUB', 17, 0, 0, 60000, 0.00, 1760176849, 'paid_with_wallet', 1, 0, NULL, NULL),
(457, '4EQY3nINz', '', NULL, 7404062632, 'BUY_SUB', 26, 0, 0, 60000, 0.00, 1760201910, 'paid_with_wallet', 1, 0, NULL, NULL),
(458, 'KLAMJhaE1', '', NULL, 7404062632, 'BUY_SUB', 26, 0, 0, 60000, 0.00, 1760203897, 'paid_with_wallet', 1, 0, NULL, NULL),
(459, '3bRQdw17B', '', NULL, 7404062632, 'BUY_SUB', 26, 0, 0, 60000, 0.00, 1760252068, 'paid_with_wallet', 1, 0, NULL, NULL),
(460, 'k5MDwHBEb', '', NULL, 7404062632, 'BUY_SUB', 26, 0, 0, 60000, 0.00, 1760257928, 'paid_with_wallet', 1, 0, NULL, NULL),
(461, '6QFgYKGhO', '', NULL, 7404062632, 'BUY_SUB', 26, 0, 0, 60000, 0.00, 1760350199, 'paid_with_wallet', 1, 0, NULL, NULL),
(462, 'rSDOeYOkN', '', NULL, 712013808, 'BUY_SUB', 29, 0, 0, 66000, 0.00, 1760422729, 'paid_with_wallet', 1, 0, NULL, NULL),
(463, 'lgEfth85n', '', NULL, 7404062632, 'BUY_SUB', 26, 0, 0, 60000, 0.00, 1760425209, 'paid_with_wallet', 1, 0, NULL, NULL),
(464, 'ic72etwVA', '', NULL, 712013808, 'BUY_SUB', 17, 0, 0, 60000, 0.00, 1760435676, 'paid_with_wallet', 1, 0, NULL, NULL),
(466, '7GR2W2ioi', NULL, NULL, 458262492, 'INCREASE_WALLET', 0, 0, 0, 250000, 0.00, 1760452552, 'approved', 0, 0, 11412, '380369625'),
(467, 'XRHHFH9nV', '', NULL, 458262492, 'BUY_SUB', 26, 0, 0, 65000, 0.00, 1760452712, 'paid_with_wallet', 1, 0, NULL, NULL),
(468, 'TOtbiWykX', '', NULL, 7404062632, 'BUY_SUB', 26, 0, 0, 60000, 0.00, 1760457276, 'paid_with_wallet', 1, 0, NULL, NULL),
(469, 'wQx74EZLK', '', NULL, 7404062632, 'BUY_SUB', 26, 0, 0, 60000, 0.00, 1760460309, 'paid_with_wallet', 1, 0, NULL, NULL),
(470, 'FiKaO84LS', '', NULL, 7404062632, 'BUY_SUB', 26, 0, 0, 60000, 0.00, 1760463173, 'paid_with_wallet', 1, 0, NULL, NULL),
(471, 'uxxHsIevr', '', NULL, 7404062632, 'BUY_SUB', 26, 0, 0, 60000, 0.00, 1760468675, 'paid_with_wallet', 1, 0, NULL, NULL),
(472, 'spmB79jk8', '', NULL, 7404062632, 'BUY_SUB', 26, 0, 0, 60000, 0.00, 1760470398, 'paid_with_wallet', 1, 0, NULL, NULL),
(473, '7MJQ4SxWU', '', NULL, 7404062632, 'BUY_SUB', 26, 0, 0, 60000, 0.00, 1760511343, 'paid_with_wallet', 1, 0, NULL, NULL),
(474, 'sgE7J7itL', '', NULL, 458262492, 'BUY_SUB', 17, 0, 0, 65000, 0.00, 1760514820, 'paid_with_wallet', 1, 0, NULL, NULL),
(475, 'kJ82fQWwf', '', NULL, 7404062632, 'BUY_SUB', 26, 0, 0, 60000, 0.00, 1760519841, 'paid_with_wallet', 1, 0, NULL, NULL),
(476, '1Isoahusi', '', NULL, 712013808, 'BUY_SUB', 17, 0, 0, 60000, 0.00, 1760522760, 'paid_with_wallet', 1, 0, NULL, NULL),
(477, '76hNxmfEr', '', NULL, 458262492, 'BUY_SUB', 17, 0, 0, 65000, 0.00, 1760527142, 'paid_with_wallet', 1, 0, NULL, NULL),
(478, 'eiIMCwOta', '', NULL, 7404062632, 'BUY_SUB', 26, 0, 0, 60000, 0.00, 1760537417, 'paid_with_wallet', 1, 0, NULL, NULL),
(479, 'nc8JNhvtJ', '', NULL, 7404062632, 'BUY_SUB', 26, 0, 0, 60000, 0.00, 1760549056, 'paid_with_wallet', 1, 0, NULL, NULL),
(480, 'RaxsBWVcJ', NULL, NULL, 712013808, 'RENEW_ACCOUNT', 591, 0, 0, 60000, 0.00, 1760602141, 'paid_with_wallet', 0, 0, NULL, NULL),
(481, 'vs3PNMBo6', '', NULL, 7404062632, 'BUY_SUB', 26, 0, 0, 60000, 0.00, 1760625718, 'paid_with_wallet', 1, 0, NULL, NULL),
(483, 'toGsyizaz', '', NULL, 458262492, 'BUY_SUB', 17, 0, 0, 65000, 0.00, 1760626752, 'paid_with_wallet', 1, 0, NULL, NULL),
(485, 'Ujb9za2s8', '', NULL, 712013808, 'BUY_SUB', 17, 0, 0, 60000, 0.00, 1760641155, 'paid_with_wallet', 1, 0, NULL, NULL),
(486, 'wBDd1i3TN', '', NULL, 7404062632, 'BUY_SUB', 26, 0, 0, 60000, 0.00, 1760700304, 'paid_with_wallet', 1, 0, NULL, NULL),
(488, 'z7DZYJVnI', NULL, NULL, 458262492, 'INCREASE_WALLET', 0, 0, 0, 250000, 0.00, 1760711684, 'approved', 0, 0, 11616, '380369625'),
(489, 'Xv71hwZcj', '', NULL, 458262492, 'BUY_SUB', 26, 0, 0, 65000, 0.00, 1760711999, 'paid_with_wallet', 1, 0, NULL, NULL),
(490, 'i7TJeizpv', '', NULL, 458262492, 'BUY_SUB', 16, 0, 0, 48750, 0.00, 1760717751, 'paid_with_wallet', 1, 0, NULL, NULL),
(491, 'tBPcI2whM', '', NULL, 7404062632, 'BUY_SUB', 17, 0, 0, 60000, 0.00, 1760719598, 'paid_with_wallet', 1, 0, NULL, NULL),
(493, 'XOwH263nA', '', NULL, 712013808, 'BUY_SUB', 17, 0, 0, 60000, 0.00, 1760769731, 'paid_with_wallet', 1, 0, NULL, NULL),
(495, 'cYCmJzHT1', '', NULL, 712013808, 'BUY_SUB', 17, 0, 0, 60000, 0.00, 1760782975, 'paid_with_wallet', 1, 0, NULL, NULL),
(496, '4castT3ze', '', NULL, 7404062632, 'BUY_SUB', 26, 0, 0, 60000, 0.00, 1760791118, 'paid_with_wallet', 1, 0, NULL, NULL),
(497, 'v3iBB2N3d', '', NULL, 7404062632, 'BUY_SUB', 26, 0, 0, 60000, 0.00, 1760794901, 'paid_with_wallet', 1, 0, NULL, NULL),
(498, 'cEtUMIbXX', '', NULL, 7404062632, 'BUY_SUB', 26, 0, 0, 60000, 0.00, 1760796578, 'paid_with_wallet', 1, 0, NULL, NULL),
(500, 'G9xxOOVkt', '', NULL, 712013808, 'BUY_SUB', 28, 0, 0, 78000, 0.00, 1760800344, 'paid_with_wallet', 1, 0, NULL, NULL),
(501, 'yOxxhZzEM', '', NULL, 7404062632, 'BUY_SUB', 26, 0, 0, 60000, 0.00, 1760811296, 'paid_with_wallet', 1, 0, NULL, NULL),
(502, 'AY9gQ1kHM', '', NULL, 7404062632, 'BUY_SUB', 26, 0, 0, 60000, 0.00, 1760811763, 'paid_with_wallet', 1, 0, NULL, NULL),
(503, '16nMMqBOQ', '', NULL, 7404062632, 'BUY_SUB', 26, 0, 0, 60000, 0.00, 1760812486, 'paid_with_wallet', 1, 0, NULL, NULL),
(504, 'YP5RXB4Tr', '', NULL, 7404062632, 'BUY_SUB', 26, 0, 0, 60000, 0.00, 1760869646, 'paid_with_wallet', 1, 0, NULL, NULL),
(505, 'Hmmt2FI66', '', NULL, 712013808, 'BUY_SUB', 17, 0, 0, 60000, 0.00, 1760882690, 'paid_with_wallet', 1, 0, NULL, NULL),
(506, 'YzpKknnzd', '', NULL, 712013808, 'BUY_SUB', 28, 0, 0, 78000, 0.00, 1760951783, 'paid_with_wallet', 1, 0, NULL, NULL),
(507, 'eeqghWh3o', '', NULL, 458262492, 'BUY_SUB', 17, 0, 0, 65000, 0.00, 1760954315, 'paid_with_wallet', 1, 0, NULL, NULL),
(508, 'vzcWtu5i7', '', NULL, 7404062632, 'BUY_SUB', 26, 0, 0, 60000, 0.00, 1760957702, 'paid_with_wallet', 1, 0, NULL, NULL),
(509, 'X4dXnRZQP', '', NULL, 7404062632, 'BUY_SUB', 17, 0, 0, 60000, 0.00, 1760958449, 'paid_with_wallet', 1, 0, NULL, NULL),
(510, 'vh9IAS1Ax', '', NULL, 712013808, 'BUY_SUB', 17, 0, 0, 60000, 0.00, 1760958834, 'paid_with_wallet', 1, 0, NULL, NULL),
(511, 'F9gOu8kPn', '', NULL, 712013808, 'BUY_SUB', 17, 0, 0, 60000, 0.00, 1760959507, 'paid_with_wallet', 1, 0, NULL, NULL),
(512, 'LFQZlXu2f', '', NULL, 7404062632, 'BUY_SUB', 17, 0, 0, 60000, 0.00, 1760967336, 'paid_with_wallet', 1, 0, NULL, NULL),
(513, '9krOw9u6B', '', NULL, 7404062632, 'BUY_SUB', 17, 0, 0, 60000, 0.00, 1760974371, 'paid_with_wallet', 1, 0, NULL, NULL),
(514, 'zJbIm6Q65', '', NULL, 7404062632, 'BUY_SUB', 17, 0, 0, 60000, 0.00, 1760975878, 'paid_with_wallet', 1, 0, NULL, NULL),
(515, 'Nl9p3lKjw', '', NULL, 7404062632, 'BUY_SUB', 17, 0, 0, 60000, 0.00, 1760982152, 'paid_with_wallet', 1, 0, NULL, NULL),
(516, 'FNfWOz9So', '', NULL, 7404062632, 'BUY_SUB', 16, 0, 0, 45000, 0.00, 1760986446, 'paid_with_wallet', 1, 0, NULL, NULL),
(517, 'HUyuanJU8', '', NULL, 7067429517, 'BUY_SUB', 16, 0, 0, 48750, 0.00, 1761034166, 'paid_with_wallet', 1, 0, NULL, NULL),
(518, 'bNYsKhbO2', '', NULL, 7404062632, 'BUY_SUB', 17, 0, 0, 60000, 0.00, 1761039190, 'paid_with_wallet', 1, 0, NULL, NULL),
(519, 'WdgwCYeLu', '', NULL, 7404062632, 'BUY_SUB', 26, 0, 0, 60000, 0.00, 1761040245, 'paid_with_wallet', 1, 0, NULL, NULL),
(520, 'Hvda5HLMC', '', NULL, 7404062632, 'BUY_SUB', 17, 0, 0, 60000, 0.00, 1761049493, 'paid_with_wallet', 1, 0, NULL, NULL),
(521, 'cdLkeEB5f', '', NULL, 7404062632, 'BUY_SUB', 17, 0, 0, 60000, 0.00, 1761052831, 'paid_with_wallet', 1, 0, NULL, NULL),
(522, 'GtrvS28k6', '', NULL, 458262492, 'BUY_SUB', 20, 0, 0, 58500, 0.00, 1761053100, 'paid_with_wallet', 1, 0, NULL, NULL),
(523, 'ZtVAG9kZo', '', NULL, 7404062632, 'BUY_SUB', 17, 0, 0, 60000, 0.00, 1761058299, 'paid_with_wallet', 1, 0, NULL, NULL),
(524, 'c45eawfPm', '', NULL, 7404062632, 'BUY_SUB', 17, 0, 0, 60000, 0.00, 1761058945, 'paid_with_wallet', 1, 0, NULL, NULL),
(525, 'YNwyS23Us', '', NULL, 7404062632, 'BUY_SUB', 17, 0, 0, 60000, 0.00, 1761058963, 'paid_with_wallet', 1, 0, NULL, NULL),
(526, 'aLkC4z8rf', '', NULL, 7404062632, 'BUY_SUB', 17, 0, 0, 60000, 0.00, 1761071518, 'paid_with_wallet', 1, 0, NULL, NULL),
(527, '3e3I49xmH', NULL, NULL, 458262492, 'INCREASE_WALLET', 0, 0, 0, 250000, 0.00, 1761072233, 'approved', 0, 0, 11984, '380369625'),
(528, 'IHtBPl2iq', '', NULL, 458262492, 'BUY_SUB', 29, 0, 0, 71500, 0.00, 1761072447, 'paid_with_wallet', 1, 0, NULL, NULL),
(529, '3xJUbzlHe', '', NULL, 712013808, 'BUY_SUB', 17, 0, 0, 60000, 0.00, 1761119183, 'paid_with_wallet', 1, 0, NULL, NULL),
(530, 'He52vfqN3', '', NULL, 7404062632, 'BUY_SUB', 17, 0, 0, 60000, 0.00, 1761124870, 'paid_with_wallet', 1, 0, NULL, NULL),
(531, 'oA6jd6sgE', '', NULL, 7404062632, 'BUY_SUB', 17, 0, 0, 60000, 0.00, 1761126262, 'paid_with_wallet', 1, 0, NULL, NULL),
(532, 'irtUBKGFc', '', NULL, 7404062632, 'BUY_SUB', 17, 0, 0, 60000, 0.00, 1761129103, 'paid_with_wallet', 1, 0, NULL, NULL),
(533, 'rsbzWHzjk', '', NULL, 7404062632, 'BUY_SUB', 29, 0, 0, 66000, 0.00, 1761136760, 'paid_with_wallet', 1, 0, NULL, NULL),
(534, 'XD4d8wl6Z', '', NULL, 7404062632, 'BUY_SUB', 17, 0, 0, 60000, 0.00, 1761145239, 'paid_with_wallet', 1, 0, NULL, NULL),
(536, 'jAf72ui1O', '', NULL, 7404062632, 'BUY_SUB', 17, 0, 0, 60000, 0.00, 1761146750, 'paid_with_wallet', 1, 0, NULL, NULL),
(537, 'zTN8OdT6w', '', NULL, 7404062632, 'BUY_SUB', 17, 0, 0, 60000, 0.00, 1761152769, 'paid_with_wallet', 1, 0, NULL, NULL),
(539, 'SVzmWcUtp', '', NULL, 712013808, 'BUY_SUB', 28, 0, 0, 78000, 0.00, 1761220487, 'paid_with_wallet', 1, 0, NULL, NULL),
(541, 'Di1gVq2Rz', '', NULL, 712013808, 'BUY_SUB', 17, 0, 0, 60000, 0.00, 1761233810, 'paid_with_wallet', 1, 0, NULL, NULL),
(542, 'qHBdsO6VH', '', NULL, 7404062632, 'BUY_SUB', 17, 0, 0, 60000, 0.00, 1761235453, 'paid_with_wallet', 1, 0, NULL, NULL),
(543, 'jRmperjNY', '', NULL, 7404062632, 'BUY_SUB', 17, 0, 0, 60000, 0.00, 1761238926, 'paid_with_wallet', 1, 0, NULL, NULL),
(544, 'l4viykRQ9', '', NULL, 7404062632, 'BUY_SUB', 17, 0, 0, 60000, 0.00, 1761244902, 'paid_with_wallet', 1, 0, NULL, NULL),
(545, 'HgwJGTjJd', '', NULL, 458262492, 'BUY_SUB', 29, 0, 0, 71500, 0.00, 1761308276, 'paid_with_wallet', 1, 0, NULL, NULL),
(546, 'EAlODNVbZ', '', NULL, 458262492, 'BUY_SUB', 29, 0, 0, 71500, 0.00, 1761311508, 'paid_with_wallet', 1, 0, NULL, NULL),
(547, 'qsfL7h71J', '', NULL, 7404062632, 'BUY_SUB', 17, 0, 0, 60000, 0.00, 1761312039, 'paid_with_wallet', 1, 0, NULL, NULL),
(548, 'i8mVjb1FJ', '', NULL, 712013808, 'BUY_SUB', 17, 0, 0, 60000, 0.00, 1761313765, 'paid_with_wallet', 1, 0, NULL, NULL),
(549, 'bpcOd2j1M', '', NULL, 7404062632, 'BUY_SUB', 17, 0, 0, 60000, 0.00, 1761316851, 'paid_with_wallet', 1, 0, NULL, NULL),
(550, 'DNGbfjrHC', '', NULL, 7404062632, 'BUY_SUB', 17, 0, 0, 60000, 0.00, 1761322899, 'paid_with_wallet', 1, 0, NULL, NULL),
(552, 'hXbL4zd3M', NULL, NULL, 458262492, 'INCREASE_WALLET', 0, 0, 0, 250000, 0.00, 1761337614, 'approved', 0, 0, 12182, '380369625'),
(553, 'EdH9LtrDA', '', NULL, 458262492, 'BUY_SUB', 16, 0, 0, 48750, 0.00, 1761338015, 'paid_with_wallet', 1, 0, NULL, NULL),
(554, 'DoxBrz4Ko', '', NULL, 7404062632, 'BUY_SUB', 17, 0, 0, 60000, 0.00, 1761375213, 'paid_with_wallet', 1, 0, NULL, NULL),
(555, 'Vu2DclhGY', '', NULL, 7404062632, 'BUY_SUB', 17, 0, 0, 60000, 0.00, 1761398851, 'paid_with_wallet', 1, 0, NULL, NULL),
(556, '4ItO3Q7rz', '', NULL, 7404062632, 'BUY_SUB', 17, 0, 0, 60000, 0.00, 1761400200, 'paid_with_wallet', 1, 0, NULL, NULL),
(557, 'WuA1KkTWl', '', NULL, 458262492, 'BUY_SUB', 29, 0, 0, 71500, 0.00, 1761405987, 'paid_with_wallet', 1, 0, NULL, NULL),
(558, 'rieTpwjMG', '', NULL, 712013808, 'BUY_SUB', 28, 0, 0, 78000, 0.00, 1761415050, 'paid_with_wallet', 1, 0, NULL, NULL),
(559, 'fdrEYEw4Z', '', NULL, 7404062632, 'BUY_SUB', 29, 0, 0, 66000, 0.00, 1761417039, 'paid_with_wallet', 1, 0, NULL, NULL),
(560, 'oehIc7SW7', '', NULL, 7404062632, 'BUY_SUB', 17, 0, 0, 60000, 0.00, 1761417641, 'paid_with_wallet', 1, 0, NULL, NULL),
(561, 'NM8qCPptp', '', NULL, 7404062632, 'BUY_SUB', 17, 0, 0, 60000, 0.00, 1761464474, 'paid_with_wallet', 1, 0, NULL, NULL),
(562, '6xloDxsMv', '', NULL, 7404062632, 'BUY_SUB', 17, 0, 0, 60000, 0.00, 1761465193, 'paid_with_wallet', 1, 0, NULL, NULL),
(563, 'v2WkC3UNQ', '', NULL, 712013808, 'BUY_SUB', 17, 0, 0, 60000, 0.00, 1761465625, 'paid_with_wallet', 1, 0, NULL, NULL),
(564, 'VZpJ86fn3', '', NULL, 7404062632, 'BUY_SUB', 17, 0, 0, 60000, 0.00, 1761466809, 'paid_with_wallet', 1, 0, NULL, NULL),
(565, '75Jdsfa2H', '', NULL, 7404062632, 'BUY_SUB', 17, 0, 0, 60000, 0.00, 1761476603, 'paid_with_wallet', 1, 0, NULL, NULL),
(566, 'UCi7RlPbv', '', NULL, 712013808, 'BUY_SUB', 17, 0, 0, 60000, 0.00, 1761479284, 'paid_with_wallet', 1, 0, NULL, NULL),
(567, '3RjcB3NPO', '', NULL, 7404062632, 'BUY_SUB', 16, 0, 0, 45000, 0.00, 1761479845, 'paid_with_wallet', 1, 0, NULL, NULL),
(568, 'CS17PVQZK', '', NULL, 7404062632, 'BUY_SUB', 17, 0, 0, 60000, 0.00, 1761482019, 'paid_with_wallet', 1, 0, NULL, NULL),
(569, '1VbI2AFth', '', NULL, 712013808, 'BUY_SUB', 17, 0, 0, 60000, 0.00, 1761487699, 'paid_with_wallet', 1, 0, NULL, NULL),
(570, '61FYYvAOO', '', NULL, 458262492, 'BUY_SUB', 29, 0, 0, 71500, 0.00, 1761500106, 'paid_with_wallet', 1, 0, NULL, NULL),
(571, 'qYskKLsSL', '', NULL, 7404062632, 'BUY_SUB', 17, 0, 0, 60000, 0.00, 1761547919, 'paid_with_wallet', 1, 0, NULL, NULL),
(572, 'Q1jcFquFR', '', NULL, 7404062632, 'BUY_SUB', 17, 0, 0, 60000, 0.00, 1761559188, 'paid_with_wallet', 1, 0, NULL, NULL),
(573, '41UdInzAX', NULL, NULL, 712013808, 'RENEW_ACCOUNT', 641, 0, 0, 60000, 0.00, 1761559975, 'paid_with_wallet', 0, 0, NULL, NULL),
(574, 'dGOwlH32Z', '', NULL, 7404062632, 'BUY_SUB', 17, 0, 0, 60000, 0.00, 1761561188, 'paid_with_wallet', 1, 0, NULL, NULL),
(575, 's8l8AniTH', '', NULL, 7404062632, 'BUY_SUB', 17, 0, 0, 60000, 0.00, 1761561866, 'paid_with_wallet', 1, 0, NULL, NULL),
(576, 'skXWGqLGQ', '', NULL, 712013808, 'BUY_SUB', 17, 0, 0, 60000, 0.00, 1761562712, 'paid_with_wallet', 1, 0, NULL, NULL),
(577, 'UIbo5M5yo', '', NULL, 7404062632, 'BUY_SUB', 17, 0, 0, 60000, 0.00, 1761565947, 'paid_with_wallet', 1, 0, NULL, NULL),
(578, 'F9Mfwmb4o', NULL, NULL, 7404062632, 'RENEW_ACCOUNT', 889, 0, 0, 60000, 0.00, 1761569264, 'paid_with_wallet', 0, 0, NULL, NULL),
(579, 'PX4qmLfZr', '', NULL, 7404062632, 'BUY_SUB', 17, 0, 0, 60000, 0.00, 1761571501, 'paid_with_wallet', 1, 0, NULL, NULL),
(580, 'vNDmDrzf2', '', NULL, 7404062632, 'BUY_SUB', 17, 0, 0, 60000, 0.00, 1761571919, 'paid_with_wallet', 1, 0, NULL, NULL),
(581, 'DFZIZox7H', '', NULL, 7404062632, 'BUY_SUB', 17, 0, 0, 60000, 0.00, 1761577649, 'paid_with_wallet', 1, 0, NULL, NULL),
(582, 'fvI9lUCev', '', NULL, 7404062632, 'BUY_SUB', 17, 0, 0, 60000, 0.00, 1761578918, 'paid_with_wallet', 1, 0, NULL, NULL),
(583, 'bXAlCgsVi', '', NULL, 7404062632, 'BUY_SUB', 26, 0, 0, 60000, 0.00, 1761594263, 'paid_with_wallet', 1, 0, NULL, NULL),
(584, 'sBcmyLsJg', '', NULL, 7404062632, 'BUY_SUB', 17, 0, 0, 60000, 0.00, 1761634218, 'paid_with_wallet', 1, 0, NULL, NULL),
(585, '4YjUyGXdm', '', NULL, 7404062632, 'BUY_SUB', 17, 0, 0, 60000, 0.00, 1761634239, 'paid_with_wallet', 1, 0, NULL, NULL),
(586, 'UFGntpktR', '', NULL, 7404062632, 'BUY_SUB', 17, 0, 0, 60000, 0.00, 1761638010, 'paid_with_wallet', 1, 0, NULL, NULL),
(587, 'jBoMs8mkB', '', NULL, 7404062632, 'BUY_SUB', 17, 0, 0, 60000, 0.00, 1761638030, 'paid_with_wallet', 1, 0, NULL, NULL),
(588, 'FTyOmuahy', '', NULL, 7404062632, 'BUY_SUB', 17, 0, 0, 60000, 0.00, 1761638050, 'paid_with_wallet', 1, 0, NULL, NULL),
(589, 'QfasRlazI', '', NULL, 7404062632, 'BUY_SUB', 17, 0, 0, 60000, 0.00, 1761638903, 'paid_with_wallet', 1, 0, NULL, NULL),
(590, 'P3IQDSqvp', '', NULL, 7404062632, 'BUY_SUB', 17, 0, 0, 60000, 0.00, 1761644855, 'paid_with_wallet', 1, 0, NULL, NULL),
(591, 'dlBb73tTc', '', NULL, 7404062632, 'BUY_SUB', 17, 0, 0, 60000, 0.00, 1761647472, 'paid_with_wallet', 1, 0, NULL, NULL),
(592, 't5PaHn1qe', '', NULL, 712013808, 'BUY_SUB', 17, 0, 0, 60000, 0.00, 1761659161, 'paid_with_wallet', 1, 0, NULL, NULL),
(593, 'MqfOGU14N', '', NULL, 712013808, 'BUY_SUB', 17, 0, 0, 60000, 0.00, 1761660863, 'paid_with_wallet', 1, 0, NULL, NULL),
(594, 'A5VQF5Bzy', '', NULL, 7404062632, 'BUY_SUB', 17, 0, 0, 60000, 0.00, 1761661314, 'paid_with_wallet', 1, 0, NULL, NULL),
(595, 'mX5t4h15t', '', NULL, 458262492, 'BUY_SUB', 29, 0, 0, 71500, 0.00, 1761666664, 'paid_with_wallet', 1, 0, NULL, NULL),
(596, 'M5l3CRJVd', '', NULL, 712013808, 'BUY_SUB', 28, 0, 0, 78000, 0.00, 1761735144, 'paid_with_wallet', 1, 0, NULL, NULL),
(597, 'xvOjsjnLn', '', NULL, 7404062632, 'BUY_SUB', 17, 0, 0, 60000, 0.00, 1761745246, 'paid_with_wallet', 1, 0, NULL, NULL),
(598, '74SSYYg61', '', NULL, 7404062632, 'BUY_SUB', 17, 0, 0, 60000, 0.00, 1761755421, 'paid_with_wallet', 1, 0, NULL, NULL),
(599, 'HyCaqhDra', '', NULL, 712013808, 'BUY_SUB', 17, 0, 0, 60000, 0.00, 1761760291, 'paid_with_wallet', 1, 0, NULL, NULL),
(600, 'mG8HcU2VJ', NULL, NULL, 458262492, 'INCREASE_WALLET', 0, 0, 0, 200000, 0.00, 1761766275, 'approved', 0, 0, 12596, '380369625'),
(601, 'RDVKORLUZ', '', NULL, 458262492, 'BUY_SUB', 17, 0, 0, 65000, 0.00, 1761766996, 'paid_with_wallet', 1, 0, NULL, NULL),
(602, 'KvWeBcBmM', NULL, NULL, 712013808, 'RENEW_ACCOUNT', 1034, 0, 0, 60000, 0.00, 1761833036, 'paid_with_wallet', 0, 0, NULL, NULL),
(603, '3FJODfXbp', '', NULL, 7404062632, 'BUY_SUB', 17, 0, 0, 60000, 0.00, 1761835499, 'paid_with_wallet', 1, 0, NULL, NULL),
(604, 'D9Nyvz3BZ', '', NULL, 7404062632, 'BUY_SUB', 17, 0, 0, 60000, 0.00, 1761837795, 'paid_with_wallet', 1, 0, NULL, NULL),
(605, 'aYmfdRdK4', '', NULL, 712013808, 'BUY_SUB', 17, 0, 0, 60000, 0.00, 1761842686, 'paid_with_wallet', 1, 0, NULL, NULL),
(606, 'YeS2MOVJv', '', NULL, 7404062632, 'BUY_SUB', 17, 0, 0, 60000, 0.00, 1761897207, 'paid_with_wallet', 1, 0, NULL, NULL),
(607, 'hQetUtmfb', '', NULL, 458262492, 'BUY_SUB', 17, 0, 0, 65000, 0.00, 1761897373, 'paid_with_wallet', 1, 0, NULL, NULL),
(608, 'dHCn8nN9C', '', NULL, 7404062632, 'BUY_SUB', 17, 0, 0, 60000, 0.00, 1761912899, 'paid_with_wallet', 1, 0, NULL, NULL),
(609, 'vlz2N68QF', '', NULL, 712013808, 'BUY_SUB', 17, 0, 0, 60000, 0.00, 1761914470, 'paid_with_wallet', 1, 0, NULL, NULL),
(610, 'AFOZskm8v', '', NULL, 712013808, 'BUY_SUB', 17, 0, 0, 60000, 0.00, 1761914491, 'paid_with_wallet', 1, 0, NULL, NULL),
(611, 'YrbxIKYEB', '', NULL, 712013808, 'BUY_SUB', 17, 0, 0, 60000, 0.00, 1761914519, 'paid_with_wallet', 1, 0, NULL, NULL),
(612, 'h5glbr91P', '', NULL, 7404062632, 'BUY_SUB', 17, 0, 0, 60000, 0.00, 1761918490, 'paid_with_wallet', 1, 0, NULL, NULL),
(613, 'X2UZVIfBH', '', NULL, 7404062632, 'BUY_SUB', 17, 0, 0, 60000, 0.00, 1761918506, 'paid_with_wallet', 1, 0, NULL, NULL),
(614, 'kn6XfV99I', '', NULL, 7404062632, 'BUY_SUB', 17, 0, 0, 60000, 0.00, 1761918523, 'paid_with_wallet', 1, 0, NULL, NULL),
(615, '3Q1T2rLFN', '', NULL, 7404062632, 'BUY_SUB', 17, 0, 0, 60000, 0.00, 1761985648, 'paid_with_wallet', 1, 0, NULL, NULL),
(616, 'rFL1lX1r3', '', NULL, 7404062632, 'BUY_SUB', 17, 0, 0, 60000, 0.00, 1761985925, 'paid_with_wallet', 1, 0, NULL, NULL),
(617, 'VmHWajOuG', '', NULL, 7404062632, 'BUY_SUB', 17, 0, 0, 60000, 0.00, 1761986813, 'paid_with_wallet', 1, 0, NULL, NULL),
(618, 'uXuPfUsCu', '', NULL, 458262492, 'BUY_SUB', 17, 0, 0, 65000, 0.00, 1761992906, 'paid_with_wallet', 1, 0, NULL, NULL),
(619, '8OEuMH3G4', '', NULL, 712013808, 'BUY_SUB', 17, 0, 0, 60000, 0.00, 1762067809, 'paid_with_wallet', 1, 0, NULL, NULL),
(620, 'PZHt86Qad', '', NULL, 7404062632, 'BUY_SUB', 17, 0, 0, 60000, 0.00, 1762074893, 'paid_with_wallet', 1, 0, NULL, NULL),
(622, 'baxdSY6U7', '', NULL, 7404062632, 'BUY_SUB', 17, 0, 0, 60000, 0.00, 1762097223, 'paid_with_wallet', 1, 0, NULL, NULL),
(624, 'dgpdRfNi9', '', NULL, 7067429517, 'BUY_SUB', 16, 0, 0, 48750, 0.00, 1762153475, 'paid_with_wallet', 1, 0, NULL, NULL),
(625, 'XpTUnuoIc', '', NULL, 7404062632, 'BUY_SUB', 17, 0, 0, 60000, 0.00, 1762160985, 'paid_with_wallet', 1, 0, NULL, NULL),
(626, 'GqnqH3b9D', '', NULL, 712013808, 'BUY_SUB', 28, 0, 0, 78000, 0.00, 1762168952, 'paid_with_wallet', 1, 0, NULL, NULL),
(628, 'NCaioZWaO', NULL, NULL, 458262492, 'INCREASE_WALLET', 0, 0, 0, 250000, 0.00, 1762169725, 'approved', 0, 0, 12910, '380369625'),
(629, 'ENUQ7XOQZ', '', NULL, 458262492, 'BUY_SUB', 20, 0, 0, 58500, 0.00, 1762169910, 'paid_with_wallet', 1, 0, NULL, NULL),
(630, 'FbLtzK5c2', '', NULL, 458262492, 'BUY_SUB', 17, 0, 0, 65000, 0.00, 1762184594, 'paid_with_wallet', 1, 0, NULL, NULL),
(631, 'tu8GLZLUp', NULL, NULL, 458262492, 'RENEW_ACCOUNT', 1090, 0, 0, 65000, 0.00, 1762243407, 'paid_with_wallet', 0, 0, NULL, NULL),
(632, 'jbe5ZfihX', '', NULL, 712013808, 'BUY_SUB', 28, 0, 0, 78000, 0.00, 1762250753, 'paid_with_wallet', 1, 0, NULL, NULL),
(633, 'nLPd8OCjL', '', NULL, 712013808, 'BUY_SUB', 17, 0, 0, 60000, 0.00, 1762259374, 'paid_with_wallet', 1, 0, NULL, NULL),
(634, '4Yl5butXM', '', NULL, 712013808, 'BUY_SUB', 17, 0, 0, 60000, 0.00, 1762345516, 'paid_with_wallet', 1, 0, NULL, NULL),
(635, 'gFqVxpbzD', '', NULL, 712013808, 'BUY_SUB', 28, 0, 0, 78000, 0.00, 1762353664, 'paid_with_wallet', 1, 0, NULL, NULL),
(636, '7KPBLuPFT', '', NULL, 7067429517, 'BUY_SUB', 16, 0, 0, 48750, 0.00, 1762356703, 'paid_with_wallet', 1, 0, NULL, NULL),
(637, '1opjOZGiq', '', NULL, 712013808, 'BUY_SUB', 17, 0, 0, 60000, 0.00, 1762360623, 'paid_with_wallet', 1, 0, NULL, NULL),
(638, 'pcTdLoSSt', '', NULL, 712013808, 'BUY_SUB', 17, 0, 0, 60000, 0.00, 1762360642, 'paid_with_wallet', 1, 0, NULL, NULL),
(639, 'Pyp3t7Avr', '', NULL, 712013808, 'BUY_SUB', 17, 0, 0, 60000, 0.00, 1762360663, 'paid_with_wallet', 1, 0, NULL, NULL),
(640, 'lfzVETKRY', '', NULL, 712013808, 'BUY_SUB', 17, 0, 0, 60000, 0.00, 1762360676, 'paid_with_wallet', 1, 0, NULL, NULL),
(641, 'jqVp9pdKy', '', NULL, 712013808, 'BUY_SUB', 17, 0, 0, 60000, 0.00, 1762424258, 'paid_with_wallet', 1, 0, NULL, NULL),
(642, 'gYUVbjFMf', '', NULL, 110390533, 'BUY_SUB', 17, 0, 0, 70000, 0.00, 1762498063, 'paid_with_wallet', 1, 0, NULL, NULL),
(643, 'fQd3XPpEp', '', NULL, 458262492, 'BUY_SUB', 17, 0, 0, 65000, 0.00, 1762511249, 'paid_with_wallet', 1, 0, NULL, NULL),
(644, 'COi6zdJrc', '', NULL, 7404062632, 'BUY_SUB', 17, 0, 0, 60000, 0.00, 1762526161, 'paid_with_wallet', 1, 0, NULL, NULL),
(645, 'bL7ZGoiyI', '', NULL, 7404062632, 'BUY_SUB', 17, 0, 0, 60000, 0.00, 1762526419, 'paid_with_wallet', 1, 0, NULL, NULL),
(646, '5PdRIuNLZ', '', NULL, 7404062632, 'BUY_SUB', 17, 0, 0, 60000, 0.00, 1762584273, 'paid_with_wallet', 1, 0, NULL, NULL),
(647, 'ZOyXaAwbZ', '', NULL, 7404062632, 'BUY_SUB', 17, 0, 0, 60000, 0.00, 1762586245, 'paid_with_wallet', 1, 0, NULL, NULL),
(649, 'IrW8uSm3l', NULL, NULL, 458262492, 'INCREASE_WALLET', 0, 0, 0, 250000, 0.00, 1762588343, 'approved', 0, 0, 13197, '5059680470'),
(650, '8frsTB7wR', '', NULL, 7404062632, 'BUY_SUB', 17, 0, 0, 60000, 0.00, 1762591320, 'paid_with_wallet', 1, 0, NULL, NULL),
(651, 'sSAXNzIT7', '', NULL, 458262492, 'BUY_SUB', 17, 0, 0, 65000, 0.00, 1762591418, 'paid_with_wallet', 1, 0, NULL, NULL),
(652, '3BJLALogX', '', NULL, 7404062632, 'BUY_SUB', 17, 0, 0, 60000, 0.00, 1762592654, 'paid_with_wallet', 1, 0, NULL, NULL),
(653, '1JEDqhoKT', '', NULL, 380369625, 'BUY_SUB', 20, 0, 0, 90000, 0.00, 1762608458, 'pending', 0, 0, NULL, NULL),
(654, 'rcnzmINyG', '', NULL, 7404062632, 'BUY_SUB', 17, 0, 0, 60000, 0.00, 1762610290, 'paid_with_wallet', 1, 0, NULL, NULL),
(655, 'SqR9XGyzA', '', NULL, 7404062632, 'BUY_SUB', 17, 0, 0, 60000, 0.00, 1762612441, 'paid_with_wallet', 1, 0, NULL, NULL),
(656, 'OwDvmAzkQ', '', NULL, 458262492, 'BUY_SUB', 17, 0, 0, 65000, 0.00, 1762612455, 'paid_with_wallet', 1, 0, NULL, NULL),
(657, '1z3H2if7U', '', NULL, 7404062632, 'BUY_SUB', 17, 0, 0, 60000, 0.00, 1762614421, 'paid_with_wallet', 1, 0, NULL, NULL),
(658, 'ULjuWazHf', '', NULL, 7404062632, 'BUY_SUB', 17, 0, 0, 60000, 0.00, 1762615969, 'paid_with_wallet', 1, 0, NULL, NULL),
(659, 'pwO1Z9Am9', '', NULL, 7404062632, 'BUY_SUB', 17, 0, 0, 60000, 0.00, 1762672255, 'paid_with_wallet', 1, 0, NULL, NULL),
(660, 'YOpzHDSoT', '', NULL, 7404062632, 'BUY_SUB', 17, 0, 0, 60000, 0.00, 1762672282, 'paid_with_wallet', 1, 0, NULL, NULL),
(661, 'zg6G38v6a', '', NULL, 7404062632, 'BUY_SUB', 17, 0, 0, 60000, 0.00, 1762672307, 'paid_with_wallet', 1, 0, NULL, NULL),
(662, 'Ca73juxgX', '', NULL, 712013808, 'BUY_SUB', 28, 0, 0, 78000, 0.00, 1762677459, 'paid_with_wallet', 1, 0, NULL, NULL),
(663, 'CGJmjiLlW', '', NULL, 712013808, 'BUY_SUB', 28, 0, 0, 78000, 0.00, 1762677747, 'paid_with_wallet', 1, 0, NULL, NULL),
(664, 'sN5vw7IMC', '', NULL, 712013808, 'BUY_SUB', 29, 0, 0, 66000, 0.00, 1762684079, 'paid_with_wallet', 1, 0, NULL, NULL),
(665, 'fgT6zgJD8', '', NULL, 712013808, 'BUY_SUB', 17, 0, 0, 60000, 0.00, 1762701095, 'paid_with_wallet', 1, 0, NULL, NULL),
(666, 'w6pNzFYwj', '', NULL, 7404062632, 'BUY_SUB', 17, 0, 0, 60000, 0.00, 1762768477, 'paid_with_wallet', 1, 0, NULL, NULL),
(667, 'rcXY5BKDf', '', NULL, 7404062632, 'BUY_SUB', 17, 0, 0, 60000, 0.00, 1762772720, 'paid_with_wallet', 1, 0, NULL, NULL),
(668, 'zCz99DNSb', '', NULL, 7404062632, 'BUY_SUB', 17, 0, 0, 60000, 0.00, 1762793820, 'paid_with_wallet', 1, 0, NULL, NULL),
(669, 'f2WtCURdG', '', NULL, 7404062632, 'BUY_SUB', 17, 0, 0, 60000, 0.00, 1762856774, 'paid_with_wallet', 1, 0, NULL, NULL),
(670, 'dHyOoTNAi', '', NULL, 7404062632, 'BUY_SUB', 17, 0, 0, 60000, 0.00, 1762856803, 'paid_with_wallet', 1, 0, NULL, NULL),
(671, 'vxIQ5kPkW', '', NULL, 458262492, 'BUY_SUB', 17, 0, 0, 65000, 0.00, 1762859571, 'paid_with_wallet', 1, 0, NULL, NULL),
(672, 'DbUfJVGJ7', '', NULL, 8497859732, 'BUY_SUB', 20, 0, 0, 90000, 0.00, 1762878296, 'pending', 0, 0, NULL, NULL),
(673, 'rqlyeYEaC', '', NULL, 7404062632, 'BUY_SUB', 17, 0, 0, 60000, 0.00, 1762885464, 'paid_with_wallet', 1, 0, NULL, NULL),
(674, '2Ekd6AKec', '', NULL, 7404062632, 'BUY_SUB', 16, 0, 0, 45000, 0.00, 1762940112, 'paid_with_wallet', 1, 0, NULL, NULL),
(675, 'InNbm9AuI', '', NULL, 7404062632, 'BUY_SUB', 17, 0, 0, 60000, 0.00, 1762946982, 'paid_with_wallet', 1, 0, NULL, NULL),
(676, '1GZfrNgDP', '', NULL, 712013808, 'BUY_SUB', 17, 0, 0, 60000, 0.00, 1763019322, 'paid_with_wallet', 1, 0, NULL, NULL),
(677, 'hnpLyhqHE', '', NULL, 712013808, 'BUY_SUB', 17, 0, 0, 60000, 0.00, 1763030193, 'paid_with_wallet', 1, 0, NULL, NULL),
(678, 'ml8EFRgCN', '', NULL, 7404062632, 'BUY_SUB', 17, 0, 0, 60000, 0.00, 1763041496, 'paid_with_wallet', 1, 0, NULL, NULL),
(680, '9uXwUmHOP', '', NULL, 712013808, 'BUY_SUB', 17, 0, 0, 60000, 0.00, 1763045000, 'paid_with_wallet', 1, 0, NULL, NULL),
(681, 'qBWTZvYNE', '', NULL, 7404062632, 'BUY_SUB', 17, 0, 0, 60000, 0.00, 1763048100, 'paid_with_wallet', 1, 0, NULL, NULL),
(682, 'BLUcL7vVm', '', NULL, 7404062632, 'BUY_SUB', 17, 0, 0, 60000, 0.00, 1763049993, 'paid_with_wallet', 1, 0, NULL, NULL),
(683, 'R7nd1L6eX', '', NULL, 7404062632, 'BUY_SUB', 17, 0, 0, 60000, 0.00, 1763053125, 'paid_with_wallet', 1, 0, NULL, NULL),
(684, 'I4RH2oUCD', '', NULL, 7404062632, 'BUY_SUB', 17, 0, 0, 60000, 0.00, 1763053138, 'paid_with_wallet', 1, 0, NULL, NULL),
(685, 'F4dcyxOhz', '', NULL, 7404062632, 'BUY_SUB', 28, 0, 0, 78000, 0.00, 1763055721, 'paid_with_wallet', 1, 0, NULL, NULL),
(686, '8QYfhPoEB', '', NULL, 712013808, 'BUY_SUB', 17, 0, 0, 60000, 0.00, 1763105917, 'paid_with_wallet', 1, 0, NULL, NULL),
(687, 'mKhXCHWXK', '', NULL, 458262492, 'BUY_SUB', 28, 0, 0, 84500, 0.00, 1763105924, 'paid_with_wallet', 1, 0, NULL, NULL),
(688, 'uCGdE158r', '', NULL, 712013808, 'BUY_SUB', 17, 0, 0, 60000, 0.00, 1763105937, 'paid_with_wallet', 1, 0, NULL, NULL),
(689, '8jHMeACn3', '', NULL, 712013808, 'BUY_SUB', 17, 0, 0, 60000, 0.00, 1763105951, 'paid_with_wallet', 1, 0, NULL, NULL),
(690, 'zjaYMEwwe', '', NULL, 712013808, 'BUY_SUB', 17, 0, 0, 60000, 0.00, 1763105965, 'paid_with_wallet', 1, 0, NULL, NULL),
(691, 'RJRTzsSG4', '', NULL, 7404062632, 'BUY_SUB', 17, 0, 0, 60000, 0.00, 1763117965, 'paid_with_wallet', 1, 0, NULL, NULL),
(693, 'jirE6f2JX', NULL, NULL, 458262492, 'INCREASE_WALLET', 0, 0, 0, 250000, 0.00, 1763126700, 'approved', 0, 0, 315, '5059680470'),
(694, '1kX8tMvdx', '', NULL, 458262492, 'BUY_SUB', 17, 0, 0, 65000, 0.00, 1763126843, 'paid_with_wallet', 1, 0, NULL, NULL),
(695, 'H2V2dPwg1', '', NULL, 7404062632, 'BUY_SUB', 17, 0, 0, 60000, 0.00, 1763130618, 'paid_with_wallet', 1, 0, NULL, NULL),
(696, '8b12JSVTs', '', NULL, 7404062632, 'BUY_SUB', 17, 0, 0, 60000, 0.00, 1763138862, 'paid_with_wallet', 1, 0, NULL, NULL),
(697, 'j53RyhNOT', '', NULL, 7404062632, 'BUY_SUB', 17, 0, 0, 60000, 0.00, 1763138899, 'paid_with_wallet', 1, 0, NULL, NULL),
(698, '1vgduZwFh', '', NULL, 712013808, 'BUY_SUB', 17, 0, 0, 60000, 0.00, 1763148111, 'paid_with_wallet', 1, 0, NULL, NULL),
(699, 'nEkIl4EGz', '', NULL, 712013808, 'BUY_SUB', 17, 0, 0, 60000, 0.00, 1763151351, 'paid_with_wallet', 1, 0, NULL, NULL),
(700, 'fyvBXQkYs', '', NULL, 7404062632, 'BUY_SUB', 17, 0, 0, 60000, 0.00, 1763209107, 'paid_with_wallet', 1, 0, NULL, NULL),
(701, 'aF95t9UkX', '', NULL, 458262492, 'BUY_SUB', 29, 0, 0, 71500, 0.00, 1763211059, 'paid_with_wallet', 1, 0, NULL, NULL),
(702, '7OpQGgIYB', '', NULL, 7404062632, 'BUY_SUB', 17, 0, 0, 60000, 0.00, 1763217338, 'paid_with_wallet', 1, 0, NULL, NULL),
(703, 'R7dHUYB7r', NULL, NULL, 712013808, 'RENEW_ACCOUNT', 591, 0, 0, 60000, 0.00, 1763218454, 'paid_with_wallet', 0, 0, NULL, NULL),
(704, 'AR6Ka3Izc', '', NULL, 458262492, 'BUY_SUB', 20, 0, 0, 58500, 0.00, 1763229821, 'paid_with_wallet', 1, 0, NULL, NULL),
(705, 'v8HITsKbz', '', NULL, 7404062632, 'BUY_SUB', 29, 0, 0, 66000, 0.00, 1763313352, 'paid_with_wallet', 1, 0, NULL, NULL),
(706, 'rdUMmHRXu', '', NULL, 7404062632, 'BUY_SUB', 20, 0, 0, 54000, 0.00, 1763313484, 'paid_with_wallet', 1, 0, NULL, NULL),
(707, '9W3DCLa2k', '', NULL, 458262492, 'BUY_SUB', 20, 0, 0, 58500, 0.00, 1763366542, 'paid_with_wallet', 1, 0, NULL, NULL),
(708, 'xELk7hw4A', '', NULL, 712013808, 'BUY_SUB', 17, 0, 0, 60000, 0.00, 1763383414, 'paid_with_wallet', 1, 0, NULL, NULL),
(709, 'FRMdSSf8R', '', NULL, 712013808, 'BUY_SUB', 17, 0, 0, 60000, 0.00, 1763383547, 'paid_with_wallet', 1, 0, NULL, NULL),
(710, 'mAUafYQqh', '', NULL, 712013808, 'BUY_SUB', 17, 0, 0, 60000, 0.00, 1763383565, 'paid_with_wallet', 1, 0, NULL, NULL),
(711, '6kN4HF8jx', '', NULL, 7404062632, 'BUY_SUB', 17, 0, 0, 60000, 0.00, 1763389087, 'paid_with_wallet', 1, 0, NULL, NULL),
(712, 'RZWqcfL32', '', NULL, 7404062632, 'BUY_SUB', 17, 0, 0, 60000, 0.00, 1763398490, 'paid_with_wallet', 1, 0, NULL, NULL),
(714, 'llpGtblor', NULL, NULL, 458262492, 'INCREASE_WALLET', 0, 0, 0, 250000, 0.00, 1763405216, 'approved', 0, 0, 638, '5059680470'),
(715, 'NbGRCjRcH', '', NULL, 458262492, 'BUY_SUB', 17, 0, 0, 65000, 0.00, 1763405340, 'paid_with_wallet', 1, 0, NULL, NULL),
(716, 'nGBPg22lr', NULL, NULL, 8497859732, 'RENEW_ACCOUNT', 1419, 0, 0, 0, 0.00, 1763405456, 'pending', 0, 0, NULL, NULL),
(717, 'dBZjAfSRz', '', NULL, 7404062632, 'BUY_SUB', 17, 0, 0, 60000, 0.00, 1763543247, 'paid_with_wallet', 1, 0, NULL, NULL),
(718, 'HQtyRlgIB', '', NULL, 712013808, 'BUY_SUB', 17, 0, 0, 60000, 0.00, 1763572781, 'paid_with_wallet', 1, 0, NULL, NULL),
(719, 'OEIIwtk76', '', NULL, 712013808, 'BUY_SUB', 17, 0, 0, 60000, 0.00, 1763572806, 'paid_with_wallet', 1, 0, NULL, NULL),
(720, '8i6yDfvMN', '', NULL, 712013808, 'BUY_SUB', 17, 0, 0, 60000, 0.00, 1763572833, 'paid_with_wallet', 1, 0, NULL, NULL),
(721, 'N22g3QHb4', '', NULL, 712013808, 'BUY_SUB', 17, 0, 0, 60000, 0.00, 1763572854, 'paid_with_wallet', 1, 0, NULL, NULL),
(722, 'FhasjVEai', '', NULL, 7404062632, 'BUY_SUB', 17, 0, 0, 60000, 0.00, 1763578165, 'paid_with_wallet', 1, 0, NULL, NULL),
(723, '6feyqGpn2', '', NULL, 7404062632, 'BUY_SUB', 17, 0, 0, 60000, 0.00, 1763622775, 'paid_with_wallet', 1, 0, NULL, NULL),
(724, 'vwhsKokKW', '', NULL, 458262492, 'BUY_SUB', 16, 0, 0, 48750, 0.00, 1763641198, 'paid_with_wallet', 1, 0, NULL, NULL),
(725, 'qsEOXGUWU', '', NULL, 7404062632, 'BUY_SUB', 17, 0, 0, 60000, 0.00, 1763643052, 'paid_with_wallet', 1, 0, NULL, NULL),
(726, 'Zn8qMDf8Y', '', NULL, 7404062632, 'BUY_SUB', 17, 0, 0, 60000, 0.00, 1763648938, 'paid_with_wallet', 1, 0, NULL, NULL),
(727, '65FMGKOK6', '', NULL, 7404062632, 'BUY_SUB', 28, 0, 0, 78000, 0.00, 1763657558, 'paid_with_wallet', 1, 0, NULL, NULL),
(728, 'lEhljCoaZ', '', NULL, 712013808, 'BUY_SUB', 16, 0, 0, 45000, 0.00, 1763657916, 'paid_with_wallet', 1, 0, NULL, NULL),
(729, 'Mi9yq7W64', '', NULL, 7404062632, 'BUY_SUB', 17, 0, 0, 60000, 0.00, 1763711563, 'paid_with_wallet', 1, 0, NULL, NULL),
(730, '4SqST6yrN', '', NULL, 7404062632, 'BUY_SUB', 17, 0, 0, 60000, 0.00, 1763712947, 'paid_with_wallet', 1, 0, NULL, NULL),
(731, 'vra8OUt8w', '', NULL, 7404062632, 'BUY_SUB', 17, 0, 0, 60000, 0.00, 1763736079, 'paid_with_wallet', 1, 0, NULL, NULL),
(732, '8tV3h6A9F', '', NULL, 7404062632, 'BUY_SUB', 17, 0, 0, 60000, 0.00, 1763739901, 'paid_with_wallet', 1, 0, NULL, NULL),
(733, 'QBxhn7BlA', '', NULL, 7404062632, 'BUY_SUB', 17, 0, 0, 60000, 0.00, 1763751781, 'paid_with_wallet', 1, 0, NULL, NULL),
(734, 'NlPXLC4mq', '', NULL, 712013808, 'BUY_SUB', 17, 0, 0, 60000, 0.00, 1763802042, 'paid_with_wallet', 1, 0, NULL, NULL),
(735, 'WnfjkUsec', '', NULL, 7404062632, 'BUY_SUB', 17, 0, 0, 60000, 0.00, 1763802700, 'paid_with_wallet', 1, 0, NULL, NULL),
(736, 'bxe8R5WBB', '', NULL, 712013808, 'BUY_SUB', 17, 0, 0, 60000, 0.00, 1763803408, 'paid_with_wallet', 1, 0, NULL, NULL),
(737, 'r4Pf1poFG', '', NULL, 7404062632, 'BUY_SUB', 17, 0, 0, 60000, 0.00, 1763818351, 'paid_with_wallet', 1, 0, NULL, NULL),
(738, '3BGeS9xxP', '', NULL, 712013808, 'BUY_SUB', 17, 0, 0, 60000, 0.00, 1763820975, 'paid_with_wallet', 1, 0, NULL, NULL),
(739, 'd1ZLs6tfk', '', NULL, 7404062632, 'BUY_SUB', 17, 0, 0, 60000, 0.00, 1763827036, 'paid_with_wallet', 1, 0, NULL, NULL),
(740, 'q4WkLAYcp', '', NULL, 7404062632, 'BUY_SUB', 16, 0, 0, 45000, 0.00, 1763827314, 'paid_with_wallet', 1, 0, NULL, NULL),
(741, 'uZWhiXBVI', NULL, NULL, 712013808, 'RENEW_ACCOUNT', 1061, 0, 0, 60000, 0.00, 1763841771, 'paid_with_wallet', 0, 0, NULL, NULL),
(742, 'B5Abm7otE', '', NULL, 458262492, 'BUY_SUB', 29, 0, 0, 71500, 0.00, 1763847700, 'paid_with_wallet', 1, 0, NULL, NULL),
(743, 'CX3m3A6cM', '', NULL, 7404062632, 'BUY_SUB', 17, 0, 0, 60000, 0.00, 1763878176, 'paid_with_wallet', 1, 0, NULL, NULL),
(744, 'xx7AnzyzI', '', NULL, 7404062632, 'BUY_SUB', 17, 0, 0, 60000, 0.00, 1763880239, 'paid_with_wallet', 1, 0, NULL, NULL),
(745, 'hB9BmjLVx', '', NULL, 712013808, 'BUY_SUB', 17, 0, 0, 60000, 0.00, 1763884232, 'paid_with_wallet', 1, 0, NULL, NULL),
(746, 'ebsZwTET5', '', NULL, 7404062632, 'BUY_SUB', 20, 0, 0, 54000, 0.00, 1763895870, 'paid_with_wallet', 1, 0, NULL, NULL),
(747, 'OVANQVATA', '', NULL, 7404062632, 'BUY_SUB', 17, 0, 0, 54000, 0.00, 1763896000, 'paid_with_wallet', 1, 0, NULL, NULL),
(748, 'Zbaie3UBI', '', NULL, 7404062632, 'BUY_SUB', 29, 0, 0, 66000, 0.00, 1763909527, 'paid_with_wallet', 1, 0, NULL, NULL),
(749, 'URrv3wItw', '', NULL, 458262492, 'BUY_SUB', 16, 0, 0, 48750, 0.00, 1763972490, 'paid_with_wallet', 1, 0, NULL, NULL),
(751, 'PBSvAsCmf', NULL, NULL, 458262492, 'INCREASE_WALLET', 0, 0, 0, 250000, 0.00, 1763991052, 'approved', 0, 0, 1107, '5059680470'),
(752, 'k7Z9ih5dT', '', NULL, 458262492, 'BUY_SUB', 26, 0, 0, 65000, 0.00, 1763992457, 'paid_with_wallet', 1, 0, NULL, NULL),
(753, '4gCckzEOT', '', NULL, 7404062632, 'BUY_SUB', 20, 0, 0, 54000, 0.00, 1763996379, 'paid_with_wallet', 1, 0, NULL, NULL),
(754, 'onzvEM2sj', '', NULL, 7404062632, 'BUY_SUB', 20, 0, 0, 54000, 0.00, 1763996721, 'paid_with_wallet', 1, 0, NULL, NULL),
(755, 'RsWiXjfYv', '', NULL, 712013808, 'BUY_SUB', 20, 0, 0, 54000, 0.00, 1764002530, 'paid_with_wallet', 1, 0, NULL, NULL),
(756, 'fkddubp3i', '', NULL, 712013808, 'BUY_SUB', 29, 0, 0, 66000, 0.00, 1764008524, 'paid_with_wallet', 1, 0, NULL, NULL),
(757, 'gUvJwVvwd', '', NULL, 712013808, 'BUY_SUB', 29, 0, 0, 66000, 0.00, 1764009374, 'paid_with_wallet', 1, 0, NULL, NULL),
(758, 'bAkHIZPLH', '', NULL, 712013808, 'BUY_SUB', 29, 0, 0, 66000, 0.00, 1764060376, 'paid_with_wallet', 1, 0, NULL, NULL),
(760, 'WIbM5lYWJ', '', NULL, 712013808, 'BUY_SUB', 29, 0, 0, 66000, 0.00, 1764079743, 'paid_with_wallet', 1, 0, NULL, NULL),
(761, 'W26e8tgL3', '', NULL, 7404062632, 'BUY_SUB', 17, 0, 0, 54000, 0.00, 1764081181, 'paid_with_wallet', 1, 0, NULL, NULL),
(763, 'jFFW5Q46N', '', NULL, 7404062632, 'BUY_SUB', 20, 0, 0, 54000, 0.00, 1764082334, 'paid_with_wallet', 1, 0, NULL, NULL),
(764, 'b8gBrHepk', '', NULL, 7404062632, 'BUY_SUB', 20, 0, 0, 54000, 0.00, 1764082781, 'paid_with_wallet', 1, 0, NULL, NULL),
(765, '38Qxcq4wU', '', NULL, 458262492, 'BUY_SUB', 17, 0, 0, 58500, 0.00, 1764136313, 'paid_with_wallet', 1, 0, NULL, NULL),
(766, 'T2vEaCoqE', '', NULL, 7404062632, 'BUY_SUB', 20, 0, 0, 54000, 0.00, 1764140344, 'paid_with_wallet', 1, 0, NULL, NULL),
(767, 'HTZLEwY7R', '', NULL, 7404062632, 'BUY_SUB', 20, 0, 0, 54000, 0.00, 1764141790, 'paid_with_wallet', 1, 0, NULL, NULL),
(768, '4RftTkOPM', '', NULL, 7404062632, 'BUY_SUB', 20, 0, 0, 54000, 0.00, 1764145208, 'paid_with_wallet', 1, 0, NULL, NULL),
(769, 'QfZjI9FC2', '', NULL, 712013808, 'BUY_SUB', 29, 0, 0, 66000, 0.00, 1764146338, 'paid_with_wallet', 1, 0, NULL, NULL),
(770, 'PJaW6wah2', '', NULL, 712013808, 'BUY_SUB', 29, 0, 0, 66000, 0.00, 1764160420, 'paid_with_wallet', 1, 0, NULL, NULL),
(771, 'g15EQiAe6', '', NULL, 7404062632, 'BUY_SUB', 20, 0, 0, 54000, 0.00, 1764170507, 'paid_with_wallet', 1, 0, NULL, NULL),
(772, 'CKk7oOil5', '', NULL, 7404062632, 'BUY_SUB', 20, 0, 0, 54000, 0.00, 1764175079, 'paid_with_wallet', 1, 0, NULL, NULL),
(773, '2lQIKozLt', '', NULL, 7404062632, 'BUY_SUB', 20, 0, 0, 54000, 0.00, 1764237734, 'paid_with_wallet', 1, 0, NULL, NULL),
(774, 'fOeUVwxQk', '', NULL, 712013808, 'BUY_SUB', 29, 0, 0, 66000, 0.00, 1764243499, 'paid_with_wallet', 1, 0, NULL, NULL),
(775, 'gV4zbhTsD', '', NULL, 7404062632, 'BUY_SUB', 20, 0, 0, 54000, 0.00, 1764247513, 'paid_with_wallet', 1, 0, NULL, NULL),
(776, 'YzgEeYvZx', '', NULL, 7404062632, 'BUY_SUB', 20, 0, 0, 54000, 0.00, 1764252251, 'paid_with_wallet', 1, 0, NULL, NULL),
(777, '5SBWExaMI', '', NULL, 712013808, 'BUY_SUB', 29, 0, 0, 66000, 0.00, 1764262092, 'paid_with_wallet', 1, 0, NULL, NULL),
(778, 'o2WtPy1fZ', '', NULL, 7404062632, 'BUY_SUB', 20, 0, 0, 54000, 0.00, 1764326768, 'paid_with_wallet', 1, 0, NULL, NULL),
(779, 'WTyqednd1', NULL, NULL, 712013808, 'RENEW_ACCOUNT', 1034, 0, 0, 54000, 0.00, 1764328061, 'paid_with_wallet', 0, 0, NULL, NULL),
(780, '2nNxDoDb5', '', NULL, 458262492, 'BUY_SUB', 20, 0, 0, 58500, 0.00, 1764360504, 'paid_with_wallet', 1, 0, NULL, NULL),
(781, 'r3VHYpGLX', '', NULL, 7404062632, 'BUY_SUB', 20, 0, 0, 54000, 0.00, 1764418638, 'paid_with_wallet', 1, 0, NULL, NULL),
(782, 'uqI4Vj5ug', '', NULL, 712013808, 'BUY_SUB', 29, 0, 0, 66000, 0.00, 1764430789, 'paid_with_wallet', 1, 0, NULL, NULL),
(783, 'N3KyxRqeL', '', NULL, 7404062632, 'BUY_SUB', 20, 0, 0, 54000, 0.00, 1764430998, 'paid_with_wallet', 1, 0, NULL, NULL),
(784, 'mzG7DlBd6', '', NULL, 7404062632, 'BUY_SUB', 20, 0, 0, 54000, 0.00, 1764508995, 'paid_with_wallet', 1, 0, NULL, NULL),
(785, 'QcI1wyVlF', '', NULL, 7404062632, 'BUY_SUB', 29, 0, 0, 66000, 0.00, 1764513316, 'paid_with_wallet', 1, 0, NULL, NULL),
(786, 'iM4dWIME8', '', NULL, 7404062632, 'BUY_SUB', 26, 0, 0, 60000, 0.00, 1764585189, 'paid_with_wallet', 1, 0, NULL, NULL),
(787, 'JIphkcRgf', '', NULL, 712013808, 'BUY_SUB', 17, 0, 0, 54000, 0.00, 1764585791, 'paid_with_wallet', 1, 0, NULL, NULL),
(788, 'y2rn3PqRJ', '', NULL, 712013808, 'BUY_SUB', 20, 0, 0, 54000, 0.00, 1764585874, 'paid_with_wallet', 1, 0, NULL, NULL),
(789, 'cvzqr6Osu', '', NULL, 7404062632, 'BUY_SUB', 20, 0, 0, 54000, 0.00, 1764588349, 'paid_with_wallet', 1, 0, NULL, NULL),
(790, 'ioH7UPXno', '', NULL, 712013808, 'BUY_SUB', 28, 0, 0, 78000, 0.00, 1764593543, 'paid_with_wallet', 1, 0, NULL, NULL),
(791, '2XjYXd62e', '', NULL, 7404062632, 'BUY_SUB', 20, 0, 0, 54000, 0.00, 1764594046, 'paid_with_wallet', 1, 0, NULL, NULL),
(792, 'Hv5jBAs14', '', NULL, 712013808, 'BUY_SUB', 20, 0, 0, 54000, 0.00, 1764594867, 'paid_with_wallet', 1, 0, NULL, NULL),
(793, '3dND8pEvh', '', NULL, 7404062632, 'BUY_SUB', 20, 0, 0, 54000, 0.00, 1764608249, 'paid_with_wallet', 1, 0, NULL, NULL),
(794, 'k12zzDsGy', '', NULL, 712013808, 'BUY_SUB', 20, 0, 0, 54000, 0.00, 1764609244, 'paid_with_wallet', 1, 0, NULL, NULL),
(795, 'VMt2dV26u', '', NULL, 7404062632, 'BUY_SUB', 29, 0, 0, 66000, 0.00, 1764667869, 'paid_with_wallet', 1, 0, NULL, NULL),
(796, 'LJXAxez3l', '', NULL, 7404062632, 'BUY_SUB', 20, 0, 0, 54000, 0.00, 1764684032, 'paid_with_wallet', 1, 0, NULL, NULL),
(797, 'VAb13l9Si', '', NULL, 712013808, 'BUY_SUB', 20, 0, 0, 54000, 0.00, 1764701056, 'paid_with_wallet', 1, 0, NULL, NULL),
(798, 'zP6UhPVMY', '', NULL, 712013808, 'BUY_SUB', 28, 0, 0, 78000, 0.00, 1764711886, 'paid_with_wallet', 1, 0, NULL, NULL),
(800, 'yHbWCo6V9', '', NULL, 7404062632, 'BUY_SUB', 20, 0, 0, 54000, 0.00, 1764771836, 'paid_with_wallet', 1, 0, NULL, NULL),
(801, 'gVk8NBQ7J', '', NULL, 458262492, 'BUY_SUB', 16, 0, 0, 48750, 0.00, 1764772825, 'paid_with_wallet', 1, 0, NULL, NULL),
(802, 'JRRQBFM8g', '', NULL, 7404062632, 'BUY_SUB', 20, 0, 0, 54000, 0.00, 1764785884, 'paid_with_wallet', 1, 0, NULL, NULL),
(803, 'HdLRTD8Qp', '', NULL, 7404062632, 'BUY_SUB', 20, 0, 0, 54000, 0.00, 1764785916, 'paid_with_wallet', 1, 0, NULL, NULL);

-- --------------------------------------------------------

--
-- Table structure for table `send_list`
--

CREATE TABLE `send_list` (
  `id` int NOT NULL AUTO_INCREMENT,
  `offset` int NOT NULL DEFAULT '0',
  `type` varchar(20) NOT NULL,
  `text` text CHARACTER SET utf8mb4 COLLATE utf8mb4_bin,
  `chat_id` bigint DEFAULT NULL,
  `message_id` int DEFAULT NULL,
  `file_id` varchar(500) DEFAULT NULL,
  `state` int NOT NULL DEFAULT '0'
) ENGINE=InnoDB DEFAULT CHARSET=utf8mb4 COLLATE=utf8mb4_general_ci;

-- --------------------------------------------------------

--
-- Table structure for table `server_categories`
--

CREATE TABLE `server_categories` (
  `id` int NOT NULL AUTO_INCREMENT,
  `server_id` varchar(20) CHARACTER SET utf8mb4 COLLATE utf8mb4_persian_ci NOT NULL,
  `title` varchar(50) CHARACTER SET utf8mb4 COLLATE utf8mb4_persian_ci NOT NULL,
  `parent` int NOT NULL DEFAULT '0',
  `step` int NOT NULL,
  `active` int NOT NULL DEFAULT '0'
) ENGINE=MyISAM DEFAULT CHARSET=utf8mb4 COLLATE=utf8mb4_persian_ci;

--
-- Dumping data for table `server_categories`
--

INSERT INTO `server_categories` (`id`, `server_id`, `title`, `parent`, `step`, `active`) VALUES
(1, '0', '🇩🇪', 0, 4, 1),
(2, '0', '🇫🇷', 0, 4, 1),
(3, '0', '🇫🇮', 0, 4, 1);

-- --------------------------------------------------------

--
-- Table structure for table `server_info`
--

CREATE TABLE `server_info` (
  `id` int NOT NULL AUTO_INCREMENT,
  `title` varchar(200) CHARACTER SET utf8mb4 COLLATE utf8mb4_bin NOT NULL,
  `ucount` varchar(20) CHARACTER SET latin1 COLLATE latin1_swedish_ci NOT NULL,
  `remark` varchar(100) CHARACTER SET utf8mb4 COLLATE utf8mb4_persian_ci NOT NULL,
  `flag` varchar(100) CHARACTER SET utf8mb4 COLLATE utf8mb4_persian_ci NOT NULL,
  `active` int NOT NULL DEFAULT '0',
  `state` int NOT NULL DEFAULT '1'
) ENGINE=MyISAM DEFAULT CHARSET=utf8mb4 COLLATE=utf8mb4_persian_ci;

--
-- Dumping data for table `server_info`
--

INSERT INTO `server_info` (`id`, `title`, `ucount`, `remark`, `flag`, `active`, `state`) VALUES
(1, 'Ge آلمان', '30009', 'Vip-User—', '🇩🇪', 1, 1),
(4, 'هلند', '19998', 'vip-fin', '🇳🇱', 1, 1),
(3, 'فرانسه paris', '19997', 'Usa-Vip', '🇫🇷', 1, 0);

-- --------------------------------------------------------

--
-- Table structure for table `server_plans`
--

CREATE TABLE `server_plans` (
  `id` int NOT NULL AUTO_INCREMENT,
  `fileid` varchar(250) CHARACTER SET utf8mb4 COLLATE utf8mb4_persian_ci NOT NULL,
  `catid` int NOT NULL,
  `server_id` int NOT NULL,
  `inbound_id` int NOT NULL DEFAULT '0',
  `acount` bigint NOT NULL,
  `limitip` int NOT NULL DEFAULT '1',
  `title` varchar(150) CHARACTER SET utf8mb4 COLLATE utf8mb4_persian_ci NOT NULL,
  `protocol` varchar(100) CHARACTER SET utf8mb4 COLLATE utf8mb4_persian_ci NOT NULL,
  `days` float NOT NULL,
  `volume` float NOT NULL,
  `type` varchar(50) CHARACTER SET utf8mb4 COLLATE utf8mb4_persian_ci NOT NULL,
  `price` int NOT NULL,
  `descr` text CHARACTER SET utf8mb4 COLLATE utf8mb4_persian_ci NOT NULL,
  `pic` varchar(100) CHARACTER SET utf8mb4 COLLATE utf8mb4_persian_ci NOT NULL,
  `active` int NOT NULL DEFAULT '0',
  `step` int NOT NULL,
  `date` varchar(50) CHARACTER SET utf8mb4 COLLATE utf8mb4_persian_ci NOT NULL,
  `rahgozar` int DEFAULT '0',
  `dest` varchar(1000) CHARACTER SET utf8mb4 COLLATE utf8mb4_bin DEFAULT NULL,
  `serverNames` text CHARACTER SET utf8mb4 COLLATE utf8mb4_bin,
  `spiderX` varchar(500) CHARACTER SET utf8mb4 COLLATE utf8mb4_persian_ci DEFAULT NULL,
  `flow` varchar(50) CHARACTER SET utf8mb4 COLLATE utf8mb4_persian_ci DEFAULT 'None',
  `custom_path` int DEFAULT '1',
  `custom_port` int NOT NULL DEFAULT '0',
  `custom_sni` varchar(500) CHARACTER SET utf8mb4 COLLATE utf8mb4_persian_ci DEFAULT NULL
) ENGINE=MyISAM DEFAULT CHARSET=utf8mb4 COLLATE=utf8mb4_persian_ci;

--
-- Dumping data for table `server_plans`
--

INSERT INTO `server_plans` (`id`, `fileid`, `catid`, `server_id`, `inbound_id`, `acount`, `limitip`, `title`, `protocol`, `days`, `volume`, `type`, `price`, `descr`, `pic`, `active`, `step`, `date`, `rahgozar`, `dest`, `serverNames`, `spiderX`, `flow`, `custom_path`, `custom_port`, `custom_sni`) VALUES
(15, '0', 2, 3, 4, 880, 0, '30 گیگ 30 روز', 'vless', 30, 30, 'ws', 90000, '30 گیگ 30 روز ', '0', 1, 10, '1752132779', 0, NULL, NULL, NULL, NULL, 1, 0, NULL),
(16, '0', 1, 1, 20, 44, 0, '20 گیگ 30 روز', 'vless', 30, 20, 'ws', 75000, '20 گیگ 30 روز', '0', 1, 10, '1752132849', 0, NULL, NULL, NULL, NULL, 1, 0, NULL),
(17, '0', 1, 1, 9, 623, 0, 'vmess 30 gig 30 day', 'vless', 30, 30, 'tcp', 90000, 'vip 30 gb 30 day', '0', 1, 10, '1752132959', 0, NULL, NULL, NULL, NULL, 1, 0, NULL),
(6, '', 1, 1, 8, 98, 1, 'test-vip', 'vless', 1, 0, 'tcp', 0, 'کانفیق تست دکتر جی اس ام', '', 1, 10, '1751211535', 1, NULL, NULL, NULL, 'None', 1, 0, ''),
(20, '0', 1, 1, 19, 413, 0, '30 گیگ 30 روز', 'vless', 30, 30, 'ws', 90000, '30 گیگ 30 روز ', '0', 1, 10, '1755259408', 0, NULL, NULL, NULL, NULL, 1, 0, NULL),
(21, '0', 2, 3, 3, 882, 0, '10 گیگ 30 روز', 'vless', 30, 10, 'ws', 50000, '10 گیگ 30 روز ', '0', 1, 10, '1755259955', 0, NULL, NULL, NULL, NULL, 1, 0, NULL),
(22, '0', 2, 3, 5, 884, 0, '20 گیگ 30 روز', 'vless', 30, 20, 'ws', 70000, '20 گیگ 30 روز ', '0', 1, 10, '1755259957', 0, NULL, NULL, NULL, NULL, 1, 0, NULL),
(28, '0', 1, 1, 19, 781, 0, '50 گیگ 30 روز', 'vless', 30, 50, 'ws', 130000, '30 گیگ 30 روز ', '0', 1, 10, '1757259342', 0, NULL, NULL, NULL, NULL, 1, 0, NULL),
(26, '', 3, 4, 20, 1879, 0, '30 گیگ 30 روز', 'vless', 30, 30, 'grpc', 100000, 'این سرویس یک اکانت مولتی هست که به صورت رندم به کشور المان یا فرانسه یا روسیه وصل میکند و با هر بار قطع و وصل یکی از 3 ایپی استفاده میشود', '', 1, 10, '1755444292', 0, NULL, NULL, NULL, NULL, 1, 0, NULL),
(29, '0', 1, 1, 11, 847, 0, '50 گیگ 30 روز snapchat fix', 'vless', 30, 50, 'tcp', 110000, 'vip 30 gb 30 day', '0', 1, 10, '1757751279', 0, NULL, NULL, NULL, NULL, 1, 0, NULL);

-- --------------------------------------------------------

--
-- Table structure for table `setting`
--

CREATE TABLE `setting` (
  `id` int NOT NULL AUTO_INCREMENT,
  `type` varchar(5000) CHARACTER SET utf8mb4 COLLATE utf8mb4_bin NOT NULL,
  `value` text CHARACTER SET utf8mb4 COLLATE utf8mb4_bin NOT NULL
) ENGINE=InnoDB DEFAULT CHARSET=utf8mb4 COLLATE=utf8mb4_general_ci;

--
-- Dumping data for table `setting`
--

INSERT INTO `setting` (`id`, `type`, `value`) VALUES
(1, 'TICKETS_CATEGORY', 'شکایت'),
(2, 'INVITE_BANNER_AMOUNT', '3000'),
(3, 'INVITE_BANNER_TEXT', '{\"type\":\"photo\",\"caption\":\"\\u062f\\u06a9\\u062a\\u0631 \\u062c\\u06cc \\u0627\\u0633 \\u0627\\u0645: \\u0627\\u062a\\u0635\\u0627\\u0644 \\u0628\\u06cc\\u200c\\u0648\\u0642\\u0641\\u0647\\u060c \\u062a\\u062c\\u0631\\u0628\\u0647 \\u0622\\u0646\\u0644\\u0627\\u06cc\\u0646 \\u0628\\u06cc\\u200c\\u0646\\u0638\\u06cc\\u0631\\n\\n\\u0628\\u0627 \\u0633\\u06cc\\u0633\\u062a\\u0645 \\u06a9\\u0627\\u0646\\u0641\\u06cc\\u06af V2Ray \\u062f\\u06a9\\u062a\\u0631 \\u062c\\u06cc \\u0627\\u0633 \\u0627\\u0645\\u060c \\u062f\\u06cc\\u06af\\u0631 \\u0646\\u06af\\u0631\\u0627\\u0646 \\u0645\\u062d\\u062f\\u0648\\u062f\\u06cc\\u062a\\u200c\\u0647\\u0627\\u06cc \\u0627\\u06cc\\u0646\\u062a\\u0631\\u0646\\u062a \\u0646\\u0628\\u0627\\u0634\\u06cc\\u062f!\\n\\n\\u0645\\u0646\\u0627\\u0633\\u0628 \\u0628\\u0631\\u0627\\u06cc \\u0646\\u062a \\u0645\\u0644\\u06cc: \\u0627\\u062a\\u0635\\u0627\\u0644 \\u067e\\u0627\\u06cc\\u062f\\u0627\\u0631 \\u062d\\u062a\\u06cc \\u062f\\u0631 \\u0634\\u0631\\u0627\\u06cc\\u0637 \\u062e\\u0627\\u0635\\n\\n\\u0627\\u062a\\u0635\\u0627\\u0644 \\u0645\\u062f\\u0627\\u0645 \\u0648 \\u0628\\u062f\\u0648\\u0646 \\u0642\\u0637\\u0639\\u06cc: \\u062a\\u062c\\u0631\\u0628\\u0647\\u200c\\u0627\\u06cc \\u0631\\u0648\\u0627\\u0646 \\u0648 \\u0628\\u062f\\u0648\\u0646 \\u0648\\u0642\\u0641\\u0647\\n\\n\\u0628\\u06cc\\u0634 \\u0627\\u0632 6 \\u0633\\u0627\\u0644 \\u0633\\u0627\\u0628\\u0642\\u0647 \\u062f\\u0631\\u062e\\u0634\\u0627\\u0646: \\u0627\\u0639\\u062a\\u0645\\u0627\\u062f \\u0648 \\u06a9\\u06cc\\u0641\\u06cc\\u062a \\u0631\\u0627 \\u0628\\u0627 \\u0645\\u0627 \\u062a\\u062c\\u0631\\u0628\\u0647 \\u06a9\\u0646\\u06cc\\u062f.\\n\\n\\u0647\\u0645\\u06cc\\u0646 \\u0627\\u0645\\u0631\\u0648\\u0632 \\u0628\\u0647 \\u062c\\u0645\\u0639 \\u06a9\\u0627\\u0631\\u0628\\u0631\\u0627\\u0646 \\u0631\\u0627\\u0636\\u06cc \\u062f\\u06a9\\u062a\\u0631 \\u062c\\u06cc \\u0627\\u0633 \\u0627\\u0645 \\u0628\\u067e\\u06cc\\u0648\\u0646\\u062f\\u06cc\\u062f!\\n\\ud83e\\udd16\\u0631\\u0628\\u0627\\u062a \\u0641\\u0631\\u0648\\u0634 : @drgsmv2raybot\\n\\ud83d\\udda5 \\u0627\\u062f\\u0645\\u06cc\\u0646 : \\n@gh_erfaan\",\"file_id\":\"AgACAgQAAxkBAAIDlWhenEqNXDEo1hh3-v-R_iC10dReAALFyjEbjXnwUvx6Lbh5ikPXAQADAgADeAADNgQ\"}'),
(4, 'PAYMENT_KEYS', '{\"nowpayment\":\"cccc-cccc-cccc-cccc\",\"zarinpal\":\"aaaa-aaaa-aaaa-aaaa\",\"nextpay\":\"bbbb-bbbb-bbbb-bbbb\",\"bankAccount\":\"6219861910200400\",\"holderName\":\"\\u0639\\u0631\\u0641\\u0627\\u0646 \\u0642\\u0627\\u0633\\u0645\\u06cc \\u06a9\\u0647\\u0631\\u06cc\\u0632 \\n\\u0644\\u0637\\u0641\\u0627 \\u0628\\u0639\\u062f \\u0627\\u0632 \\u0648\\u0627\\u0631\\u06cc\\u0632\\u06cc \\u0627\\u0639\\u0644\\u0627\\u0645 \\u06a9\\u0646\\u06cc\\u062f \\u062a\\u0627 \\u062d\\u0633\\u0627\\u0628 \\u0634\\u0645\\u0627 \\u0634\\u0627\\u0631\\u0698 \\u0634\\u0648\\u062f \\n\\u0627\\u0632 \\u0636\\u0645\\u0627\\u0646\\u062a \\u0627\\u06a9\\u0627\\u0646\\u062a \\u0647\\u0627 \\u0646\\u06af\\u0631\\u0627\\u0646 \\u0646\\u0628\\u0627\\u0634\\u06cc\\u062f \\u0627\\u06af\\u0631 \\u0645\\u0648\\u0631\\u062f \\u0631\\u0636\\u0627\\u06cc\\u062a \\u0634\\u0645\\u0627 \\u0646\\u0628\\u0627\\u0634\\u062f \\u0645\\u0628\\u0644\\u063a \\u0639\\u0648\\u062f\\u062a \\u062f\\u0627\\u062f\\u0647 \\u0645\\u06cc\\u0634\\u0648\\u062f\"}'),
(5, 'BOT_STATES', '{\"requirePhone\":\"off\",\"requireIranPhone\":\"off\",\"sellState\":\"on\",\"botState\":\"on\",\"searchState\":\"on\",\"rewaredTime\":\"80\",\"cartToCartState\":\"on\",\"nextpay\":\"off\",\"zarinpal\":\"off\",\"nowPaymentWallet\":\"off\",\"nowPaymentOther\":\"off\",\"walletState\":\"on\",\"rewardChannel\":\"@wizwizdev\",\"lockChannel\":\"@drgsmir\",\"changeProtocolState\":\"on\",\"renewAccountState\":\"on\",\"switchLocationState\":\"off\",\"increaseTimeState\":\"off\",\"increaseVolumeState\":\"off\",\"gbPrice\":\"100\",\"dayPrice\":\"100\",\"subLinkState\":\"on\",\"plandelkhahState\":\"off\",\"weSwapState\":\"off\",\"USDRate\":0,\"TRXRate\":0,\"rateLimit\":1764837963,\"lastRewardMessage\":1765058102,\"qrConfigState\":\"on\",\"updateConfigLinkState\":\"on\",\"renewConfigLinkState\":\"on\",\"testAccount\":\"on\",\"remark\":\"digits\",\"updateConnectionState\":\"robot\",\"agencyState\":\"on\",\"agencyPlanDiscount\":\"off\",\"cartToCartAutoAcceptState\":\"on\",\"cartToCartAutoAcceptType\":\"2\",\"cartToCartAutoAcceptTime\":\"4\"}');

-- --------------------------------------------------------

--
-- Table structure for table `users`
--

CREATE TABLE `users` (
  `id` int NOT NULL AUTO_INCREMENT,
  `userid` varchar(40) CHARACTER SET utf8mb4 COLLATE utf8mb4_persian_ci NOT NULL,
  `name` varchar(100) CHARACTER SET utf8mb4 COLLATE utf8mb4_persian_ci NOT NULL,
  `username` varchar(100) CHARACTER SET utf8mb4 COLLATE utf8mb4_persian_ci NOT NULL,
  `refcode` varchar(50) CHARACTER SET utf8mb4 COLLATE utf8mb4_persian_ci NOT NULL,
  `wallet` int NOT NULL DEFAULT '0',
  `date` varchar(50) CHARACTER SET utf8mb4 COLLATE utf8mb4_persian_ci NOT NULL,
  `phone` varchar(15) CHARACTER SET utf8mb4 COLLATE utf8mb4_persian_ci DEFAULT NULL,
  `refered_by` bigint DEFAULT NULL,
  `step` varchar(1000) CHARACTER SET utf8mb4 COLLATE utf8mb4_general_ci NOT NULL DEFAULT 'none',
  `freetrial` varchar(10) CHARACTER SET utf8mb4 COLLATE utf8mb4_persian_ci DEFAULT NULL,
  `isAdmin` tinyint(1) NOT NULL DEFAULT '0',
  `first_start` varchar(10) CHARACTER SET utf8mb4 COLLATE utf8mb4_persian_ci DEFAULT NULL,
  `temp` text CHARACTER SET utf8mb4 COLLATE utf8mb4_bin,
  `is_agent` int NOT NULL DEFAULT '0',
  `discount_percent` varchar(1000) CHARACTER SET utf8mb4 COLLATE utf8mb4_bin DEFAULT NULL,
  `agent_date` int NOT NULL DEFAULT '0',
  `spam_info` varchar(500) CHARACTER SET utf8mb4 COLLATE utf8mb4_persian_ci DEFAULT NULL
) ENGINE=MyISAM DEFAULT CHARSET=utf8mb4 COLLATE=utf8mb4_persian_ci;

--
-- Dumping data for table `users`
--

INSERT INTO `users` (`id`, `userid`, `name`, `username`, `refcode`, `wallet`, `date`, `phone`, `refered_by`, `step`, `freetrial`, `isAdmin`, `first_start`, `temp`, `is_agent`, `discount_percent`, `agent_date`, `spam_info`) VALUES
(1, '380369625', 'Erfan', 'gh_erfaan', '0', 0, '1750940433', NULL, NULL, 'none', 'used', 0, NULL, '', -1, '{\"normal\":\"0\",\"servers\":{\"1\":\"0\"}}', 1751006393, '{\"count\":6,\"date\":1762608514}'),
(2, '484925112', 'Ходи', 'H0812j', '0', 0, '1750944360', NULL, NULL, 'none', NULL, 0, 'sent', '', 2, NULL, 0, '{\"count\":2,\"date\":1753862175}'),
(3, '5059680470', 'Erfan Ghasemi', 'drgsmm', '0', 999380000, '1750959926', NULL, NULL, 'none', 'used', 0, 'sent', '', -1, '{\"normal\":\"30\"}', 1751060616, '{\"count\":3,\"date\":1762417842}'),
(4, '1322183166', 'amin', 'amin75hh', '0', 900000, '1751005952', NULL, NULL, 'none', NULL, 0, 'sent', '', 0, NULL, 0, '{\"count\":2,\"date\":1751614629}'),
(5, '110390533', 'saeid', 'saeidhbaglu', '0', 130000, '1751031158', NULL, NULL, 'none', NULL, 0, 'sent', '', 1, '{\"normal\":\"30\"}', 1762089499, '{\"count\":3,\"date\":1764002845}'),
(146, '585214803', 'Yashar', 'yasharyekanii', '0', 0, '1764177080', NULL, NULL, 'none', NULL, 0, 'sent', '', 1, '{\"normal\":\"40\"}', 1764177535, '{\"count\":1,\"date\":1764177552}'),
(6, '381177149', '𝐷𝑎𝑛𝑖', 'Jdjshshsnwnw', '0', 0, '1751031892', NULL, NULL, 'none', NULL, 0, 'sent', '', 0, NULL, 0, NULL),
(7, '1470019343', 'Sina.e', 'siiina11', '0', 0, '1751040748', NULL, NULL, 'enterAccountName1_1_none', NULL, 0, 'sent', '', 0, NULL, 0, '{\"count\":4,\"date\":1751040813}'),
(8, '289562193', 'Sɪɴᴀ', 'sina3312', '0', 0, '1751040982', NULL, NULL, 'none', NULL, 0, 'sent', '', 1, '{\"normal\":\"15\"}', 1751047056, '{\"count\":6,\"date\":1751049120}'),
(9, '75779614', 'hamid', 'hamidhatami07', '0', 0, '1751042280', NULL, NULL, 'none', NULL, 0, 'sent', '', 0, NULL, 0, '{\"count\":2,\"date\":1751042415}'),
(10, '1010740612', 'Eso', 'Eso_696s', '0', 0, '1751043250', NULL, NULL, 'none', NULL, 0, 'sent', '', 1, '{\"normal\":\"15\"}', 1751044369, '{\"count\":6,\"date\":1754558322}'),
(11, '411666457', 'Saeed', 'V2RAYADD', '0', 0, '1751048337', NULL, NULL, 'none', 'used', 0, 'sent', '', 2, NULL, 0, '{\"count\":3,\"date\":1751750828}'),
(12, '1060354245', 'Mina', 'MF5715', '0', 0, '1751053316', NULL, NULL, 'none', NULL, 0, 'sent', '', 0, NULL, 0, '{\"count\":1,\"date\":1751053393}'),
(13, '1820799882', 'Saber', 'saber177', '0', 0, '1751057159', NULL, NULL, 'none', NULL, 0, 'sent', '', 1, '{\"normal\":\"0\"}', 1751060144, '{\"count\":4,\"date\":1751057224}'),
(14, '405611343', 'Garmavich', 'Garmavich', '0', 0, '1751063606', NULL, NULL, 'none', 'used', 0, 'sent', '', 2, NULL, 0, '{\"count\":3,\"date\":1751756125}'),
(15, '154265225', 'Ali', ' ندارد ', '0', 0, '1751099561', NULL, NULL, 'none', NULL, 0, 'sent', '', 0, NULL, 0, '{\"count\":1,\"date\":1751356367}'),
(16, '7404062632', 'Omid', 'omidmpp', '0', 1742000, '1751116785', NULL, NULL, 'none', NULL, 0, 'sent', '', 1, '{\"normal\":\"40\"}', 1751116804, '{\"count\":12,\"date\":1764785933}'),
(17, '458262492', 'Meti', 'ofmehdi', '0', 48000, '1751143825', NULL, NULL, 'none', 'used', 0, 'sent', '', 1, '{\"normal\":\"35\"}', 1751145066, '{\"count\":4,\"date\":1764772866}'),
(18, '6470966075', '.', 'mahdi83508350', '0', 0, '1751145011', NULL, NULL, 'none', NULL, 0, 'sent', '', 1, '{\"normal\":\"15\"}', 1751145073, '{\"count\":3,\"date\":1751190508}'),
(19, '869575681', 'ѕαя∂αя', 'sardar9923', '0', 0, '1751145430', NULL, NULL, 'none', NULL, 0, 'sent', '', 0, NULL, 0, NULL),
(20, '7365961697', 'PViks', ' ندارد ', '0', 0, '1751159366', NULL, NULL, 'none', NULL, 0, 'sent', '', 0, NULL, 0, NULL),
(21, '7131409626', 'تبلیغات خبرفوری', 'adsnewsfa', '0', 0, '1751183466', NULL, NULL, 'none', NULL, 0, 'sent', '', 0, NULL, 0, '{\"count\":2,\"date\":1751183534}'),
(22, '7067429517', 'Hossein', 'Pjh_0098', '0', 363750, '1751195674', NULL, NULL, 'none', NULL, 0, 'sent', '', 1, '{\"normal\":\"35\"}', 1751195702, '{\"count\":6,\"date\":1762356755}'),
(23, '712013808', 'MILAD', 'miladmohamadnezhad', '0', 275000, '1751206896', NULL, NULL, 'none', NULL, 0, 'sent', '', 1, '{\"normal\":\"40\"}', 1751206917, '{\"count\":1,\"date\":1764711999}'),
(24, '5764827654', 'Masih', 'masihrahmani7', '0', 0, '1751209871', NULL, NULL, 'none', NULL, 0, 'sent', '', 2, NULL, 0, '{\"count\":1,\"date\":1751209939}'),
(25, '292645116', 'خدمات عرش', 'Arshmobileorg', '0', 0, '1751210277', NULL, NULL, 'none', NULL, 0, 'sent', '', 0, NULL, 0, '{\"count\":2,\"date\":1751210346}'),
(27, '1107313840', 'Soheil', 's_o_h_e_i_l_1', '0', 0, '1751213512', NULL, NULL, 'none', 'used', 0, 'sent', '', 0, NULL, 0, '{\"count\":8,\"date\":1751216191}'),
(26, '1480911795', 'ahproya', 'Imnot_jacob', '0', 0, '1751212311', NULL, NULL, 'none', 'used', 0, 'sent', '', 0, NULL, 0, '{\"count\":1,\"date\":1752730813}'),
(28, '155675320', 'Alireza.M', 'alireza_m7294', '0', 0, '1751213983', NULL, NULL, 'none', 'used', 0, 'sent', '', 1, '{\"normal\":\"5\"}', 1751214952, '{\"count\":3,\"date\":1751220675}'),
(29, '169413721', 'MHRamzi', 'MHRamzi', '0', 0, '1751214541', NULL, NULL, 'none', NULL, 0, 'sent', '', 0, NULL, 0, '{\"count\":2,\"date\":1751214697}'),
(30, '5860936265', '.', 'Raminfdk', '0', 0, '1751218200', NULL, NULL, 'none', 'used', 0, 'sent', '', 1, '{\"normal\":\"5\"}', 1751220297, '{\"count\":4,\"date\":1751218265}'),
(31, '314872829', 'sajjad', 'XBOY914', '0', 0, '1751219306', NULL, NULL, 'none', 'used', 0, 'sent', NULL, 0, NULL, 0, '{\"count\":11,\"date\":1751748696}'),
(32, '5754720470', 'Anita', ' ندارد ', '0', 0, '1751225200', NULL, NULL, 'none', NULL, 0, 'sent', '', 0, NULL, 0, NULL),
(33, '745200954', 'Ali', 'Ashahsevan', '0', 0, '1751225477', NULL, NULL, 'none', NULL, 0, 'sent', '', 0, NULL, 0, '{\"count\":3,\"date\":1751225541}'),
(34, '7280867307', 'Hadis', 'Hadisgasemiiii', '0', 0, '1751226121', NULL, NULL, 'none', NULL, 0, 'sent', '', 2, NULL, 0, '{\"count\":1,\"date\":1751226194}'),
(35, '6450739225', 'hamnafas', 'yalandonyaa13', '0', 0, '1751228588', NULL, NULL, 'none', 'used', 0, 'sent', '', 0, NULL, 0, '{\"count\":5,\"date\":1751228659}'),
(36, '6700309688', '🧿🫀', 'F_alizadehhhh', '0', 0, '1751231069', NULL, NULL, 'showAccount', NULL, 0, 'sent', '', 0, NULL, 0, '{\"count\":7,\"date\":1751231140}'),
(37, '7307705279', 'Mahsa', ' ندارد ', '0', 100000, '1751232251', NULL, NULL, 'none', 'used', 0, 'sent', '', 0, NULL, 0, '{\"count\":1,\"date\":1752602363}'),
(38, '7154738552', 'Mari Joon', ' ندارد ', '0', 0, '1751236135', NULL, NULL, 'none', NULL, 0, 'sent', '', 0, NULL, 0, '{\"count\":4,\"date\":1751236216}'),
(39, '6767046339', 'Mahnaz', ' ندارد ', '0', 0, '1751241942', NULL, NULL, 'none', NULL, 0, 'sent', '', 0, NULL, 0, '{\"count\":5,\"date\":1762431444}'),
(40, '360696102', '💙💙', 'alireza13727272', '0', 0, '1751257564', NULL, NULL, 'none', NULL, 0, 'sent', '', 0, NULL, 0, '{\"count\":1,\"date\":1751257644}'),
(41, '6642245765', '+1', 'Codm_you', '0', 0, '1751267496', NULL, NULL, 'none', NULL, 0, 'sent', '', 0, NULL, 0, NULL),
(42, '600069656', 'amir.h_y', 'Amir20hy', '0', 0, '1751277154', NULL, NULL, 'none', NULL, 0, 'sent', '{\n    \"id\": 9,\n    \"remark\": \"sf32cy7namirhosein1\",\n    \"uuid\": \"96057656-9b33-4116-a8d3-cce355f4f169\"\n}', 0, NULL, 0, '{\"count\":6,\"date\":1752913238}'),
(43, '7343125217', '.', 'Arash55556', '0', 0, '1751299234', NULL, NULL, 'none', NULL, 0, 'sent', '', 0, NULL, 0, NULL),
(44, '1118107104', 'امیرحسین', ' ندارد ', '0', 0, '1751370933', NULL, NULL, 'none', NULL, 0, 'sent', '', 0, NULL, 0, NULL),
(45, '7113808627', 'ℨ𝔞𝔥𝔯𝔞🍓', ' ندارد ', '0', 0, '1751372187', NULL, NULL, 'none', NULL, 0, 'sent', '', 0, NULL, 0, NULL),
(46, '6010936722', 'Fakhri', ' ندارد ', '0', 0, '1751375790', NULL, NULL, 'none', NULL, 0, 'sent', '', 0, NULL, 0, '{\"count\":6,\"date\":1751375858}'),
(47, '1396435596', 'Yasin', 'yasin1374mah', '0', 0, '1751376146', NULL, NULL, 'none', NULL, 0, 'sent', '', 0, '{\"normal\":\"25\"}', 1751376485, '{\"count\":8,\"date\":1751405531}'),
(48, '1397523941', 'M', 'M_managee', '0', 0, '1751376477', NULL, NULL, 'none', NULL, 0, 'sent', '', 0, NULL, 0, '{\"count\":4,\"date\":1751376542}'),
(49, '7015257792', 'yasamin', 'safaryas', '0', 0, '1751378831', NULL, NULL, 'none', NULL, 0, 'sent', '', 0, NULL, 0, NULL),
(50, '7565571488', '🦋', ' ندارد ', '0', 0, '1751385519', NULL, NULL, 'none', NULL, 0, 'sent', '', 0, NULL, 0, '{\"count\":7,\"date\":1751385588}'),
(51, '7775782988', 'Hani', ' ندارد ', '0', 0, '1751387809', NULL, NULL, 'none', 'used', 0, 'sent', '', 0, NULL, 0, '{\"count\":1,\"date\":1758656035}'),
(52, '7386876062', 'Nesa', 'Sahliloo', '0', 0, '1751388588', NULL, NULL, 'none', NULL, 0, 'sent', '', 0, NULL, 0, '{\"count\":3,\"date\":1751388656}'),
(53, '5900087873', 'H', 'Nafas8302', '0', 0, '1751391376', NULL, NULL, 'none', NULL, 0, 'sent', '', 0, NULL, 0, '{\"count\":3,\"date\":1751391445}'),
(54, '7215237308', 'Ata', ' ندارد ', '0', 0, '1751397308', NULL, NULL, 'none', NULL, 0, 'sent', '', 0, NULL, 0, '{\"count\":3,\"date\":1751397389}'),
(55, '5602081418', '💔', 'kurd34m', '0', 0, '1751403073', NULL, NULL, 'none', 'used', 0, 'sent', '', 0, NULL, 0, '{\"count\":1,\"date\":1752169800}'),
(56, '5765760787', '🌸𝐀𝐲𝐬𝐡𝐞𝐡🌸', ' ندارد ', '0', 0, '1751404748', NULL, NULL, 'none', NULL, 0, 'sent', '', 0, NULL, 0, '{\"count\":1,\"date\":1751409353}'),
(57, '8156089308', 'Amirsadra', ' ندارد ', '0', 0, '1751407217', NULL, NULL, 'none', NULL, 0, 'sent', '', 0, NULL, 0, NULL),
(58, '7964759189', 'Ehsan', ' ندارد ', '0', 0, '1751411730', NULL, NULL, 'none', NULL, 0, 'sent', '', 0, NULL, 0, '{\"count\":1,\"date\":1751411871}'),
(59, '5588463961', '💙زینب❤️', 'amanzadeh1371', '0', 0, '1751439953', NULL, NULL, 'none', NULL, 0, 'sent', '', 0, NULL, 0, '{\"count\":2,\"date\":1752097579}'),
(60, '375824249', 'S', ' ندارد ', '0', 0, '1751440795', NULL, NULL, 'none', NULL, 0, 'sent', '', 0, NULL, 0, NULL),
(61, '7726183690', '🎀🍓', 'Ooo5642', '0', 0, '1751452354', NULL, NULL, 'none', NULL, 0, 'sent', '', 0, NULL, 0, '{\"count\":5,\"date\":1751452427}'),
(62, '6951074012', 'FΛЯПΛZ', ' ندارد ', '0', 0, '1751455293', NULL, NULL, 'none', NULL, 0, 'sent', '', 0, NULL, 0, NULL),
(63, '91734253', 'Mohammadali', ' ندارد ', '0', 0, '1751470565', NULL, NULL, 'none', NULL, 0, 'sent', '', 2, NULL, 0, '{\"count\":1,\"date\":1759693339}'),
(64, '77323874', 'Amin', 'Amin_1994', '0', 0, '1751478031', NULL, NULL, 'none', NULL, 0, 'sent', '', 0, NULL, 0, '{\"count\":3,\"date\":1751700066}'),
(65, '1020937681', 'Omran', 'Omrankurdish', '0', 0, '1751491902', NULL, NULL, 'none', 'used', 0, 'sent', '', 0, NULL, 0, '{\"count\":1,\"date\":1752085115}'),
(66, '5578673792', '神马平安担保175', ' ندارد ', '0', 0, '1751548187', NULL, NULL, 'none', NULL, 0, 'sent', '', 0, NULL, 0, NULL),
(67, '7460211566', 'ملکه غم', 'malka_gam19', '0', 0, '1751562854', NULL, NULL, 'none', 'used', 0, 'sent', '', 2, NULL, 0, '{\"count\":3,\"date\":1751562942}'),
(68, '6413706900', 'فرزانه', ' ندارد ', '0', 0, '1751566307', NULL, NULL, 'none', NULL, 0, 'sent', '', 0, NULL, 0, '{\"count\":5,\"date\":1751566379}'),
(69, '6240887151', 'Saniya', 'SaniyaNosruti', '0', 0, '1751574658', NULL, NULL, 'none', NULL, 0, 'sent', '', 0, NULL, 0, NULL),
(71, '7729293183', 'باران', 'poshtiban_Abroshan1379', '0', 0, '1751581548', NULL, NULL, 'none', NULL, 0, 'sent', '', 0, NULL, 0, '{\"count\":4,\"date\":1751581669}'),
(70, '5409097702', 'Porya', 'Purya2344', '0', 0, '1751581169', NULL, NULL, 'increaseMyWallet', NULL, 0, 'sent', '', 2, NULL, 0, '{\"count\":4,\"date\":1751642470}'),
(72, '6212364783', 'Zahra', ' ندارد ', '0', 0, '1751582389', NULL, NULL, 'none', NULL, 0, 'sent', '', 0, NULL, 0, '{\"count\":1,\"date\":1751582480}'),
(73, '100280729', 'Abbas', 'abbas_mobile_znj', '0', 0, '1751582726', NULL, NULL, 'none', NULL, 0, 'sent', '', 0, NULL, 0, NULL),
(74, '456460616', 'Zahra', 'ZahraA_B32', '0', 0, '1751605853', NULL, NULL, 'none', NULL, 0, 'sent', '', 0, NULL, 0, '{\"count\":3,\"date\":1751605928}'),
(75, '678300807', 'Mobile_iland', 'mohsenmoraditabar', '0', 0, '1751611705', NULL, NULL, 'none', 'used', 0, 'sent', '', 0, NULL, 0, '{\"count\":2,\"date\":1754588009}'),
(76, '181355298', 'Navid', 'NavidFayazmehr', '0', 0, '1751612425', NULL, NULL, 'none', 'used', 0, 'sent', '', 0, NULL, 0, '{\"count\":10,\"date\":1751707999}'),
(77, '5685180998', 'MOHAMAD', 'mohamad_13755', '0', 0, '1751615294', NULL, NULL, 'none', NULL, 0, 'sent', '', 0, NULL, 0, '{\"count\":3,\"date\":1751615365}'),
(78, '252649272', 'reza', 'reza201026', '0', 0, '1751621165', NULL, NULL, 'none', NULL, 0, 'sent', '', 2, NULL, 0, '{\"count\":5,\"date\":1751621242}'),
(79, '5044976773', '🎀MAYA🫧🎀', 'Mari0vahid', '0', 0, '1751623997', NULL, NULL, 'enterAccountName9_2_none', NULL, 0, 'sent', '', 0, NULL, 0, '{\"count\":5,\"date\":1751624123}'),
(80, '997295590', 'Fatemeh❄', 'Fatemeh771227', '0', 0, '1751632728', NULL, NULL, 'none', NULL, 0, 'sent', '', 0, NULL, 0, NULL),
(81, '5613101287', '❣️', 'Asra8076', '0', 0, '1751635796', NULL, NULL, 'none', 'used', 0, 'sent', '', 0, NULL, 0, '{\"count\":2,\"date\":1751636196}'),
(82, '5207250803', '°• Ｓａｈａｒ🦄🌸 •°', 'Saharsh35', '0', 0, '1751636221', NULL, NULL, 'none', NULL, 0, 'sent', '', 0, NULL, 0, '{\"count\":5,\"date\":1751636334}'),
(83, '955370074', 'Fatemeh ramesh', ' ندارد ', '0', 0, '1751637906', NULL, NULL, 'none', NULL, 0, 'sent', '', 0, NULL, 0, NULL),
(84, '1921628702', '222', 'KhadameAlone', '0', 0, '1751671888', NULL, NULL, 'none', NULL, 0, 'sent', '', 0, NULL, 0, '{\"count\":2,\"date\":1751671957}'),
(86, '82236307', 'M', 'm12471247', '0', 0, '1751720906', NULL, NULL, 'showAccount', NULL, 0, 'sent', '', 0, NULL, 0, '{\"count\":5,\"date\":1753567245}'),
(85, '1995358552', 'Benyamin', 'Benyamin721', '0', 0, '1751720719', NULL, NULL, 'none', NULL, 0, 'sent', '', 0, NULL, 0, '{\"count\":8,\"date\":1751720793}'),
(87, '518781111', 'Farid', 'FaridHashemi2', '0', 0, '1751720940', NULL, NULL, 'none', 'used', 0, 'sent', '', 0, NULL, 0, '{\"count\":2,\"date\":1751721155}'),
(88, '6859723341', 'Aref', 'Qaref67', '0', 0, '1751720957', NULL, NULL, 'none', NULL, 0, 'sent', '', 0, NULL, 0, '{\"count\":2,\"date\":1751721028}'),
(89, '2044826787', 'Dorna Rafighi', 'Dr_Dorna_Rafighi', '0', 0, '1751721253', NULL, NULL, 'none', 'used', 0, 'sent', '', 0, NULL, 0, '{\"count\":1,\"date\":1754288944}'),
(90, '6144516420', 'mhammad☠️', 'mohammadMH_CEO', '0', 0, '1751724644', NULL, NULL, 'none', 'used', 0, 'sent', '', 0, NULL, 0, '{\"count\":3,\"date\":1751724812}'),
(91, '808186668', 'M', 'M34400', '0', 0, '1751724868', NULL, NULL, 'none', NULL, 0, 'sent', '', 0, NULL, 0, '{\"count\":17,\"date\":1751724978}'),
(92, '5887540099', 'mohammadamin', 'mohammadamin_315', '0', 0, '1751725317', NULL, NULL, 'none', 'used', 0, 'sent', '', 0, NULL, 0, '{\"count\":1,\"date\":1752257332}'),
(93, '385585299', 'Dr.Forouhar|vet', 'dr_kianoush_forouhar_majd', '0', 0, '1751725334', NULL, NULL, 'none', 'used', 0, 'sent', '', 0, NULL, 0, '{\"count\":2,\"date\":1752411579}'),
(94, '5932473802', 'William', 'Darealwilliamfoxington', '0', 0, '1751726151', NULL, NULL, 'none', 'used', 0, 'sent', '', 0, NULL, 0, '{\"count\":2,\"date\":1751726215}'),
(95, '721055891', 'Akbar Aslannejad', 'a_a1988', '0', 0, '1751726181', NULL, NULL, 'none', NULL, 0, 'sent', '', 0, NULL, 0, '{\"count\":7,\"date\":1751726245}'),
(96, '83410910', 'Soroosh', 'sorooshbahmanyar', '0', 0, '1751729590', NULL, NULL, 'enterAccountName7_1_none', NULL, 0, 'sent', '', 0, NULL, 0, '{\"count\":1,\"date\":1751729900}'),
(97, '7747578229', 'Ali/Tako', 'Takoisnothere', '0', 0, '1751733827', NULL, NULL, 'none', 'used', 0, 'sent', '', 0, NULL, 0, '{\"count\":2,\"date\":1751738604}'),
(98, '268999454', 'Mohammad', 'mohammadnasr11', '0', 0, '1751734098', NULL, NULL, 'none', NULL, 0, 'sent', '', 0, NULL, 0, NULL),
(99, '102030024', 'Vahid', 'iamvahidx', '0', 0, '1751735634', NULL, NULL, 'enterAccountName13_1_none', NULL, 0, 'sent', '', 0, NULL, 0, '{\"count\":1,\"date\":1751736025}'),
(100, '6460788268', 'پشتیبانی تلگرام', 'majidbtir', '0', 0, '1751735891', NULL, NULL, 'none', 'used', 0, 'sent', '', 0, NULL, 0, '{\"count\":3,\"date\":1752836717}'),
(101, '332027521', 'Arfan.1389', 'Arfan1389', '0', 0, '1751737359', NULL, NULL, 'none', NULL, 0, 'sent', '', 0, NULL, 0, '{\"count\":2,\"date\":1751737432}'),
(102, '117918688', '▪️◉✿Habibzahi✿◉', 'Repairandroid', '0', 0, '1751737465', NULL, NULL, 'none', 'used', 0, 'sent', '', 0, '{\"normal\":\"35\"}', 1751737935, '{\"count\":2,\"date\":1751737771}'),
(103, '489460545', 'Mohammad', 'firegod', '0', 0, '1751737638', NULL, NULL, 'none', NULL, 0, 'sent', '', 0, NULL, 0, '{\"count\":2,\"date\":1751737701}'),
(104, '317723271', 'Afshin', 'afshinnoorani', '0', 0, '1751737882', NULL, NULL, 'none', 'used', 0, 'sent', '', 0, NULL, 0, '{\"count\":2,\"date\":1751737956}'),
(105, '604295127', '༺𝑚ℎ𝑚𝑑༻', 'mhmdrza_rahimi', '0', 0, '1751738219', NULL, NULL, 'none', NULL, 0, 'sent', '', 2, NULL, 0, '{\"count\":1,\"date\":1751785125}'),
(106, '76540674', 'Elyas', 'ELYASSALEHPOOR', '0', 0, '1751739345', NULL, NULL, 'none', NULL, 0, 'sent', '', 0, NULL, 0, '{\"count\":8,\"date\":1751739424}'),
(107, '471679442', 'M', 'Moh_6565', '0', 0, '1751739550', NULL, NULL, 'none', 'used', 0, 'sent', '', 0, NULL, 0, '{\"count\":2,\"date\":1752402342}'),
(108, '8006970504', '.', ' ندارد ', '0', 0, '1751739837', NULL, NULL, 'none', NULL, 0, 'sent', '', 0, NULL, 0, '{\"count\":1,\"date\":1752143881}'),
(109, '70003624', 'Mılαd', 'miladsarli1', '0', 0, '1751739877', NULL, NULL, 'none', NULL, 0, 'sent', '', 0, NULL, 0, '{\"count\":3,\"date\":1751748928}'),
(110, '6038468231', 'Amir Mahdi', ' ندارد ', '0', 0, '1751740108', NULL, NULL, 'enterAccountName2_1_none', NULL, 0, 'sent', '', 0, NULL, 0, '{\"count\":5,\"date\":1751803811}'),
(111, '414525301', 'Abdolkarime', 'Abdolkarime20sharifi', '0', 0, '1751740996', NULL, NULL, 'none', 'used', 0, 'sent', '', 0, '{\"normal\":\"35\"}', 1751741132, '{\"count\":7,\"date\":1751741320}'),
(112, '7516830949', 'Pedram', 'pdm_pteg', '0', 0, '1751741353', NULL, NULL, 'none', NULL, 0, 'sent', '', 0, NULL, 0, '{\"count\":9,\"date\":1751741483}'),
(113, '99978953', 'Omid', 'Omidkamalii', '0', 0, '1751745675', NULL, NULL, 'none', 'used', 0, 'sent', '', 0, NULL, 0, '{\"count\":2,\"date\":1751745811}'),
(114, '37053218', 'Omid', 'OmidAkilA', '0', 0, '1751747078', NULL, NULL, 'none', NULL, 0, 'sent', '', 2, NULL, 0, '{\"count\":1,\"date\":1751747146}'),
(115, '6444926945', 'MOHAMMEDNUR', 'HayyuuMaammee', '0', 0, '1751747829', NULL, NULL, 'none', NULL, 0, 'sent', '', 0, NULL, 0, '{\"count\":1,\"date\":1754087537}'),
(116, '646782253', 'Ayyub', 'Ayyubhemmati', '0', 0, '1751752028', NULL, NULL, 'none', 'used', 0, 'sent', '', 0, NULL, 0, '{\"count\":1,\"date\":1752429341}'),
(117, '8063955257', 'علی رضا', 'arzh83', '0', 0, '1751752433', NULL, NULL, 'none', 'used', 0, 'sent', '', 0, NULL, 0, '{\"count\":1,\"date\":1751752825}'),
(118, '257539540', 'MobileRoya', 'mobileroya_q', '0', 0, '1751752518', NULL, NULL, 'none', NULL, 0, 'sent', '', 0, NULL, 0, '{\"count\":5,\"date\":1751752589}'),
(119, '1325069755', '𝕄𝕣_𝔸𝕞𝕚𝕣', 'MrAmiradmin', '0', 0, '1751752538', NULL, NULL, 'none', 'used', 0, 'sent', '', 0, NULL, 0, '{\"count\":2,\"date\":1751752616}'),
(120, '93884407', 'ali', 'alex12_75', '0', 0, '1751753091', NULL, NULL, 'none', NULL, 0, 'sent', '', 0, NULL, 0, NULL),
(121, '6960884529', 'IT - Dev', 'diekoam', '0', 0, '1751753728', NULL, NULL, 'none', 'used', 0, 'sent', '', 0, NULL, 0, '{\"count\":2,\"date\":1751753824}'),
(122, '7666177376', 'Iran28', ' ندارد ', '0', 0, '1751753786', NULL, NULL, 'none', 'used', 0, 'sent', '', 0, NULL, 0, '{\"count\":2,\"date\":1751753848}'),
(123, '106549732', 'Farhad', 'Cloobgsm', '0', 0, '1751753823', NULL, NULL, 'none', 'used', 0, 'sent', '', 0, NULL, 0, '{\"count\":2,\"date\":1751753898}'),
(124, '95842234', 'AJ - Port', 'Aj_mercury', '0', 0, '1751754019', NULL, NULL, 'none', 'used', 0, 'sent', '', 0, NULL, 0, '{\"count\":2,\"date\":1751754084}'),
(125, '1787199256', 'identifier', 'identifier1305', '0', 0, '1751754163', NULL, NULL, 'none', 'used', 0, 'sent', '', 0, NULL, 0, '{\"count\":3,\"date\":1751754225}'),
(126, '1370986391', 'Dani', 'Dniel_akk', '0', 0, '1751755089', NULL, NULL, 'none', NULL, 0, 'sent', '', 0, NULL, 0, NULL),
(127, '6474957344', 'Vahid', ' ندارد ', '0', 0, '1751756913', NULL, NULL, 'none', 'used', 0, 'sent', '', 2, NULL, 0, '{\"count\":3,\"date\":1751756979}'),
(130, '858526372', '♥️҉͢๏ᷝ͜๏ᷟ↱⃙ ⃙͟ ⃙ᷟ ⃙͟ ⃙͟ ⃙ⷪ ⃙͟ ⃙ⷩ͟ ⃙ ⃙͟ ⃙ⷶ ⃙͟ ⃙ ⃙ᷟ͟ ⃙͟ ⃙ᷟ͟ ⃙ ⃙͟ ⃙', 'Mohammadmahdi_nasr', '0', 0, '1751780221', NULL, NULL, 'none', NULL, 0, 'sent', '', 0, NULL, 0, '{\"count\":1,\"date\":1752406803}'),
(128, '8026690419', '❄️Fatemeh❄️', ' ندارد ', '0', 0, '1751759389', NULL, NULL, 'none', 'used', 0, 'sent', '', 0, NULL, 0, '{\"count\":1,\"date\":1752105818}'),
(129, '1088039824', 'Mohammad', 'MrMDeldar', '0', 0, '1751763129', NULL, NULL, 'none', NULL, 0, 'sent', '', 0, NULL, 0, '{\"count\":3,\"date\":1751763204}'),
(131, '5380153440', '‌Yasser', 'Yasserhdr', '0', 0, '1751789456', NULL, NULL, 'none', 'used', 0, 'sent', '', 0, NULL, 0, '{\"count\":2,\"date\":1751792336}'),
(132, '1329345005', 'کیانمهر', 'Ka00p000000', '0', 0, '1751789874', NULL, NULL, 'none', NULL, 0, 'sent', '', 0, NULL, 0, '{\"count\":2,\"date\":1751789953}'),
(133, '467772094', 'HamidReza', 'Mr_nouri96', '0', 0, '1751791598', NULL, NULL, 'none', NULL, 0, 'sent', '', 0, NULL, 0, '{\"count\":1,\"date\":1751791676}'),
(134, '6248740346', 'MORTEZA', 'mortezahdi', '0', 0, '1751801389', NULL, NULL, 'none', 'used', 0, 'sent', '', 0, NULL, 0, '{\"count\":1,\"date\":1751801686}'),
(135, '5491022984', 'Iliya', 'Naderngujdi', '0', 0, '1751804870', NULL, NULL, 'none', 'used', 0, 'sent', '', 0, NULL, 0, '{\"count\":3,\"date\":1751804935}'),
(136, '192326302', 'Nima', 'Nima_Hjy', '0', 0, '1751805528', NULL, NULL, 'none', NULL, 0, 'sent', '', 0, NULL, 0, NULL),
(137, '452125467', '☞რԾみՁრრՁძ ☜', 'mohammad_afsharrr', '0', 0, '1751809707', NULL, NULL, 'none', NULL, 0, 'sent', '', 0, NULL, 0, '{\"count\":4,\"date\":1751809778}'),
(138, '6626113477', '彡м𝓞ⒽΔммΔｄ', 'mohammad_735', '0', 0, '1751810085', NULL, NULL, 'none', NULL, 0, 'sent', '', 0, NULL, 0, '{\"count\":5,\"date\":1751810149}'),
(139, '7160945180', 'Amir', ' ندارد ', '0', 0, '1752094042', NULL, NULL, 'none', NULL, 0, 'sent', '', 0, NULL, 0, '{\"count\":3,\"date\":1752094119}'),
(140, '1893354822', '𐱅𐰇𐰼𐰜‌‌‌‌‌', 'Echo_hacktivist', '0', 0, '1752311379', NULL, NULL, 'showAccount', 'used', 0, 'sent', '', 0, '{\"normal\":\"10\"}', 1752311522, '{\"count\":1,\"date\":1758827210}'),
(141, '994139820', 'Mostafa', 'Pa6581', '0', 0, '1753102078', NULL, NULL, 'none', NULL, 0, 'sent', '', 0, NULL, 0, '{\"count\":4,\"date\":1753102149}'),
(142, '5962786428', '﮼محمد', 'hji_mohmd', '0', 0, '1753637644', NULL, NULL, 'increaseWalletWithCartToCartfqOEs7Lhh', NULL, 0, 'sent', '', 0, NULL, 0, '{\"count\":3,\"date\":1753637713}'),
(143, '810724187', 'ᶳᵒᵇʰᴬᶰ🦅', 'Sobhan_s10', '0', 0, '1759295605', NULL, NULL, 'none', 'used', 0, 'sent', '', 0, NULL, 0, '{\"count\":1,\"date\":1759296307}'),
(144, '1281836338', 'Matin', 'Matinzilan', '0', 0, '1760897947', NULL, NULL, 'none', NULL, 0, 'sent', '', 0, NULL, 0, '{\"count\":7,\"date\":1760898016}'),
(145, '8497859732', 'Erfan', 'gh_erfaan', '0', 0, '1762782003', NULL, NULL, 'none', 'used', 0, 'sent', '', 1, '{\"normal\":\"100\"}', 1762878321, '{\"count\":1,\"date\":1764779896}');

--
-- Indexes for table `black_list`
--
ALTER TABLE `black_list`
  ADD PRIMARY KEY (`id`);

--
-- Indexes for table `chats`
--
ALTER TABLE `chats`
  ADD PRIMARY KEY (`id`);

--
-- Indexes for table `chats_info`
--
ALTER TABLE `chats_info`
  ADD PRIMARY KEY (`id`);

--
-- Indexes for table `discounts`
--
ALTER TABLE `discounts`
  ADD PRIMARY KEY (`id`);

--
-- Indexes for table `gift_list`
--
ALTER TABLE `gift_list`
  ADD PRIMARY KEY (`id`);

--
-- Indexes for table `increase_day`
--
ALTER TABLE `increase_day`
  ADD PRIMARY KEY (`id`);

--
-- Indexes for table `increase_order`
--
ALTER TABLE `increase_order`
  ADD PRIMARY KEY (`id`);

--
-- Indexes for table `increase_plan`
--
ALTER TABLE `increase_plan`
  ADD PRIMARY KEY (`id`);

--
-- Indexes for table `needed_sofwares`
--
ALTER TABLE `needed_sofwares`
  ADD PRIMARY KEY (`id`);

--
-- Indexes for table `pays`
--
ALTER TABLE `pays`
  ADD PRIMARY KEY (`id`);

--
-- Indexes for table `send_list`
--
ALTER TABLE `send_list`
  ADD PRIMARY KEY (`id`);

--
-- Indexes for table `server_categories`
--
ALTER TABLE `server_categories`
  ADD PRIMARY KEY (`id`);

--
-- Indexes for table `server_info`
--
ALTER TABLE `server_info`
  ADD PRIMARY KEY (`id`);

--
-- Indexes for table `server_plans`
--
ALTER TABLE `server_plans`
  ADD PRIMARY KEY (`id`);

--
-- Indexes for table `setting`
--
ALTER TABLE `setting`
  ADD PRIMARY KEY (`id`);

--
-- Indexes for table `users`
--
ALTER TABLE `users`
  ADD PRIMARY KEY (`id`);

--
-- AUTO_INCREMENT for table `black_list`
--
ALTER TABLE `black_list`
  MODIFY `id` int NOT NULL AUTO_INCREMENT;

--
-- AUTO_INCREMENT for table `chats`
--
ALTER TABLE `chats`
  MODIFY `id` int NOT NULL AUTO_INCREMENT, AUTO_INCREMENT=2;

--
-- AUTO_INCREMENT for table `chats_info`
--
ALTER TABLE `chats_info`
  MODIFY `id` int NOT NULL AUTO_INCREMENT, AUTO_INCREMENT=5;

--
-- AUTO_INCREMENT for table `discounts`
--
ALTER TABLE `discounts`
  MODIFY `id` int NOT NULL AUTO_INCREMENT;

--
-- AUTO_INCREMENT for table `gift_list`
--
ALTER TABLE `gift_list`
  MODIFY `id` int NOT NULL AUTO_INCREMENT;

--
-- AUTO_INCREMENT for table `increase_day`
--
ALTER TABLE `increase_day`
  MODIFY `id` int NOT NULL AUTO_INCREMENT;

--
-- AUTO_INCREMENT for table `increase_order`
--
ALTER TABLE `increase_order`
  MODIFY `id` int NOT NULL AUTO_INCREMENT, AUTO_INCREMENT=16;

--
-- AUTO_INCREMENT for table `increase_plan`
--
ALTER TABLE `increase_plan`
  MODIFY `id` int NOT NULL AUTO_INCREMENT;

--
-- AUTO_INCREMENT for table `needed_sofwares`
--
ALTER TABLE `needed_sofwares`
  MODIFY `id` int NOT NULL AUTO_INCREMENT, AUTO_INCREMENT=9;

--
-- AUTO_INCREMENT for table `pays`
--
ALTER TABLE `pays`
  MODIFY `id` int NOT NULL AUTO_INCREMENT, AUTO_INCREMENT=804;

--
-- AUTO_INCREMENT for table `send_list`
--
ALTER TABLE `send_list`
  MODIFY `id` int NOT NULL AUTO_INCREMENT, AUTO_INCREMENT=12;

--
-- AUTO_INCREMENT for table `server_categories`
--
ALTER TABLE `server_categories`
  MODIFY `id` int NOT NULL AUTO_INCREMENT, AUTO_INCREMENT=4;

--
-- AUTO_INCREMENT for table `server_info`
--
ALTER TABLE `server_info`
  MODIFY `id` int NOT NULL AUTO_INCREMENT, AUTO_INCREMENT=5;

--
-- AUTO_INCREMENT for table `server_plans`
--
ALTER TABLE `server_plans`
  MODIFY `id` int NOT NULL AUTO_INCREMENT, AUTO_INCREMENT=30;

--
-- AUTO_INCREMENT for table `setting`
--
ALTER TABLE `setting`
  MODIFY `id` int NOT NULL AUTO_INCREMENT, AUTO_INCREMENT=8;

--
-- AUTO_INCREMENT for table `users`
--
ALTER TABLE `users`
  MODIFY `id` int NOT NULL AUTO_INCREMENT, AUTO_INCREMENT=147;
COMMIT;

